-- Table structure for table `crop`
--

CREATE TABLE `crop` (
  `cid` int(10) UNSIGNED NOT NULL,
  `vid` int(10) UNSIGNED DEFAULT NULL,
  `type` varchar(32) CHARACTER SET ascii NOT NULL COMMENT 'The ID of the target entity.',
  `uuid` varchar(128) CHARACTER SET ascii NOT NULL,
  `langcode` varchar(12) CHARACTER SET ascii NOT NULL
) ENGINE=InnoDB DEFAULT CHARSET=utf8 COLLATE=utf8_unicode_ci COMMENT='The base table for crop entities.';

--
-- Dumping data for table `crop`
--

INSERT INTO `crop` (`cid`, `vid`, `type`, `uuid`, `langcode`) VALUES
(1, 1, '3x4', '82673acf-ff1c-4b12-9dea-f3e2c245e9b9', 'en'),
(2, 2, '4x3', '4412bda4-e5e3-4786-85a8-1198e66aacab', 'en'),
(3, 3, '3x4', 'c425a802-a369-4ffc-ade2-1f308486511f', 'en'),
(4, 4, '9x10', 'bca3e54e-ca78-4a43-837f-80e1bdd93d4a', 'en'),
(5, 5, 'custom', '600fa479-6970-49e5-912c-309785a3394d', 'en'),
(6, 6, 'custom', 'edef1ac3-dcb0-4182-b1bc-67fc3cb247c4', 'en');

-- --------------------------------------------------------

--
-- Table structure for table `crop_field_data`
--

CREATE TABLE `crop_field_data` (
  `cid` int(10) UNSIGNED NOT NULL,
  `vid` int(10) UNSIGNED NOT NULL,
  `type` varchar(32) CHARACTER SET ascii NOT NULL COMMENT 'The ID of the target entity.',
  `langcode` varchar(12) CHARACTER SET ascii NOT NULL,
  `entity_id` int(10) UNSIGNED DEFAULT NULL,
  `entity_type` varchar(255) COLLATE utf8_unicode_ci DEFAULT NULL,
  `uri` varchar(255) COLLATE utf8_unicode_ci DEFAULT NULL,
  `height` int(10) UNSIGNED DEFAULT NULL,
  `width` int(10) UNSIGNED DEFAULT NULL,
  `x` int(10) UNSIGNED DEFAULT NULL,
  `y` int(10) UNSIGNED DEFAULT NULL,
  `default_langcode` tinyint(4) NOT NULL,
  `revision_translation_affected` tinyint(4) DEFAULT NULL
) ENGINE=InnoDB DEFAULT CHARSET=utf8 COLLATE=utf8_unicode_ci COMMENT='The data table for crop entities.';

--
-- Dumping data for table `crop_field_data`
--

INSERT INTO `crop_field_data` (`cid`, `vid`, `type`, `langcode`, `entity_id`, `entity_type`, `uri`, `height`, `width`, `x`, `y`, `default_langcode`, `revision_translation_affected`) VALUES
(1, 1, '3x4', 'en', 8, 'file', 'public://pexels-helena-lopes-2253275.jpg', 1279, 959, 880, 640, 1, 1),
(2, 2, '4x3', 'en', 10, 'file', 'public://projects/StockSnap_F2DIQQ3LUT (Custom).jpg', 1333, 1777, 1073, 667, 1, 1),
(3, 3, '3x4', 'en', 20, 'file', 'public://thanos-pal-9OZfTe-y5T4-unsplash.jpg', 2560, 1920, 960, 1561, 1, 1),
(4, 4, '9x10', 'en', 31, 'file', 'public://smart-suite-at-u-of-m-college-of-rehabilitation.jpg', 852, 767, 551, 426, 1, 1),
(5, 5, 'custom', 'en', 50, 'file', 'public://2024-07/smart-suite-at-u-of-m-college-of-rehabilitation_4.jpg', 638, 1277, 639, 452, 1, 1),
(6, 6, 'custom', 'en', 65, 'file', 'public://2024-07/smart-suite-at-u-of-m-college-of-rehabilitation_9.jpg', 684, 1277, 639, 434, 1, 1);

-- --------------------------------------------------------

--
-- Table structure for table `crop_field_revision`
--

CREATE TABLE `crop_field_revision` (
  `cid` int(10) UNSIGNED NOT NULL,
  `vid` int(10) UNSIGNED NOT NULL,
  `langcode` varchar(12) CHARACTER SET ascii NOT NULL,
  `entity_id` int(10) UNSIGNED DEFAULT NULL,
  `entity_type` varchar(255) COLLATE utf8_unicode_ci DEFAULT NULL,
  `uri` varchar(255) COLLATE utf8_unicode_ci DEFAULT NULL,
  `height` int(10) UNSIGNED DEFAULT NULL,
  `width` int(10) UNSIGNED DEFAULT NULL,
  `x` int(10) UNSIGNED DEFAULT NULL,
  `y` int(10) UNSIGNED DEFAULT NULL,
  `default_langcode` tinyint(4) NOT NULL,
  `revision_translation_affected` tinyint(4) DEFAULT NULL
) ENGINE=InnoDB DEFAULT CHARSET=utf8 COLLATE=utf8_unicode_ci COMMENT='The revision data table for crop entities.';

--
-- Dumping data for table `crop_field_revision`
--

INSERT INTO `crop_field_revision` (`cid`, `vid`, `langcode`, `entity_id`, `entity_type`, `uri`, `height`, `width`, `x`, `y`, `default_langcode`, `revision_translation_affected`) VALUES
(1, 1, 'en', 8, 'file', 'public://pexels-helena-lopes-2253275.jpg', 1279, 959, 880, 640, 1, 1),
(2, 2, 'en', 10, 'file', 'public://projects/StockSnap_F2DIQQ3LUT (Custom).jpg', 1333, 1777, 1073, 667, 1, 1),
(3, 3, 'en', 20, 'file', 'public://thanos-pal-9OZfTe-y5T4-unsplash.jpg', 2560, 1920, 960, 1561, 1, 1),
(4, 4, 'en', 31, 'file', 'public://smart-suite-at-u-of-m-college-of-rehabilitation.jpg', 852, 767, 551, 426, 1, 1),
(5, 5, 'en', 50, 'file', 'public://2024-07/smart-suite-at-u-of-m-college-of-rehabilitation_4.jpg', 638, 1277, 639, 452, 1, 1),
(6, 6, 'en', 65, 'file', 'public://2024-07/smart-suite-at-u-of-m-college-of-rehabilitation_9.jpg', 684, 1277, 639, 434, 1, 1);

-- --------------------------------------------------------

--
-- Table structure for table `crop_revision`
--

CREATE TABLE `crop_revision` (
  `cid` int(10) UNSIGNED NOT NULL,
  `vid` int(10) UNSIGNED NOT NULL,
  `langcode` varchar(12) CHARACTER SET ascii NOT NULL,
  `revision_timestamp` int(11) DEFAULT NULL,
  `revision_uid` int(10) UNSIGNED DEFAULT NULL COMMENT 'The ID of the target entity.',
  `revision_log` longtext COLLATE utf8_unicode_ci,
  `revision_default` tinyint(4) DEFAULT NULL
) ENGINE=InnoDB DEFAULT CHARSET=utf8 COLLATE=utf8_unicode_ci COMMENT='The revision table for crop entities.';

--
-- Dumping data for table `crop_revision`
--

INSERT INTO `crop_revision` (`cid`, `vid`, `langcode`, `revision_timestamp`, `revision_uid`, `revision_log`, `revision_default`) VALUES
(1, 1, 'en', 1719783905, 1, NULL, 1),
(2, 2, 'en', 1719847300, 1, NULL, 1),
(3, 3, 'en', 1719933193, 1, NULL, 1),
(4, 4, 'en', 1719957314, 1, NULL, 1),
(5, 5, 'en', 1719965861, 1, NULL, 1),
(6, 6, 'en', 1719968628, 1, NULL, 1);

-- --------------------------------------------------------

--
-- Table structure for table `file_managed`
--

CREATE TABLE `file_managed` (
  `fid` int(10) UNSIGNED NOT NULL,
  `uuid` varchar(128) CHARACTER SET ascii NOT NULL,
  `langcode` varchar(12) CHARACTER SET ascii NOT NULL,
  `uid` int(10) UNSIGNED DEFAULT NULL COMMENT 'The ID of the target entity.',
  `filename` varchar(255) COLLATE utf8_unicode_ci DEFAULT NULL,
  `uri` varchar(255) CHARACTER SET utf8 COLLATE utf8_bin NOT NULL,
  `filemime` varchar(255) CHARACTER SET ascii DEFAULT NULL,
  `filesize` bigint(20) UNSIGNED DEFAULT NULL,
  `status` tinyint(4) NOT NULL,
  `created` int(11) DEFAULT NULL,
  `changed` int(11) NOT NULL
) ENGINE=InnoDB DEFAULT CHARSET=utf8 COLLATE=utf8_unicode_ci COMMENT='The base table for file entities.';

--
-- Dumping data for table `file_managed`
--

INSERT INTO `file_managed` (`fid`, `uuid`, `langcode`, `uid`, `filename`, `uri`, `filemime`, `filesize`, `status`, `created`, `changed`) VALUES
(1, 'b1434b79-addb-4eee-b875-9c37f647ed41', 'en', 1, 'solar--document-linear.svg', 'public://default_images/solar--document-linear.svg', 'image/svg+xml', 407, 1, 1719768761, 1719768768),
(2, '8ac31625-cbe5-4752-bc2d-3fa88eaf3889', 'en', 1, 'solar--document-linear.svg', 'public://icons/solar--document-linear.svg', 'image/svg+xml', 407, 1, 1719769312, 1719769377),
(3, '03174ce8-0f13-4ae2-bd8e-839cb7efe1e6', 'en', 1, 'ph--chat-dots-bold.svg', 'public://icons/ph--chat-dots-bold.svg', 'image/svg+xml', 414, 1, 1719769329, 1719769377),
(4, '5cc6ed73-6cae-41cf-b52b-1f60551ac473', 'en', 1, 'StockSnap_F2DIQQ3LUT (Custom).jpg', 'public://StockSnap_F2DIQQ3LUT (Custom).jpg', 'image/jpeg', 408606, 1, 1719769362, 1719769377),
(8, 'ad00dd39-5f14-4152-b407-e932a1e56281', 'en', 1, 'pexels-helena-lopes-2253275.jpg', 'public://pexels-helena-lopes-2253275.jpg', 'image/jpeg', 223013, 1, 1719783856, 1719783905),
(9, '5562ac52-9090-46d3-9d49-fa59fc778419', 'en', 1, 'ph--chat-dots-bold_1.svg', 'public://icons/ph--chat-dots-bold_1.svg', 'image/svg+xml', 414, 1, 1719783871, 1719783905),
(10, 'e6ac24a4-7e04-4bfb-8637-42d88b15176b', 'en', 1, 'StockSnap_F2DIQQ3LUT (Custom).jpg', 'public://projects/StockSnap_F2DIQQ3LUT (Custom).jpg', 'image/jpeg', 408606, 1, 1719847158, 1719847167),
(11, '2c921e7e-a51c-4c61-b9c2-d4c0f27ec2ca', 'en', 1, 'octicon--project-roadmap-16.svg', 'public://icons/octicon--project-roadmap-16.svg', 'image/svg+xml', 530, 1, 1719847686, 1719847701),
(12, '6970cb34-d6df-4857-a0ec-a8aaf63bddbb', 'en', 1, 'pexels-photomix-company-101808.jpg', 'public://pexels-photomix-company-101808.jpg', 'image/jpeg', 211209, 1, 1719853310, 1719853329),
(13, '447c5585-efc7-41c7-8901-8a5b3e4d5820', 'en', 1, 'mb-logo.png', 'public://mb-logo.png', 'image/png', 8767, 1, 1719855264, 1719855288),
(15, '5236f79c-d56b-4c7f-b900-ad95234cae00', 'en', 1, 'tabler--mail-up.svg', 'public://icons/tabler--mail-up.svg', 'image/svg+xml', 289, 1, 1719857943, 1719857976),
(16, '8de55824-4472-496b-841f-45618e59e225', 'en', 1, 'ph--chat-dots-bold_0.svg', 'public://icons/ph--chat-dots-bold_0.svg', 'image/svg+xml', 414, 1, 1719857971, 1719857976),
(17, '3fe4ca08-296a-47ec-9e8e-b5cb03f31bad', 'en', 1, 'StockSnap_F2DIQQ3LUT (Custom)_0.jpg', 'public://StockSnap_F2DIQQ3LUT (Custom)_0.jpg', 'image/jpeg', 408606, 1, 1719932876, 1719932899),
(18, 'de037b15-7001-4abf-b032-2a66ada3f654', 'en', 1, 'UM-Today_Smart_Suite_Opening_2022_20a.jpg', 'public://2024-07/UM-Today_Smart_Suite_Opening_2022_20a.jpg', 'image/jpeg', 570599, 1, 1719933015, 1719933193),
(19, 'debf596f-aee6-493e-a655-80e0bfe03bea', 'en', 1, 'UM-Today_Smart_Suite_Opening_2022_20a.jpg', 'public://UM-Today_Smart_Suite_Opening_2022_20a.jpg', 'image/jpeg', 570599, 1, 1719933052, 1719933193),
(20, 'c26e27e8-3e4d-4ba6-aeae-be2d9c20b82c', 'en', 1, 'thanos-pal-9OZfTe-y5T4-unsplash.jpg', 'public://thanos-pal-9OZfTe-y5T4-unsplash.jpg', 'image/jpeg', 1081721, 1, 1719933115, 1719933193),
(21, 'b0a862fc-7b1e-41c8-b140-850a248661d1', 'en', 1, 'pexels-pixabay-460621.jpg', 'public://pexels-pixabay-460621.jpg', 'image/jpeg', 843603, 1, 1719933170, 1719933193),
(22, 'edf51f5f-fe05-4a31-b7dd-8c82b3336a38', 'en', 1, 'pexels-cottonbro-6262546.jpg', 'public://pexels-cottonbro-6262546.jpg', 'image/jpeg', 403982, 1, 1719933187, 1719933193),
(23, 'fd90c5c5-7bb6-4fe8-b0c0-6f1f552155e3', 'en', 1, 'smart-suite-at-u-of-m-college-of-rehabilitation.jpg', 'public://2024-07/smart-suite-at-u-of-m-college-of-rehabilitation.jpg', 'image/jpeg', 99171, 1, 1719934377, 1719934383),
(24, 'b44ce996-ee5f-4a21-bbd9-bf6f45eeda52', 'en', 1, 'smart-suite-university-of-manitoba.jpg', 'public://2024-07/smart-suite-university-of-manitoba.jpg', 'image/jpeg', 54980, 1, 1719934377, 1719934383),
(25, '3a35eaed-88d3-4dff-a7c5-89a29041fe5e', 'en', 1, 'StockSnap_F2DIQQ3LUT (Custom)_1.jpg', 'public://StockSnap_F2DIQQ3LUT (Custom)_1.jpg', 'image/jpeg', 408606, 1, 1719936593, 1719936659),
(26, '23e5f722-e964-4060-8ac0-b0efae342c41', 'en', 1, 'StockSnap_F2DIQQ3LUT (Custom)_2.jpg', 'public://StockSnap_F2DIQQ3LUT (Custom)_2.jpg', 'image/jpeg', 408606, 1, 1719947477, 1719947517),
(27, '7fefb6fd-36ed-4b6a-b032-d6016e6203fb', 'en', 1, 'StockSnap_JVU7DG266D.jpg', 'public://2024-07/StockSnap_JVU7DG266D.jpg', 'image/jpeg', 272492, 1, 1719950631, 1719950636),
(29, '873e63b8-ad60-497e-bef5-ce9375fe9c47', 'en', 1, 'ph--chat-dots-bold_2.svg', 'public://icons/ph--chat-dots-bold_2.svg', 'image/svg+xml', 414, 1, 1719957229, 1719957314),
(30, '480c10b7-4403-42db-a99a-c8542deb4127', 'en', 1, 'smart-suite-university-of-manitoba.jpg', 'public://smart-suite-university-of-manitoba.jpg', 'image/jpeg', 54980, 1, 1719957245, 1719957314),
(31, 'fc1f7076-5403-4ced-9c29-59ed541e7dee', 'en', 1, 'smart-suite-at-u-of-m-college-of-rehabilitation.jpg', 'public://smart-suite-at-u-of-m-college-of-rehabilitation.jpg', 'image/jpeg', 99171, 1, 1719957287, 1719957314),
(32, '1fa70277-5a5b-4509-a9a0-c634e0aba34f', 'en', 1, 'UM-Today_Smart_Suite_Opening_2022_20a.jpg', 'public://resources/UM-Today_Smart_Suite_Opening_2022_20a.jpg', 'image/jpeg', 570599, 1, 1719959813, 1719959816),
(49, 'aea37d21-b043-4290-a9fd-96e202d40bd4', 'en', 1, 'smart-suite-at-u-of-m-college-of-rehabilitation_1.jpg', 'public://smart-suite-at-u-of-m-college-of-rehabilitation_1.jpg', 'image/jpeg', 99171, 1, 1719965686, 1719965690),
(50, '6d638bd5-e129-4893-9908-abef047d0735', 'en', 1, 'smart-suite-at-u-of-m-college-of-rehabilitation_4.jpg', 'public://2024-07/smart-suite-at-u-of-m-college-of-rehabilitation_4.jpg', 'image/jpeg', 99171, 1, 1719965831, 1719965861),
(51, '95b64e07-c662-4b8c-941b-454ac9c72ae9', 'en', 1, 'smart-suite-at-u-of-m-college-of-rehabilitation_5.jpg', 'public://2024-07/smart-suite-at-u-of-m-college-of-rehabilitation_5.jpg', 'image/jpeg', 99171, 1, 1719965849, 1719965861),
(52, '8950b8e1-9849-4bcf-95ef-85eb21a56887', 'en', 1, 'smart-suite-university-of-manitoba_4.jpg', 'public://2024-07/smart-suite-university-of-manitoba_4.jpg', 'image/jpeg', 54980, 1, 1719965849, 1719965861),
(53, '4a040c6d-5227-4fdf-a213-4ab6e41d6272', 'en', 1, 'UM-Today_Smart_Suite_Opening_2022_20a_5.jpg', 'public://2024-07/UM-Today_Smart_Suite_Opening_2022_20a_5.jpg', 'image/jpeg', 570599, 1, 1719965849, 1719965861),
(54, 'de53e3fc-46ca-41de-a541-c175ac011b73', 'en', 1, 'smart-suite-at-u-of-m-college-of-rehabilitation_6.jpg', 'public://2024-07/smart-suite-at-u-of-m-college-of-rehabilitation_6.jpg', 'image/jpeg', 99171, 1, 1719965930, 1719965955),
(55, '34377c0b-968f-4c5f-ba07-8e212dddd8c2', 'en', 1, 'smart-suite-university-of-manitoba_5.jpg', 'public://2024-07/smart-suite-university-of-manitoba_5.jpg', 'image/jpeg', 54980, 1, 1719965930, 1719965955),
(56, 'f48f0291-1663-4c19-b7f9-6b69c705d6ec', 'en', 1, 'UM-Today_Smart_Suite_Opening_2022_20a_6.jpg', 'public://2024-07/UM-Today_Smart_Suite_Opening_2022_20a_6.jpg', 'image/jpeg', 570599, 1, 1719965930, 1719965955),
(57, '8461e59f-a21a-4f89-aaf6-15a8265e2a1c', 'en', 1, 'smart-suite-at-u-of-m-college-of-rehabilitation_7.jpg', 'public://2024-07/smart-suite-at-u-of-m-college-of-rehabilitation_7.jpg', 'image/jpeg', 99171, 1, 1719965936, 1719965955),
(58, '55c4bec4-16b3-4904-9cec-18db34c60d8a', 'en', 1, 'smart-suite-university-of-manitoba_6.jpg', 'public://2024-07/smart-suite-university-of-manitoba_6.jpg', 'image/jpeg', 54980, 1, 1719965936, 1719965955),
(59, 'df34a69b-6407-466b-b20f-de149eeed7b8', 'en', 1, 'UM-Today_Smart_Suite_Opening_2022_20a_7.jpg', 'public://2024-07/UM-Today_Smart_Suite_Opening_2022_20a_7.jpg', 'image/jpeg', 570599, 1, 1719965936, 1719965955),
(60, 'e4e2d624-035c-468f-8658-426e5bdac144', 'en', 1, 'smart-suite-at-u-of-m-college-of-rehabilitation_8.jpg', 'public://2024-07/smart-suite-at-u-of-m-college-of-rehabilitation_8.jpg', 'image/jpeg', 99171, 1, 1719965940, 1719965955),
(61, 'd244cd6c-9e33-46d9-9d57-8fe80679874e', 'en', 1, 'smart-suite-university-of-manitoba_7.jpg', 'public://2024-07/smart-suite-university-of-manitoba_7.jpg', 'image/jpeg', 54980, 1, 1719965940, 1719965955),
(62, 'f82682a2-3506-4926-b150-8ce5e5564fce', 'en', 1, 'UM-Today_Smart_Suite_Opening_2022_20a_8.jpg', 'public://2024-07/UM-Today_Smart_Suite_Opening_2022_20a_8.jpg', 'image/jpeg', 570599, 1, 1719965940, 1719965955),
(63, '795b1b8f-3d5a-420a-9f27-b25b863860fb', 'en', 1, 'blank-pdf_0.pdf', 'public://2024-07/blank-pdf_0.pdf', 'application/pdf', 0, 1, 1719966124, 1719966178),
(64, '09339912-49b5-4c81-81e6-05198b07a67a', 'en', 1, 'smart-suite-at-u-of-m-college-of-rehabilitation_2.jpg', 'public://smart-suite-at-u-of-m-college-of-rehabilitation_2.jpg', 'image/jpeg', 99171, 1, 1719968422, 1719968433),
(65, '9c0dc738-d694-4207-96ac-c314c3e716c2', 'en', 1, 'smart-suite-at-u-of-m-college-of-rehabilitation_9.jpg', 'public://2024-07/smart-suite-at-u-of-m-college-of-rehabilitation_9.jpg', 'image/jpeg', 99171, 1, 1719968460, 1719968628),
(66, '2cf7a667-46c6-40c0-a7b8-f4c33839d7bf', 'en', 1, 'smart-suite-at-u-of-m-college-of-rehabilitation_10.jpg', 'public://2024-07/smart-suite-at-u-of-m-college-of-rehabilitation_10.jpg', 'image/jpeg', 99171, 1, 1719968486, 1719968628),
(67, '454eb951-5940-4f47-8299-4878a60a9161', 'en', 1, 'smart-suite-university-of-manitoba_8.jpg', 'public://2024-07/smart-suite-university-of-manitoba_8.jpg', 'image/jpeg', 54980, 1, 1719968486, 1719968628),
(68, 'bf0f8823-8c89-4b1c-b780-e6c1cb831013', 'en', 1, 'smart-suite-at-u-of-m-college-of-rehabilitation_11.jpg', 'public://2024-07/smart-suite-at-u-of-m-college-of-rehabilitation_11.jpg', 'image/jpeg', 99171, 1, 1719968507, 1719968628),
(69, 'ecc8f182-552b-45d0-8600-859b9576b87c', 'en', 1, 'smart-suite-university-of-manitoba_9.jpg', 'public://2024-07/smart-suite-university-of-manitoba_9.jpg', 'image/jpeg', 54980, 1, 1719968507, 1719968628),
(70, '269892cc-62b5-4299-a459-d30d3575b82d', 'en', 1, 'UM-Today_Smart_Suite_Opening_2022_20a_9.jpg', 'public://2024-07/UM-Today_Smart_Suite_Opening_2022_20a_9.jpg', 'image/jpeg', 570599, 1, 1719968507, 1719968628),
(71, '2fec4ea2-32ff-47a9-b6f3-d8a9ca0fb15c', 'en', 1, 'smart-suite-at-u-of-m-college-of-rehabilitation_12.jpg', 'public://2024-07/smart-suite-at-u-of-m-college-of-rehabilitation_12.jpg', 'image/jpeg', 99171, 1, 1719968512, 1719968628),
(72, '1a8f7522-93e0-4cc8-aed1-727d78734e0d', 'en', 1, 'smart-suite-university-of-manitoba_10.jpg', 'public://2024-07/smart-suite-university-of-manitoba_10.jpg', 'image/jpeg', 54980, 1, 1719968512, 1719968628),
(73, 'c6956d57-331f-4a03-b22b-36a2f2679788', 'en', 1, 'UM-Today_Smart_Suite_Opening_2022_20a_10.jpg', 'public://2024-07/UM-Today_Smart_Suite_Opening_2022_20a_10.jpg', 'image/jpeg', 570599, 1, 1719968512, 1719968628),
(74, '3d461a54-3430-4940-8568-9f8079d27f47', 'en', 1, 'blank-pdf_1.pdf', 'public://2024-07/blank-pdf_1.pdf', 'application/pdf', 0, 1, 1719968755, 1719968777),
(75, '005d0e81-4ea9-4751-8f58-6e453f6c550a', 'en', 1, 'StockSnap_F2DIQQ3LUT (Custom)_3.jpg', 'public://StockSnap_F2DIQQ3LUT (Custom)_3.jpg', 'image/jpeg', 408606, 1, 1720133911, 1720133953);

-- --------------------------------------------------------

--
-- Table structure for table `file_usage`
--

CREATE TABLE `file_usage` (
  `fid` int(10) UNSIGNED NOT NULL COMMENT 'File ID.',
  `module` varchar(50) CHARACTER SET ascii NOT NULL DEFAULT '' COMMENT 'The name of the module that is using the file.',
  `type` varchar(64) CHARACTER SET ascii NOT NULL DEFAULT '' COMMENT 'The name of the object type in which the file is used.',
  `id` varchar(64) CHARACTER SET ascii NOT NULL DEFAULT '0' COMMENT 'The primary key of the object using the file.',
  `count` int(10) UNSIGNED NOT NULL DEFAULT '0' COMMENT 'The number of times this file is used by this object.'
) ENGINE=InnoDB DEFAULT CHARSET=utf8 COLLATE=utf8_unicode_ci COMMENT='Track where a file is used.';

--
-- Dumping data for table `file_usage`
--

INSERT INTO `file_usage` (`fid`, `module`, `type`, `id`, `count`) VALUES
(1, 'image', 'default_image', '1fb84702-05d0-4ac0-832b-32cb60bda46f', 1),
(2, 'file', 'paragraph', '1', 4),
(3, 'file', 'paragraph', '2', 4),
(4, 'file', 'paragraph', '3', 4),
(8, 'file', 'paragraph', '4', 3),
(8, 'file', 'paragraph', '5', 3),
(9, 'file', 'paragraph', '4', 3),
(9, 'file', 'paragraph', '5', 3),
(10, 'file', 'node', '3', 2),
(10, 'file', 'node', '4', 2),
(10, 'file', 'node', '5', 2),
(10, 'file', 'node', '6', 2),
(10, 'file', 'node', '7', 2),
(10, 'file', 'node', '8', 2),
(10, 'file', 'node', '2', 3),
(10, 'file', 'node', '9', 5),
(11, 'file', 'paragraph', '7', 2),
(12, 'file', 'paragraph', '10', 1),
(12, 'file', 'paragraph', '11', 1),
(12, 'file', 'paragraph', '12', 1),
(12, 'file', 'paragraph', '13', 1),
(12, 'file', 'paragraph', '9', 1),
(13, 'file', 'paragraph', '15', 1),
(13, 'file', 'paragraph', '16', 1),
(13, 'file', 'paragraph', '17', 1),
(13, 'file', 'paragraph', '18', 1),
(13, 'file', 'paragraph', '19', 1),
(13, 'file', 'paragraph', '20', 1),
(13, 'file', 'paragraph', '21', 1),
(15, 'file', 'paragraph', '23', 1),
(16, 'file', 'paragraph', '22', 1),
(17, 'file', 'paragraph', '24', 4),
(18, 'file', 'paragraph', '26', 3),
(19, 'file', 'paragraph', '27', 3),
(20, 'file', 'paragraph', '28', 3),
(21, 'file', 'paragraph', '29', 3),
(22, 'file', 'paragraph', '25', 3),
(23, 'file', 'paragraph', '26', 1),
(24, 'file', 'paragraph', '26', 1),
(25, 'file', 'paragraph', '31', 2),
(26, 'file', 'paragraph', '36', 1),
(26, 'file', 'paragraph', '38', 1),
(26, 'file', 'paragraph', '40', 1),
(26, 'file', 'paragraph', '49', 2),
(27, 'file', 'node', '13', 1),
(27, 'file', 'node', '14', 1),
(27, 'file', 'node', '15', 1),
(27, 'file', 'node', '16', 8),
(29, 'file', 'paragraph', '42', 1),
(30, 'file', 'paragraph', '43', 1),
(31, 'file', 'paragraph', '44', 1),
(31, 'file', 'paragraph', '45', 1),
(31, 'file', 'paragraph', '46', 1),
(31, 'file', 'paragraph', '47', 1),
(32, 'file', 'node', '19', 1),
(32, 'file', 'node', '20', 1),
(32, 'file', 'node', '21', 1),
(32, 'file', 'node', '22', 1),
(32, 'file', 'node', '23', 1),
(32, 'file', 'node', '24', 2),
(49, 'file', 'paragraph', '53', 6),
(49, 'file', 'paragraph', '52', 7),
(50, 'file', 'paragraph', '55', 5),
(51, 'file', 'paragraph', '56', 5),
(52, 'file', 'paragraph', '56', 5),
(53, 'file', 'paragraph', '56', 5),
(54, 'file', 'paragraph', '59', 4),
(55, 'file', 'paragraph', '59', 4),
(56, 'file', 'paragraph', '59', 4),
(57, 'file', 'paragraph', '59', 4),
(58, 'file', 'paragraph', '59', 4),
(59, 'file', 'paragraph', '59', 4),
(60, 'file', 'paragraph', '59', 4),
(61, 'file', 'paragraph', '59', 4),
(62, 'file', 'paragraph', '59', 4),
(63, 'file', 'paragraph', '68', 1),
(64, 'file', 'paragraph', '71', 3),
(64, 'file', 'paragraph', '72', 3),
(65, 'file', 'paragraph', '74', 2),
(66, 'file', 'paragraph', '76', 2),
(67, 'file', 'paragraph', '76', 2),
(68, 'file', 'paragraph', '78', 2),
(69, 'file', 'paragraph', '78', 2),
(70, 'file', 'paragraph', '78', 2),
(71, 'file', 'paragraph', '78', 2),
(72, 'file', 'paragraph', '78', 2),
(73, 'file', 'paragraph', '78', 2),
(74, 'file', 'node', '9', 1),
(75, 'file', 'paragraph', '102', 3);

-- --------------------------------------------------------

--
-- Table structure for table `flood`
--

CREATE TABLE `flood` (
  `fid` int(11) NOT NULL COMMENT 'Unique flood event ID.',
  `event` varchar(64) CHARACTER SET ascii NOT NULL DEFAULT '' COMMENT 'Name of event (e.g. contact).',
  `identifier` varchar(128) CHARACTER SET ascii NOT NULL DEFAULT '' COMMENT 'Identifier of the visitor, such as an IP address or hostname.',
  `timestamp` bigint(20) NOT NULL DEFAULT '0' COMMENT 'Timestamp of the event.',
  `expiration` bigint(20) NOT NULL DEFAULT '0' COMMENT 'Expiration timestamp. Expired events are purged on cron run.'
) ENGINE=InnoDB DEFAULT CHARSET=utf8mb4 COMMENT='Flood controls the threshold of events, such as the number…';

-- --------------------------------------------------------

--
-- Table structure for table `help_search_items`
--

CREATE TABLE `help_search_items` (
  `sid` int(10) UNSIGNED NOT NULL COMMENT 'Numeric index of this item in the search index',
  `section_plugin_id` varchar(255) CHARACTER SET ascii NOT NULL DEFAULT '' COMMENT 'The help section the item comes from',
  `permission` varchar(255) CHARACTER SET ascii NOT NULL DEFAULT '' COMMENT 'The permission needed to view this item',
  `topic_id` varchar(255) CHARACTER SET ascii NOT NULL DEFAULT '' COMMENT 'The topic ID of the item'
) ENGINE=InnoDB DEFAULT CHARSET=utf8 COLLATE=utf8_unicode_ci COMMENT='Stores information about indexed help search items';

--
-- Dumping data for table `help_search_items`
--

INSERT INTO `help_search_items` (`sid`, `section_plugin_id`, `permission`, `topic_id`) VALUES
(1, 'help_topics', '', 'config.export_full'),
(2, 'help_topics', '', 'config.export_single'),
(3, 'help_topics', '', 'config.import_full'),
(4, 'help_topics', '', 'config.import_single'),
(10, 'help_topics', '', 'core.appearance'),
(11, 'help_topics', '', 'core.config_overview'),
(12, 'help_topics', '', 'core.content_structure'),
(13, 'help_topics', '', 'core.cron'),
(14, 'help_topics', '', 'core.extending'),
(15, 'help_topics', '', 'core.maintenance'),
(16, 'help_topics', '', 'core.media'),
(17, 'help_topics', '', 'core.menus'),
(18, 'help_topics', '', 'core.performance'),
(19, 'help_topics', '', 'core.security'),
(20, 'help_topics', '', 'core.settings_tray'),
(21, 'help_topics', '', 'core.tracking_content'),
(22, 'help_topics', '', 'core.translations'),
(23, 'help_topics', '', 'core.ui_accessibility'),
(24, 'help_topics', '', 'core.ui_components'),
(25, 'help_topics', '', 'core.web_services'),
(26, 'help_topics', '', 'help.help_topic_search'),
(27, 'help_topics', '', 'help.overview'),
(28, 'help_topics', '', 'search.configuring'),
(29, 'help_topics', '', 'search.index'),
(30, 'help_topics', '', 'search.overview'),
(31, 'help_topics', '', 'system.cache'),
(32, 'help_topics', '', 'system.config_basic'),
(33, 'help_topics', '', 'system.config_error'),
(34, 'help_topics', '', 'system.maintenance_mode'),
(35, 'help_topics', '', 'system.module_install'),
(36, 'help_topics', '', 'system.module_uninstall'),
(37, 'help_topics', '', 'system.reports'),
(38, 'help_topics', '', 'system.theme_install'),
(39, 'help_topics', '', 'system.theme_uninstall'),
(40, 'help_topics', '', 'user.create'),
(41, 'help_topics', '', 'user.new_role'),
(42, 'help_topics', '', 'user.overview'),
(43, 'help_topics', '', 'user.permissions'),
(44, 'help_topics', '', 'user.security_account_settings'),
(45, 'help_topics', '', 'user.update'),
(47, 'help_topics', '', 'block.configure'),
(48, 'help_topics', '', 'block.overview'),
(49, 'help_topics', '', 'block.place'),
(50, 'help_topics', '', 'filter.overview'),
(51, 'help_topics', '', 'block_content.add'),
(52, 'help_topics', '', 'block_content.type'),
(53, 'help_topics', '', 'node.creating_content'),
(54, 'help_topics', '', 'node.creating_type'),
(55, 'help_topics', '', 'node.editing'),
(56, 'help_topics', '', 'node.overview'),
(57, 'help_topics', '', 'breakpoint.overview'),
(58, 'help_topics', '', 'editor.overview'),
(64, 'help_topics', '', 'contextual.overview'),
(65, 'help_topics', '', 'field_ui.add_field'),
(66, 'help_topics', '', 'field_ui.manage_display'),
(67, 'help_topics', '', 'field_ui.manage_form'),
(68, 'help_topics', '', 'field_ui.reference_field'),
(69, 'help_topics', '', 'history.tracking_user_content'),
(72, 'help_topics', '', 'image.style'),
(73, 'help_topics', '', 'views.overview'),
(74, 'help_topics', '', 'menu_ui.content_type_configuration'),
(75, 'help_topics', '', 'menu_ui.menu_item_add'),
(76, 'help_topics', '', 'menu_ui.menu_operations'),
(77, 'help_topics', '', 'menu_ui.overriding'),
(78, 'help_topics', '', 'path.creating_alias'),
(79, 'help_topics', '', 'path.editing_alias'),
(80, 'help_topics', '', 'path.overview'),
(81, 'help_topics', '', 'shortcut.overview'),
(82, 'help_topics', '', 'views_ui.add_display'),
(83, 'help_topics', '', 'views_ui.bulk_operations'),
(84, 'help_topics', '', 'views_ui.create'),
(85, 'help_topics', '', 'views_ui.edit');

-- --------------------------------------------------------

--
-- Table structure for table `history`
--

CREATE TABLE `history` (
  `uid` int(11) NOT NULL DEFAULT '0' COMMENT 'The "users".uid that read the "node" nid.',
  `nid` int(10) UNSIGNED NOT NULL DEFAULT '0' COMMENT 'The "node".nid that was read.',
  `timestamp` bigint(20) NOT NULL DEFAULT '0' COMMENT 'The Unix timestamp at which the read occurred.'
) ENGINE=InnoDB DEFAULT CHARSET=utf8 COLLATE=utf8_unicode_ci COMMENT='A record of which "users" have read which "node"s.';

--
-- Dumping data for table `history`
--

INSERT INTO `history` (`uid`, `nid`, `timestamp`) VALUES
(1, 1, 1720123711),
(1, 2, 1719847172),
(1, 9, 1719968795),
(1, 10, 1719933205),
(1, 11, 1719938155),
(1, 12, 1719949368),
(1, 13, 1719950637),
(1, 14, 1719950644),
(1, 15, 1719950648),
(1, 16, 1719966380),
(1, 19, 1719959818),
(1, 20, 1719959824),
(1, 21, 1719959828),
(1, 22, 1719959831),
(1, 23, 1719959835),
(1, 24, 1719971055),
(1, 26, 1720134202);

-- --------------------------------------------------------

--
-- Table structure for table `key_value`
--

CREATE TABLE `key_value` (
  `collection` varchar(128) CHARACTER SET ascii NOT NULL DEFAULT '' COMMENT 'A named collection of key and value pairs.',
  `name` varchar(128) CHARACTER SET ascii NOT NULL DEFAULT '' COMMENT 'The key of the key-value pair. As KEY is a SQL reserved keyword, name was chosen instead.',
  `value` longblob NOT NULL COMMENT 'The value.'
) ENGINE=InnoDB DEFAULT CHARSET=utf8 COLLATE=utf8_unicode_ci COMMENT='Generic key-value storage table. See the state system for…';

--
-- Dumping data for table `key_value`
--

INSERT INTO `key_value` (`collection`, `name`, `value`) VALUES
('config.entity.key_store.action', 'uuid:181281ce-bd0e-451a-9063-0fce834219f1', 0x613a313a7b693a303b733a33353a2273797374656d2e616374696f6e2e6e6f64655f756e7075626c6973685f616374696f6e223b7d),
('config.entity.key_store.action', 'uuid:2bec8d04-b29e-4b57-a144-0b39157a8281', 0x613a313a7b693a303b733a33333a2273797374656d2e616374696f6e2e6e6f64655f7075626c6973685f616374696f6e223b7d),
('config.entity.key_store.action', 'uuid:2e019ab6-dbee-4950-a418-38874d8d388c', 0x613a313a7b693a303b733a35323a2273797374656d2e616374696f6e2e757365725f72656d6f76655f726f6c655f616374696f6e2e636f6e74656e745f656469746f72223b7d),
('config.entity.key_store.action', 'uuid:34d15eb2-4a69-47de-be1c-24048abcb19b', 0x613a313a7b693a303b733a33383a2273797374656d2e616374696f6e2e776562666f726d5f756e617263686976655f616374696f6e223b7d),
('config.entity.key_store.action', 'uuid:5a317e87-c849-44a6-8a8b-980f2a33e895', 0x613a313a7b693a303b733a34363a2273797374656d2e616374696f6e2e776562666f726d5f7375626d697373696f6e5f64656c6574655f616374696f6e223b7d),
('config.entity.key_store.action', 'uuid:5c5a8860-a41c-433e-a305-f24fa79fd9e8', 0x613a313a7b693a303b733a35313a2273797374656d2e616374696f6e2e757365725f72656d6f76655f726f6c655f616374696f6e2e61646d696e6973747261746f72223b7d),
('config.entity.key_store.action', 'uuid:5ec7d1d7-0ad3-461b-a3c8-0eeadc2321d4', 0x613a313a7b693a303b733a34383a2273797374656d2e616374696f6e2e757365725f6164645f726f6c655f616374696f6e2e61646d696e6973747261746f72223b7d),
('config.entity.key_store.action', 'uuid:60b921a9-4b80-4d9a-9b33-3155c230bf33', 0x613a313a7b693a303b733a35313a2273797374656d2e616374696f6e2e776562666f726d5f7375626d697373696f6e5f6d616b655f756e6c6f636b5f616374696f6e223b7d),
('config.entity.key_store.action', 'uuid:62a4a325-57e5-4652-a22e-6656cf6382c6', 0x613a313a7b693a303b733a34323a2273797374656d2e616374696f6e2e7461786f6e6f6d795f7465726d5f7075626c6973685f616374696f6e223b7d),
('config.entity.key_store.action', 'uuid:681a8108-cb8f-41c8-8a70-189a07ae0c4f', 0x613a313a7b693a303b733a33333a2273797374656d2e616374696f6e2e6e6f64655f70726f6d6f74655f616374696f6e223b7d),
('config.entity.key_store.action', 'uuid:6d881f77-9288-455a-ad56-b45af216a4b9', 0x613a313a7b693a303b733a33363a2273797374656d2e616374696f6e2e757365725f626c6f636b5f757365725f616374696f6e223b7d),
('config.entity.key_store.action', 'uuid:70661455-a3d5-4bb7-8f4a-263049c289f7', 0x613a313a7b693a303b733a33363a2273797374656d2e616374696f6e2e776562666f726d5f617263686976655f616374696f6e223b7d),
('config.entity.key_store.action', 'uuid:70a2b9db-e7ca-4e5e-8f8f-c3299eaad7ee', 0x613a313a7b693a303b733a34343a2273797374656d2e616374696f6e2e7461786f6e6f6d795f7465726d5f756e7075626c6973685f616374696f6e223b7d),
('config.entity.key_store.action', 'uuid:722f0bed-72cb-4bb5-add7-8328866ce16b', 0x613a313a7b693a303b733a33353a2273797374656d2e616374696f6e2e776562666f726d5f64656c6574655f616374696f6e223b7d),
('config.entity.key_store.action', 'uuid:7eb7150f-4e81-4e0a-a8a2-cd69dc690be9', 0x613a313a7b693a303b733a35313a2273797374656d2e616374696f6e2e776562666f726d5f7375626d697373696f6e5f6d616b655f737469636b795f616374696f6e223b7d),
('config.entity.key_store.action', 'uuid:9289aceb-2736-461b-9788-dfda681627d6', 0x613a313a7b693a303b733a33393a2273797374656d2e616374696f6e2e6e6f64655f6d616b655f756e737469636b795f616374696f6e223b7d),
('config.entity.key_store.action', 'uuid:a0ebfb04-4704-4c9a-b5ef-8df770b822ad', 0x613a313a7b693a303b733a33303a2273797374656d2e616374696f6e2e6e6f64655f736176655f616374696f6e223b7d),
('config.entity.key_store.action', 'uuid:a33ce96e-a6e2-4fee-9b0c-d69716d35923', 0x613a313a7b693a303b733a34393a2273797374656d2e616374696f6e2e757365725f6164645f726f6c655f616374696f6e2e636f6e74656e745f656469746f72223b7d),
('config.entity.key_store.action', 'uuid:b2825a56-5426-4272-afea-6b1158ace68f', 0x613a313a7b693a303b733a33383a2273797374656d2e616374696f6e2e757365725f756e626c6f636b5f757365725f616374696f6e223b7d),
('config.entity.key_store.action', 'uuid:ba64abc5-06f4-49d2-851e-d0e2767fbfbc', 0x613a313a7b693a303b733a33323a2273797374656d2e616374696f6e2e6e6f64655f64656c6574655f616374696f6e223b7d),
('config.entity.key_store.action', 'uuid:bd41e191-f52e-464a-a964-a602e9fe0d6d', 0x613a313a7b693a303b733a33373a2273797374656d2e616374696f6e2e6e6f64655f6d616b655f737469636b795f616374696f6e223b7d),
('config.entity.key_store.action', 'uuid:c90be63c-0a50-4ad0-9165-a0ec91fb9d8e', 0x613a313a7b693a303b733a34393a2273797374656d2e616374696f6e2e776562666f726d5f7375626d697373696f6e5f6d616b655f6c6f636b5f616374696f6e223b7d),
('config.entity.key_store.action', 'uuid:d8d2a595-c052-4542-8463-716ccc4d0ff9', 0x613a313a7b693a303b733a35333a2273797374656d2e616374696f6e2e776562666f726d5f7375626d697373696f6e5f6d616b655f756e737469636b795f616374696f6e223b7d),
('config.entity.key_store.action', 'uuid:d9537bdd-916c-4c41-865b-406e59d81ce5', 0x613a313a7b693a303b733a34303a2273797374656d2e616374696f6e2e706174686175746f5f7570646174655f616c6961735f75736572223b7d),
('config.entity.key_store.action', 'uuid:e3100a7d-8616-486a-9552-f3c69be7f306', 0x613a313a7b693a303b733a34303a2273797374656d2e616374696f6e2e706174686175746f5f7570646174655f616c6961735f6e6f6465223b7d),
('config.entity.key_store.action', 'uuid:e37fe3b2-173f-4a3f-99cd-31a3b3b8e4bc', 0x613a313a7b693a303b733a33343a2273797374656d2e616374696f6e2e776562666f726d5f636c6f73655f616374696f6e223b7d),
('config.entity.key_store.action', 'uuid:e614e41e-e84b-4311-bf3d-4e604ad5a1de', 0x613a313a7b693a303b733a33333a2273797374656d2e616374696f6e2e776562666f726d5f6f70656e5f616374696f6e223b7d),
('config.entity.key_store.action', 'uuid:f0e5faea-33ac-4434-baf4-53bb454d4c3d', 0x613a313a7b693a303b733a33353a2273797374656d2e616374696f6e2e6e6f64655f756e70726f6d6f74655f616374696f6e223b7d),
('config.entity.key_store.action', 'uuid:fc5a8c6d-515e-416f-93db-5d2e2e6e3925', 0x613a313a7b693a303b733a33373a2273797374656d2e616374696f6e2e757365725f63616e63656c5f757365725f616374696f6e223b7d),
('config.entity.key_store.base_field_override', 'uuid:825220ca-82f4-44a2-9e5c-4602c8a6d822', 0x613a313a7b693a303b733a35353a22636f72652e626173655f6669656c645f6f766572726964652e6e6f64652e7265736f757263655f63617465676f72792e70726f6d6f7465223b7d),
('config.entity.key_store.base_field_override', 'uuid:91b3fe24-302f-491f-86cd-dc4b33d1c274', 0x613a313a7b693a303b733a34353a22636f72652e626173655f6669656c645f6f766572726964652e6e6f64652e70726f6a6563742e70726f6d6f7465223b7d),
('config.entity.key_store.base_field_override', 'uuid:9c2ed743-3c3d-4d19-89d5-eea0fe657c89', 0x613a313a7b693a303b733a34323a22636f72652e626173655f6669656c645f6f766572726964652e6e6f64652e706167652e70726f6d6f7465223b7d),
('config.entity.key_store.base_field_override', 'uuid:ac334c21-d017-478f-b5e9-3339d572179a', 0x613a313a7b693a303b733a35303a22636f72652e626173655f6669656c645f6f766572726964652e6e6f64652e6c616e64696e675f706167652e70726f6d6f7465223b7d),
('config.entity.key_store.base_field_override', 'uuid:c54a9efd-a9fd-4f4a-9d67-5a6bc4db3889', 0x613a313a7b693a303b733a34373a22636f72652e626173655f6669656c645f6f766572726964652e6e6f64652e686f6d655f706167652e70726f6d6f7465223b7d),
('config.entity.key_store.block', 'theme:claro', 0x613a383a7b693a303b733a33313a22626c6f636b2e626c6f636b2e636c61726f5f6c6f63616c5f616374696f6e73223b693a313b733a32383a22626c6f636b2e626c6f636b2e636c61726f5f706167655f7469746c65223b693a323b733a33373a22626c6f636b2e626c6f636b2e636c61726f5f7072696d6172795f6c6f63616c5f7461736b73223b693a333b733a33393a22626c6f636b2e626c6f636b2e636c61726f5f7365636f6e646172795f6c6f63616c5f7461736b73223b693a343b733a32323a22626c6f636b2e626c6f636b2e636c61726f5f68656c70223b693a363b733a32393a22626c6f636b2e626c6f636b2e636c61726f5f62726561646372756d6273223b693a373b733a32353a22626c6f636b2e626c6f636b2e636c61726f5f636f6e74656e74223b693a383b733a32363a22626c6f636b2e626c6f636b2e636c61726f5f6d65737361676573223b7d),
('config.entity.key_store.block', 'theme:gin', 0x613a383a7b693a303b733a32393a22626c6f636b2e626c6f636b2e67696e5f6c6f63616c5f616374696f6e73223b693a313b733a32363a22626c6f636b2e626c6f636b2e67696e5f706167655f7469746c65223b693a323b733a33353a22626c6f636b2e626c6f636b2e67696e5f7072696d6172795f6c6f63616c5f7461736b73223b693a333b733a33373a22626c6f636b2e626c6f636b2e67696e5f7365636f6e646172795f6c6f63616c5f7461736b73223b693a343b733a32303a22626c6f636b2e626c6f636b2e67696e5f68656c70223b693a353b733a32373a22626c6f636b2e626c6f636b2e67696e5f62726561646372756d6273223b693a363b733a32333a22626c6f636b2e626c6f636b2e67696e5f636f6e74656e74223b693a373b733a32343a22626c6f636b2e626c6f636b2e67696e5f6d65737361676573223b7d),
('config.entity.key_store.block', 'theme:olivero', 0x613a31333a7b693a303b733a32343a22626c6f636b2e626c6f636b2e6f6c697665726f5f68656c70223b693a313b733a33303a22626c6f636b2e626c6f636b2e6f6c697665726f5f706167655f7469746c65223b693a323b733a34313a22626c6f636b2e626c6f636b2e6f6c697665726f5f7072696d6172795f61646d696e5f616374696f6e73223b693a333b733a33393a22626c6f636b2e626c6f636b2e6f6c697665726f5f7072696d6172795f6c6f63616c5f7461736b73223b693a343b733a34313a22626c6f636b2e626c6f636b2e6f6c697665726f5f7365636f6e646172795f6c6f63616c5f7461736b73223b693a353b733a32393a22626c6f636b2e626c6f636b2e6f6c697665726f5f73796e646963617465223b693a383b733a33313a22626c6f636b2e626c6f636b2e6f6c697665726f5f62726561646372756d6273223b693a393b733a32373a22626c6f636b2e626c6f636b2e6f6c697665726f5f636f6e74656e74223b693a31303b733a32383a22626c6f636b2e626c6f636b2e6f6c697665726f5f6d65737361676573223b693a31313b733a32373a22626c6f636b2e626c6f636b2e6f6c697665726f5f706f7765726564223b693a31323b733a33333a22626c6f636b2e626c6f636b2e6f6c697665726f5f736974655f6272616e64696e67223b693a31333b733a33323a22626c6f636b2e626c6f636b2e6f6c697665726f5f6163636f756e745f6d656e75223b693a31343b733a32393a22626c6f636b2e626c6f636b2e6f6c697665726f5f6d61696e5f6d656e75223b7d),
('config.entity.key_store.block', 'theme:stark', 0x613a31333a7b693a303b733a33303a22626c6f636b2e626c6f636b2e737461726b5f6163636f756e745f6d656e75223b693a313b733a32393a22626c6f636b2e626c6f636b2e737461726b5f62726561646372756d6273223b693a323b733a32353a22626c6f636b2e626c6f636b2e737461726b5f636f6e74656e74223b693a333b733a32323a22626c6f636b2e626c6f636b2e737461726b5f68656c70223b693a343b733a32373a22626c6f636b2e626c6f636b2e737461726b5f6d61696e5f6d656e75223b693a353b733a32363a22626c6f636b2e626c6f636b2e737461726b5f6d65737361676573223b693a363b733a32383a22626c6f636b2e626c6f636b2e737461726b5f706167655f7469746c65223b693a373b733a32353a22626c6f636b2e626c6f636b2e737461726b5f706f7765726564223b693a383b733a33393a22626c6f636b2e626c6f636b2e737461726b5f7072696d6172795f61646d696e5f616374696f6e73223b693a393b733a33373a22626c6f636b2e626c6f636b2e737461726b5f7072696d6172795f6c6f63616c5f7461736b73223b693a31303b733a33393a22626c6f636b2e626c6f636b2e737461726b5f7365636f6e646172795f6c6f63616c5f7461736b73223b693a31313b733a33313a22626c6f636b2e626c6f636b2e737461726b5f736974655f6272616e64696e67223b693a31323b733a32373a22626c6f636b2e626c6f636b2e737461726b5f73796e646963617465223b7d),
('config.entity.key_store.block', 'theme:talum', 0x613a31373a7b693a303b733a32323a22626c6f636b2e626c6f636b2e74616c756d5f68656c70223b693a313b733a32383a22626c6f636b2e626c6f636b2e74616c756d5f706167655f7469746c65223b693a323b733a33393a22626c6f636b2e626c6f636b2e74616c756d5f7072696d6172795f61646d696e5f616374696f6e73223b693a333b733a33373a22626c6f636b2e626c6f636b2e74616c756d5f7072696d6172795f6c6f63616c5f7461736b73223b693a343b733a33393a22626c6f636b2e626c6f636b2e74616c756d5f7365636f6e646172795f6c6f63616c5f7461736b73223b693a363b733a32393a22626c6f636b2e626c6f636b2e74616c756d5f62726561646372756d6273223b693a373b733a32353a22626c6f636b2e626c6f636b2e74616c756d5f636f6e74656e74223b693a383b733a32363a22626c6f636b2e626c6f636b2e74616c756d5f6d65737361676573223b693a31323b733a32373a22626c6f636b2e626c6f636b2e74616c756d5f6d61696e5f6d656e75223b693a31333b733a32353a22626c6f636b2e626c6f636b2e74616c756d5f73756274657874223b693a31343b733a33313a22626c6f636b2e626c6f636b2e74616c756d5f62616e6e6572627574746f6e73223b693a31353b733a32353a22626c6f636b2e626c6f636b2e74616c756d5f63616c6c6f7574223b693a31363b733a32333a22626c6f636b2e626c6f636b2e74616c756d5f6c6f676f73223b693a31373b733a32383a22626c6f636b2e626c6f636b2e74616c756d5f666f6f7465726865726f223b693a31383b733a33373a22626c6f636b2e626c6f636b2e74616c756d5f6c616e6461636b6e6f776c656467656d656e74223b693a31393b733a32373a22626c6f636b2e626c6f636b2e74616c756d5f636f6e746163747573223b693a32303b733a32343a22626c6f636b2e626c6f636b2e74616c756d5f66696e647573223b7d),
('config.entity.key_store.block', 'theme:verdaslate', 0x613a31333a7b693a303b733a32373a22626c6f636b2e626c6f636b2e7665726461736c6174655f68656c70223b693a313b733a33333a22626c6f636b2e626c6f636b2e7665726461736c6174655f706167655f7469746c65223b693a323b733a34343a22626c6f636b2e626c6f636b2e7665726461736c6174655f7072696d6172795f61646d696e5f616374696f6e73223b693a333b733a34323a22626c6f636b2e626c6f636b2e7665726461736c6174655f7072696d6172795f6c6f63616c5f7461736b73223b693a343b733a34343a22626c6f636b2e626c6f636b2e7665726461736c6174655f7365636f6e646172795f6c6f63616c5f7461736b73223b693a353b733a33323a22626c6f636b2e626c6f636b2e7665726461736c6174655f73796e646963617465223b693a363b733a33343a22626c6f636b2e626c6f636b2e7665726461736c6174655f62726561646372756d6273223b693a373b733a33303a22626c6f636b2e626c6f636b2e7665726461736c6174655f636f6e74656e74223b693a383b733a33313a22626c6f636b2e626c6f636b2e7665726461736c6174655f6d65737361676573223b693a393b733a33303a22626c6f636b2e626c6f636b2e7665726461736c6174655f706f7765726564223b693a31303b733a33363a22626c6f636b2e626c6f636b2e7665726461736c6174655f736974655f6272616e64696e67223b693a31313b733a33353a22626c6f636b2e626c6f636b2e7665726461736c6174655f6163636f756e745f6d656e75223b693a31323b733a33323a22626c6f636b2e626c6f636b2e7665726461736c6174655f6d61696e5f6d656e75223b7d),
('config.entity.key_store.block', 'uuid:037bc6d4-aedb-4ee3-8a72-89db08da3233', 0x613a313a7b693a303b733a32343a22626c6f636b2e626c6f636b2e74616c756d5f66696e647573223b7d),
('config.entity.key_store.block', 'uuid:0931c074-86c0-4642-8c0f-a7b36bd9f7f5', 0x613a313a7b693a303b733a32383a22626c6f636b2e626c6f636b2e74616c756d5f706167655f7469746c65223b7d),
('config.entity.key_store.block', 'uuid:184c9818-07f5-46b5-887d-b74b13a2859c', 0x613a313a7b693a303b733a33333a22626c6f636b2e626c6f636b2e6f6c697665726f5f736974655f6272616e64696e67223b7d),
('config.entity.key_store.block', 'uuid:1f625623-f092-417f-a209-943b7bdbd069', 0x613a313a7b693a303b733a34323a22626c6f636b2e626c6f636b2e7665726461736c6174655f7072696d6172795f6c6f63616c5f7461736b73223b7d),
('config.entity.key_store.block', 'uuid:20e98a9e-a493-458c-8576-1b5523c4a388', 0x613a313a7b693a303b733a32373a22626c6f636b2e626c6f636b2e737461726b5f73796e646963617465223b7d),
('config.entity.key_store.block', 'uuid:22597b74-2fb0-46d8-9bc7-68c62290b4a1', 0x613a313a7b693a303b733a33343a22626c6f636b2e626c6f636b2e7665726461736c6174655f62726561646372756d6273223b7d),
('config.entity.key_store.block', 'uuid:253ef7f3-cf12-457a-8bc8-e1d44fceb95e', 0x613a313a7b693a303b733a32303a22626c6f636b2e626c6f636b2e67696e5f68656c70223b7d),
('config.entity.key_store.block', 'uuid:2c9744a4-6855-4830-93b7-d4fafb27641f', 0x613a313a7b693a303b733a33393a22626c6f636b2e626c6f636b2e74616c756d5f7365636f6e646172795f6c6f63616c5f7461736b73223b7d),
('config.entity.key_store.block', 'uuid:371df540-8d2f-4c18-a0cb-c35869c64276', 0x613a313a7b693a303b733a32323a22626c6f636b2e626c6f636b2e74616c756d5f68656c70223b7d),
('config.entity.key_store.block', 'uuid:39de800f-4eb4-40d4-9855-57a77fb99baf', 0x613a313a7b693a303b733a32363a22626c6f636b2e626c6f636b2e74616c756d5f6d65737361676573223b7d),
('config.entity.key_store.block', 'uuid:3cfc24d2-3519-44e7-88f6-760bda292f1c', 0x613a313a7b693a303b733a33373a22626c6f636b2e626c6f636b2e636c61726f5f7072696d6172795f6c6f63616c5f7461736b73223b7d),
('config.entity.key_store.block', 'uuid:3d56a06f-3ee4-45dd-b181-6ad6714f15c0', 0x613a313a7b693a303b733a32373a22626c6f636b2e626c6f636b2e737461726b5f6d61696e5f6d656e75223b7d),
('config.entity.key_store.block', 'uuid:41908a2e-70c4-4f5f-8af8-a70ffe738f56', 0x613a313a7b693a303b733a33313a22626c6f636b2e626c6f636b2e6f6c697665726f5f62726561646372756d6273223b7d),
('config.entity.key_store.block', 'uuid:46379eab-bf3b-4088-af2b-27400d553921', 0x613a313a7b693a303b733a33313a22626c6f636b2e626c6f636b2e737461726b5f736974655f6272616e64696e67223b7d),
('config.entity.key_store.block', 'uuid:48fa1cac-bf7d-49f0-9844-80152e42bf10', 0x613a313a7b693a303b733a32333a22626c6f636b2e626c6f636b2e74616c756d5f6c6f676f73223b7d),
('config.entity.key_store.block', 'uuid:518f3b55-f2e1-45b5-a84f-109ac679ae69', 0x613a313a7b693a303b733a33353a22626c6f636b2e626c6f636b2e67696e5f7072696d6172795f6c6f63616c5f7461736b73223b7d),
('config.entity.key_store.block', 'uuid:5400162c-759f-4c7b-98cf-6a3cf9ffe7bb', 0x613a313a7b693a303b733a33323a22626c6f636b2e626c6f636b2e6f6c697665726f5f6163636f756e745f6d656e75223b7d),
('config.entity.key_store.block', 'uuid:56b60a54-87ff-4f04-8583-6e867d88fe50', 0x613a313a7b693a303b733a32383a22626c6f636b2e626c6f636b2e636c61726f5f706167655f7469746c65223b7d),
('config.entity.key_store.block', 'uuid:5d6af28a-36a9-486a-a553-11d83d583e84', 0x613a313a7b693a303b733a33393a22626c6f636b2e626c6f636b2e6f6c697665726f5f7072696d6172795f6c6f63616c5f7461736b73223b7d),
('config.entity.key_store.block', 'uuid:5dce635c-4139-4ce7-a5b1-2c69ff0295d9', 0x613a313a7b693a303b733a33303a22626c6f636b2e626c6f636b2e7665726461736c6174655f636f6e74656e74223b7d),
('config.entity.key_store.block', 'uuid:61947c8c-5eeb-424d-a9d1-cbb6cfa71f65', 0x613a313a7b693a303b733a32393a22626c6f636b2e626c6f636b2e737461726b5f62726561646372756d6273223b7d),
('config.entity.key_store.block', 'uuid:62070f8b-54f4-4c8f-944b-b58f5999c8a6', 0x613a313a7b693a303b733a32393a22626c6f636b2e626c6f636b2e6f6c697665726f5f6d61696e5f6d656e75223b7d),
('config.entity.key_store.block', 'uuid:6a3b5e1a-4956-4218-95cc-5721c80cdab4', 0x613a313a7b693a303b733a32363a22626c6f636b2e626c6f636b2e67696e5f706167655f7469746c65223b7d),
('config.entity.key_store.block', 'uuid:6a52da57-347f-400d-a0c8-2672cd6a4dc6', 0x613a313a7b693a303b733a33393a22626c6f636b2e626c6f636b2e737461726b5f7072696d6172795f61646d696e5f616374696f6e73223b7d),
('config.entity.key_store.block', 'uuid:6b1e388f-6455-49da-9ff8-2a10d89d0feb', 0x613a313a7b693a303b733a34313a22626c6f636b2e626c6f636b2e6f6c697665726f5f7365636f6e646172795f6c6f63616c5f7461736b73223b7d),
('config.entity.key_store.block', 'uuid:6fc04dbd-1a69-41c9-9520-9c9b765683bb', 0x613a313a7b693a303b733a33393a22626c6f636b2e626c6f636b2e636c61726f5f7365636f6e646172795f6c6f63616c5f7461736b73223b7d),
('config.entity.key_store.block', 'uuid:74b4b74d-469d-431b-bfd3-c88b071217c0', 0x613a313a7b693a303b733a33313a22626c6f636b2e626c6f636b2e7665726461736c6174655f6d65737361676573223b7d),
('config.entity.key_store.block', 'uuid:77e2bc56-8b30-45ae-85cb-d28f88f423e3', 0x613a313a7b693a303b733a32393a22626c6f636b2e626c6f636b2e6f6c697665726f5f73796e646963617465223b7d),
('config.entity.key_store.block', 'uuid:78ad51e0-706e-4fc4-9414-dc97e42e6793', 0x613a313a7b693a303b733a32373a22626c6f636b2e626c6f636b2e6f6c697665726f5f706f7765726564223b7d),
('config.entity.key_store.block', 'uuid:79003f8e-9f47-42a0-9d08-0c4ccf161609', 0x613a313a7b693a303b733a32363a22626c6f636b2e626c6f636b2e636c61726f5f6d65737361676573223b7d),
('config.entity.key_store.block', 'uuid:7f596f64-af0c-4a03-b255-4ea5a3d5bb1e', 0x613a313a7b693a303b733a32393a22626c6f636b2e626c6f636b2e67696e5f6c6f63616c5f616374696f6e73223b7d),
('config.entity.key_store.block', 'uuid:8090af9c-7e8a-49b6-8642-712c94e04190', 0x613a313a7b693a303b733a32383a22626c6f636b2e626c6f636b2e6f6c697665726f5f6d65737361676573223b7d),
('config.entity.key_store.block', 'uuid:8312cb9c-4f81-4613-bc8d-450d9f0229a6', 0x613a313a7b693a303b733a32353a22626c6f636b2e626c6f636b2e737461726b5f636f6e74656e74223b7d),
('config.entity.key_store.block', 'uuid:8d8808a3-5a0d-4d57-bbdf-6de16bb13ea0', 0x613a313a7b693a303b733a34313a22626c6f636b2e626c6f636b2e6f6c697665726f5f7072696d6172795f61646d696e5f616374696f6e73223b7d),
('config.entity.key_store.block', 'uuid:8db37c15-cf0f-451b-ab8b-505ee7ecc7ac', 0x613a313a7b693a303b733a33303a22626c6f636b2e626c6f636b2e737461726b5f6163636f756e745f6d656e75223b7d),
('config.entity.key_store.block', 'uuid:921fcc09-7d8d-4ed1-9155-383177c5ffbc', 0x613a313a7b693a303b733a32353a22626c6f636b2e626c6f636b2e737461726b5f706f7765726564223b7d),
('config.entity.key_store.block', 'uuid:97b71a77-0644-4ee1-ae4c-04d88540b7cd', 0x613a313a7b693a303b733a32343a22626c6f636b2e626c6f636b2e6f6c697665726f5f68656c70223b7d),
('config.entity.key_store.block', 'uuid:9a393cdf-870e-44f8-8715-3272173621b7', 0x613a313a7b693a303b733a33373a22626c6f636b2e626c6f636b2e74616c756d5f7072696d6172795f6c6f63616c5f7461736b73223b7d),
('config.entity.key_store.block', 'uuid:9a3d6a98-96b2-456d-a32a-8606f8068693', 0x613a313a7b693a303b733a32343a22626c6f636b2e626c6f636b2e67696e5f6d65737361676573223b7d),
('config.entity.key_store.block', 'uuid:9ad5acb0-471c-4503-97e8-110d2421accf', 0x613a313a7b693a303b733a33393a22626c6f636b2e626c6f636b2e737461726b5f7365636f6e646172795f6c6f63616c5f7461736b73223b7d),
('config.entity.key_store.block', 'uuid:a29e8487-cf90-4328-911f-6bf559cb5846', 0x613a313a7b693a303b733a33373a22626c6f636b2e626c6f636b2e67696e5f7365636f6e646172795f6c6f63616c5f7461736b73223b7d),
('config.entity.key_store.block', 'uuid:a4d5cd46-6b0c-4151-8382-cdf38d5a4664', 0x613a313a7b693a303b733a33353a22626c6f636b2e626c6f636b2e7665726461736c6174655f6163636f756e745f6d656e75223b7d),
('config.entity.key_store.block', 'uuid:ab0591fd-2077-4e86-89cf-1411f665a904', 0x613a313a7b693a303b733a32323a22626c6f636b2e626c6f636b2e737461726b5f68656c70223b7d),
('config.entity.key_store.block', 'uuid:ae8f6269-d336-4403-a3a0-1350bcc57739', 0x613a313a7b693a303b733a32373a22626c6f636b2e626c6f636b2e6f6c697665726f5f636f6e74656e74223b7d),
('config.entity.key_store.block', 'uuid:aefe6073-3900-4bab-b79c-9030c8be2349', 0x613a313a7b693a303b733a32373a22626c6f636b2e626c6f636b2e7665726461736c6174655f68656c70223b7d),
('config.entity.key_store.block', 'uuid:b0e3893b-8257-46c4-bad8-5dd5040d9533', 0x613a313a7b693a303b733a32353a22626c6f636b2e626c6f636b2e636c61726f5f636f6e74656e74223b7d),
('config.entity.key_store.block', 'uuid:b13e151e-fd99-4bc6-8d60-6ef8cd2040a4', 0x613a313a7b693a303b733a32383a22626c6f636b2e626c6f636b2e737461726b5f706167655f7469746c65223b7d),
('config.entity.key_store.block', 'uuid:b7906eaf-fc49-433e-a7d8-57124a580775', 0x613a313a7b693a303b733a34343a22626c6f636b2e626c6f636b2e7665726461736c6174655f7072696d6172795f61646d696e5f616374696f6e73223b7d),
('config.entity.key_store.block', 'uuid:b93f9c59-b9bd-4b3b-bbc2-58a3d831ed47', 0x613a313a7b693a303b733a33303a22626c6f636b2e626c6f636b2e6f6c697665726f5f706167655f7469746c65223b7d),
('config.entity.key_store.block', 'uuid:ba455ac5-43d8-46b3-96d0-e9da9b90ec9b', 0x613a313a7b693a303b733a32373a22626c6f636b2e626c6f636b2e74616c756d5f636f6e746163747573223b7d),
('config.entity.key_store.block', 'uuid:bd513571-6751-4f46-adb2-aacb810567b7', 0x613a313a7b693a303b733a32373a22626c6f636b2e626c6f636b2e67696e5f62726561646372756d6273223b7d),
('config.entity.key_store.block', 'uuid:bda2b884-f599-4a70-a575-0539e46c4a63', 0x613a313a7b693a303b733a33363a22626c6f636b2e626c6f636b2e7665726461736c6174655f736974655f6272616e64696e67223b7d),
('config.entity.key_store.block', 'uuid:be65b42e-c6bd-45d9-b7ee-e196d1ed3bfd', 0x613a313a7b693a303b733a33393a22626c6f636b2e626c6f636b2e74616c756d5f7072696d6172795f61646d696e5f616374696f6e73223b7d),
('config.entity.key_store.block', 'uuid:c09024b2-043f-4ebf-9826-b4416ec12732', 0x613a313a7b693a303b733a33373a22626c6f636b2e626c6f636b2e737461726b5f7072696d6172795f6c6f63616c5f7461736b73223b7d),
('config.entity.key_store.block', 'uuid:c1001460-54d1-434c-91d1-827b88fbe8df', 0x613a313a7b693a303b733a33323a22626c6f636b2e626c6f636b2e7665726461736c6174655f73796e646963617465223b7d),
('config.entity.key_store.block', 'uuid:c16cb9e0-af69-4adb-bf33-12a97472ba27', 0x613a313a7b693a303b733a33313a22626c6f636b2e626c6f636b2e74616c756d5f62616e6e6572627574746f6e73223b7d),
('config.entity.key_store.block', 'uuid:c4ffdd70-82ad-4876-9762-2f9395fd8e2e', 0x613a313a7b693a303b733a32323a22626c6f636b2e626c6f636b2e636c61726f5f68656c70223b7d),
('config.entity.key_store.block', 'uuid:cc44daae-db7d-42fc-8f64-046a56aa33e2', 0x613a313a7b693a303b733a32383a22626c6f636b2e626c6f636b2e74616c756d5f666f6f7465726865726f223b7d),
('config.entity.key_store.block', 'uuid:cd840add-6b9a-406e-8da3-4af264e5cd82', 0x613a313a7b693a303b733a32353a22626c6f636b2e626c6f636b2e74616c756d5f73756274657874223b7d),
('config.entity.key_store.block', 'uuid:d2dffb22-9078-4894-b9cd-8fc9f2c8cfe4', 0x613a313a7b693a303b733a32373a22626c6f636b2e626c6f636b2e74616c756d5f6d61696e5f6d656e75223b7d),
('config.entity.key_store.block', 'uuid:d4a0266a-1b5e-4be4-9d19-64f0f056f340', 0x613a313a7b693a303b733a32333a22626c6f636b2e626c6f636b2e67696e5f636f6e74656e74223b7d),
('config.entity.key_store.block', 'uuid:d5b8c8b9-3b88-454f-82b6-882b04c5917f', 0x613a313a7b693a303b733a32363a22626c6f636b2e626c6f636b2e737461726b5f6d65737361676573223b7d),
('config.entity.key_store.block', 'uuid:d73b9eff-fc90-4940-a111-ccbbee30ff4f', 0x613a313a7b693a303b733a32393a22626c6f636b2e626c6f636b2e636c61726f5f62726561646372756d6273223b7d),
('config.entity.key_store.block', 'uuid:e2848d0e-1a2f-418a-8a04-9365c09e9384', 0x613a313a7b693a303b733a32353a22626c6f636b2e626c6f636b2e74616c756d5f636f6e74656e74223b7d),
('config.entity.key_store.block', 'uuid:e4b01ea7-610d-4b1d-88dd-1f0c5b0333a0', 0x613a313a7b693a303b733a33333a22626c6f636b2e626c6f636b2e7665726461736c6174655f706167655f7469746c65223b7d),
('config.entity.key_store.block', 'uuid:e4f445f6-6ae7-40ea-b0a0-d1b6e15e541b', 0x613a313a7b693a303b733a34343a22626c6f636b2e626c6f636b2e7665726461736c6174655f7365636f6e646172795f6c6f63616c5f7461736b73223b7d),
('config.entity.key_store.block', 'uuid:ed953c44-b0a7-4229-8b25-faa58348ab4b', 0x613a313a7b693a303b733a33313a22626c6f636b2e626c6f636b2e636c61726f5f6c6f63616c5f616374696f6e73223b7d),
('config.entity.key_store.block', 'uuid:f43915a3-622b-47a2-91bf-34477026563f', 0x613a313a7b693a303b733a32353a22626c6f636b2e626c6f636b2e74616c756d5f63616c6c6f7574223b7d),
('config.entity.key_store.block', 'uuid:f846410a-99ef-4b2a-b461-c03eda920451', 0x613a313a7b693a303b733a32393a22626c6f636b2e626c6f636b2e74616c756d5f62726561646372756d6273223b7d),
('config.entity.key_store.block', 'uuid:f99bf639-8b29-4139-ab1f-185ebf390347', 0x613a313a7b693a303b733a33303a22626c6f636b2e626c6f636b2e7665726461736c6174655f706f7765726564223b7d),
('config.entity.key_store.block', 'uuid:fbf2c3fa-f5a1-4db5-b113-ac962e597492', 0x613a313a7b693a303b733a33373a22626c6f636b2e626c6f636b2e74616c756d5f6c616e6461636b6e6f776c656467656d656e74223b7d),
('config.entity.key_store.block', 'uuid:fcac86b5-c099-4eae-90ec-1e5d9dc876e2', 0x613a313a7b693a303b733a33323a22626c6f636b2e626c6f636b2e7665726461736c6174655f6d61696e5f6d656e75223b7d),
('config.entity.key_store.block_content_type', 'uuid:0efc0440-6c85-453c-9f81-9f594f7add94', 0x613a313a7b693a303b733a32343a22626c6f636b5f636f6e74656e742e747970652e6c6f676f73223b7d),
('config.entity.key_store.block_content_type', 'uuid:56637c31-010d-4a2b-a737-07eafb7e7713', 0x613a313a7b693a303b733a32343a22626c6f636b5f636f6e74656e742e747970652e6261736963223b7d),
('config.entity.key_store.block_content_type', 'uuid:c0d71b42-ab47-4686-8a43-d17aeb0cf1b5', 0x613a313a7b693a303b733a32333a22626c6f636b5f636f6e74656e742e747970652e6865726f223b7d),
('config.entity.key_store.captcha_point', 'uuid:0ca9e8ee-e42b-4834-9255-a20309f7beb4', 0x613a313a7b693a303b733a33393a22636170746368612e636170746368615f706f696e742e6e6f64655f61727469636c655f666f726d223b7d),
('config.entity.key_store.captcha_point', 'uuid:1a93a806-648a-4b98-af13-00eceecd49e0', 0x613a313a7b693a303b733a33313a22636170746368612e636170746368615f706f696e742e757365725f70617373223b7d),
('config.entity.key_store.captcha_point', 'uuid:1ba3a803-2468-4492-a784-f7e092061649', 0x613a313a7b693a303b733a33363a22636170746368612e636170746368615f706f696e742e6e6f64655f706167655f666f726d223b7d),
('config.entity.key_store.captcha_point', 'uuid:4a5a538b-95ba-47ef-824d-dd66cbdb3aaf', 0x613a313a7b693a303b733a35313a22636170746368612e636170746368615f706f696e742e636f6e746163745f6d6573736167655f706572736f6e616c5f666f726d223b7d),
('config.entity.key_store.captcha_point', 'uuid:5af7c3aa-cff3-4af3-b4d4-4aa99ef63300', 0x613a313a7b693a303b733a34303a22636170746368612e636170746368615f706f696e742e757365725f72656769737465725f666f726d223b7d),
('config.entity.key_store.captcha_point', 'uuid:6f078ba8-67c6-426d-aadb-9b6e177f0546', 0x613a313a7b693a303b733a33373a22636170746368612e636170746368615f706f696e742e757365725f6c6f67696e5f666f726d223b7d),
('config.entity.key_store.crop_type', 'uuid:13be2d89-fdca-4fd5-9448-31fb5644470d', 0x613a313a7b693a303b733a31343a2263726f702e747970652e39783130223b7d),
('config.entity.key_store.crop_type', 'uuid:3e22e91f-4d70-4f0d-b222-7ce5674f46e3', 0x613a313a7b693a303b733a31363a2263726f702e747970652e737175617265223b7d),
('config.entity.key_store.crop_type', 'uuid:41e09482-eaff-42e4-b58e-38b899560076', 0x613a313a7b693a303b733a31333a2263726f702e747970652e347833223b7d),
('config.entity.key_store.crop_type', 'uuid:6469c3bf-d133-4a11-a5af-e48b9edb9cbb', 0x613a313a7b693a303b733a31333a2263726f702e747970652e327831223b7d),
('config.entity.key_store.crop_type', 'uuid:a111a89e-9253-4a23-b2c0-9e8763c1f320', 0x613a313a7b693a303b733a31333a2263726f702e747970652e337834223b7d),
('config.entity.key_store.crop_type', 'uuid:ddf47698-058b-413a-ad41-909111fbd839', 0x613a313a7b693a303b733a31363a2263726f702e747970652e637573746f6d223b7d),
('config.entity.key_store.date_format', 'uuid:1609aef0-bb29-4bf0-b45c-078df8aabe18', 0x613a313a7b693a303b733a32363a22636f72652e646174655f666f726d61742e68746d6c5f7765656b223b7d),
('config.entity.key_store.date_format', 'uuid:629435e7-f12d-4952-aa5f-68c9781d3572', 0x613a313a7b693a303b733a32373a22636f72652e646174655f666f726d61742e68746d6c5f6d6f6e7468223b7d),
('config.entity.key_store.date_format', 'uuid:7b3f04d2-1f89-4e41-953a-6642071d9332', 0x613a313a7b693a303b733a32333a22636f72652e646174655f666f726d61742e6d656469756d223b7d),
('config.entity.key_store.date_format', 'uuid:7fd3373e-9523-4d7c-9f05-52b99ebfd608', 0x613a313a7b693a303b733a33303a22636f72652e646174655f666f726d61742e68746d6c5f6461746574696d65223b7d),
('config.entity.key_store.date_format', 'uuid:9301789f-fa87-4531-8685-09ef4423805b', 0x613a313a7b693a303b733a32363a22636f72652e646174655f666f726d61742e68746d6c5f79656172223b7d),
('config.entity.key_store.date_format', 'uuid:9e0db3bd-bbf8-4962-9c90-a0c83281af8c', 0x613a313a7b693a303b733a32353a22636f72652e646174655f666f726d61742e66616c6c6261636b223b7d),
('config.entity.key_store.date_format', 'uuid:aa5ce35a-bde6-4552-bcb8-f47ae28ae4cd', 0x613a313a7b693a303b733a33353a22636f72652e646174655f666f726d61742e68746d6c5f796561726c6573735f64617465223b7d),
('config.entity.key_store.date_format', 'uuid:ae0d6d90-7715-4604-a63c-520f53d32ab1', 0x613a313a7b693a303b733a32363a22636f72652e646174655f666f726d61742e68746d6c5f74696d65223b7d),
('config.entity.key_store.date_format', 'uuid:b61661d3-ad44-4648-901f-5f76b8f36aca', 0x613a313a7b693a303b733a32313a22636f72652e646174655f666f726d61742e6c6f6e67223b7d),
('config.entity.key_store.date_format', 'uuid:c48d8859-9cc3-44d0-a46e-9e4ae952614b', 0x613a313a7b693a303b733a32323a22636f72652e646174655f666f726d61742e73686f7274223b7d),
('config.entity.key_store.date_format', 'uuid:ca7cfaa1-fab3-4b4a-8e87-fee3c5d0312b', 0x613a313a7b693a303b733a33313a22636f72652e646174655f666f726d61742e6f6c697665726f5f6d656469756d223b7d),
('config.entity.key_store.date_format', 'uuid:d0109d97-1262-4ef0-8113-09e648129871', 0x613a313a7b693a303b733a32363a22636f72652e646174655f666f726d61742e68746d6c5f64617465223b7d),
('config.entity.key_store.editor', 'uuid:0c539560-ed82-4b08-988b-102c5af185f4', 0x613a313a7b693a303b733a32333a22656469746f722e656469746f722e66756c6c5f68746d6c223b7d),
('config.entity.key_store.editor', 'uuid:11a11b64-102a-465e-92cd-aa6b51feffa1', 0x613a313a7b693a303b733a32393a22656469746f722e656469746f722e776562666f726d5f64656661756c74223b7d),
('config.entity.key_store.editor', 'uuid:bda78e70-673a-4fa5-8e06-17b1375f6bf8', 0x613a313a7b693a303b733a32363a22656469746f722e656469746f722e6c696d697465645f68746d6c223b7d),
('config.entity.key_store.editor', 'uuid:f7ff66c7-e8d3-4996-9d6f-153ffac7d291', 0x613a313a7b693a303b733a32343a22656469746f722e656469746f722e62617369635f68746d6c223b7d),
('config.entity.key_store.entity_form_display', 'uuid:043b2543-31b9-48d7-9be5-7ffc335fdad1', 0x613a313a7b693a303b733a35333a22636f72652e656e746974795f666f726d5f646973706c61792e7061726167726170682e696d616765735f726f772e64656661756c74223b7d),
('config.entity.key_store.entity_form_display', 'uuid:055dd1b8-f27c-449d-94bc-35fa666cb5b8', 0x613a313a7b693a303b733a34353a22636f72652e656e746974795f666f726d5f646973706c61792e6e6f64652e61727469636c652e64656661756c74223b7d),
('config.entity.key_store.entity_form_display', 'uuid:07704ea5-b6e7-4531-95b9-04f4a92fcf29', 0x613a313a7b693a303b733a34373a22636f72652e656e746974795f666f726d5f646973706c61792e7061726167726170682e6c6f676f2e64656661756c74223b7d),
('config.entity.key_store.entity_form_display', 'uuid:0ca51fdc-afa5-4fb1-9eb4-192cd946f34e', 0x613a313a7b693a303b733a34383a22636f72652e656e746974795f666f726d5f646973706c61792e7061726167726170682e696d6167652e64656661756c74223b7d),
('config.entity.key_store.entity_form_display', 'uuid:0de6bff2-3fee-4f79-a991-3f6c2d01acb3', 0x613a313a7b693a303b733a35353a22636f72652e656e746974795f666f726d5f646973706c61792e7061726167726170682e696d6167655f627574746f6e2e64656661756c74223b7d),
('config.entity.key_store.entity_form_display', 'uuid:0e160f6f-3e2f-44ea-bfa8-e56d003f7909', 0x613a313a7b693a303b733a34373a22636f72652e656e746974795f666f726d5f646973706c61792e7061726167726170682e66696c652e64656661756c74223b7d),
('config.entity.key_store.entity_form_display', 'uuid:10a35751-fc3f-40a3-b4fa-203e57405754', 0x613a313a7b693a303b733a34373a22636f72652e656e746974795f666f726d5f646973706c61792e7061726167726170682e6c696e6b2e64656661756c74223b7d),
('config.entity.key_store.entity_form_display', 'uuid:169d701f-62ea-4271-8c4c-10334686eb7f', 0x613a313a7b693a303b733a35353a22636f72652e656e746974795f666f726d5f646973706c61792e7061726167726170682e636172645f63616c6c6f75742e64656661756c74223b7d),
('config.entity.key_store.entity_form_display', 'uuid:17921a5f-3af7-46e3-bf1e-3e0744043326', 0x613a313a7b693a303b733a35353a22636f72652e656e746974795f666f726d5f646973706c61792e7061726167726170682e6865726f5f7374796c655f322e64656661756c74223b7d),
('config.entity.key_store.entity_form_display', 'uuid:383d501a-ba53-4fcd-a5b0-27afce57d041', 0x613a313a7b693a303b733a35313a22636f72652e656e746974795f666f726d5f646973706c61792e626c6f636b5f636f6e74656e742e6865726f2e64656661756c74223b7d),
('config.entity.key_store.entity_form_display', 'uuid:3b622cfe-7935-446a-85b7-44df7fd78053', 0x613a313a7b693a303b733a35383a22636f72652e656e746974795f666f726d5f646973706c61792e7061726167726170682e726563656e745f70726f6a656374732e64656661756c74223b7d),
('config.entity.key_store.entity_form_display', 'uuid:47f31fc5-5b5e-4b88-948d-937feefea226', 0x613a313a7b693a303b733a36343a22636f72652e656e746974795f666f726d5f646973706c61792e7061726167726170682e657870616e6461626c655f746578745f696d6167652e64656661756c74223b7d),
('config.entity.key_store.entity_form_display', 'uuid:48a91d32-88e2-4210-8f18-c0267397783c', 0x613a313a7b693a303b733a34373a22636f72652e656e746974795f666f726d5f646973706c61792e6e6f64652e686f6d655f706167652e64656661756c74223b7d),
('config.entity.key_store.entity_form_display', 'uuid:500a9c59-8109-4b1a-86e9-55b9d8687421', 0x613a313a7b693a303b733a34373a22636f72652e656e746974795f666f726d5f646973706c61792e7061726167726170682e746578742e64656661756c74223b7d),
('config.entity.key_store.entity_form_display', 'uuid:57b17561-7082-400b-9e36-c8e6a0dcd75f', 0x613a313a7b693a303b733a34353a22636f72652e656e746974795f666f726d5f646973706c61792e6e6f64652e70726f6a6563742e64656661756c74223b7d),
('config.entity.key_store.entity_form_display', 'uuid:5874fc80-7070-4475-9707-efa5db3c4b74', 0x613a313a7b693a303b733a34393a22636f72652e656e746974795f666f726d5f646973706c61792e7061726167726170682e7469636b65722e64656661756c74223b7d),
('config.entity.key_store.entity_form_display', 'uuid:5b1e8268-8546-4502-b64b-e2df4a3af261', 0x613a313a7b693a303b733a35343a22636f72652e656e746974795f666f726d5f646973706c61792e7061726167726170682e7469636b65725f6974656d2e64656661756c74223b7d),
('config.entity.key_store.entity_form_display', 'uuid:61c13c5d-4363-4573-81da-0051067651f8', 0x613a313a7b693a303b733a35353a22636f72652e656e746974795f666f726d5f646973706c61792e7061726167726170682e6865726f5f7374796c655f352e64656661756c74223b7d),
('config.entity.key_store.entity_form_display', 'uuid:68426060-398f-4464-b7be-ecde71fe6166', 0x613a313a7b693a303b733a35323a22636f72652e656e746974795f666f726d5f646973706c61792e626c6f636b5f636f6e74656e742e62617369632e64656661756c74223b7d),
('config.entity.key_store.entity_form_display', 'uuid:6eb87254-e4e0-4012-8289-f326741c5de2', 0x613a313a7b693a303b733a35353a22636f72652e656e746974795f666f726d5f646973706c61792e7061726167726170682e6865726f5f7374796c655f342e64656661756c74223b7d),
('config.entity.key_store.entity_form_display', 'uuid:79553f84-c60d-4981-bc71-ca4e1185d48b', 0x613a313a7b693a303b733a35343a22636f72652e656e746974795f666f726d5f646973706c61792e7061726167726170682e69636f6e5f627574746f6e2e64656661756c74223b7d),
('config.entity.key_store.entity_form_display', 'uuid:87fa73a9-4987-4e7e-9cc1-306bba39e373', 0x613a313a7b693a303b733a34323a22636f72652e656e746974795f666f726d5f646973706c61792e6e6f64652e706167652e64656661756c74223b7d),
('config.entity.key_store.entity_form_display', 'uuid:8dac60ca-438a-40f9-8118-82d7e97cdef4', 0x613a313a7b693a303b733a35353a22636f72652e656e746974795f666f726d5f646973706c61792e7061726167726170682e6865726f5f7374796c655f332e64656661756c74223b7d),
('config.entity.key_store.entity_form_display', 'uuid:8e27e954-b3b7-44e0-8778-2136553f0a68', 0x613a313a7b693a303b733a34323a22636f72652e656e746974795f666f726d5f646973706c61792e757365722e757365722e64656661756c74223b7d),
('config.entity.key_store.entity_form_display', 'uuid:907fd34a-f359-4adf-8f27-0fa57eba95e8', 0x613a313a7b693a303b733a34363a22636f72652e656e746974795f666f726d5f646973706c61792e7061726167726170682e7074312e64656661756c74223b7d),
('config.entity.key_store.entity_form_display', 'uuid:95fd061b-ffba-4fad-9f42-324f5594bc27', 0x613a313a7b693a303b733a34363a22636f72652e656e746974795f666f726d5f646973706c61792e7061726167726170682e7074322e64656661756c74223b7d),
('config.entity.key_store.entity_form_display', 'uuid:a70dd665-b94e-49fc-8eb7-906e92fbb902', 0x613a313a7b693a303b733a35323a22636f72652e656e746974795f666f726d5f646973706c61792e626c6f636b5f636f6e74656e742e6c6f676f732e64656661756c74223b7d),
('config.entity.key_store.entity_form_display', 'uuid:a852ff2d-0a38-4158-a2bc-c80ce108674b', 0x613a313a7b693a303b733a34383a22636f72652e656e746974795f666f726d5f646973706c61792e7061726167726170682e766964656f2e64656661756c74223b7d),
('config.entity.key_store.entity_form_display', 'uuid:b5dc1f42-fb1b-44c8-ac6c-db44c3143658', 0x613a313a7b693a303b733a34373a22636f72652e656e746974795f666f726d5f646973706c61792e7061726167726170682e766965772e64656661756c74223b7d),
('config.entity.key_store.entity_form_display', 'uuid:b7ae9d91-6ba6-4d10-85e4-63973b975957', 0x613a313a7b693a303b733a35373a22636f72652e656e746974795f666f726d5f646973706c61792e7061726167726170682e696d6167655f6361726f7573656c2e64656661756c74223b7d),
('config.entity.key_store.entity_form_display', 'uuid:c21ddbca-dfc1-4d30-aca7-41ab64fb1b9b', 0x613a313a7b693a303b733a35333a22636f72652e656e746974795f666f726d5f646973706c61792e7061726167726170682e70756c6c5f71756f74652e64656661756c74223b7d),
('config.entity.key_store.entity_form_display', 'uuid:cf2280ed-6f76-4ce4-b488-faa01edcc89d', 0x613a313a7b693a303b733a35393a22636f72652e656e746974795f666f726d5f646973706c61792e7061726167726170682e7265736f757263655f73656374696f6e2e64656661756c74223b7d),
('config.entity.key_store.entity_form_display', 'uuid:d5e870dc-5481-4d14-acd5-34c4108b9abb', 0x613a313a7b693a303b733a35303a22636f72652e656e746974795f666f726d5f646973706c61792e6e6f64652e6c616e64696e675f706167652e64656661756c74223b7d),
('config.entity.key_store.entity_form_display', 'uuid:d9908a76-282c-47e0-b22b-eaf4307cb7ff', 0x613a313a7b693a303b733a35303a22636f72652e656e746974795f666f726d5f646973706c61792e7061726167726170682e776562666f726d2e64656661756c74223b7d),
('config.entity.key_store.entity_form_display', 'uuid:da32768a-7597-4c2f-917f-5894ac7c1951', 0x613a313a7b693a303b733a34383a22636f72652e656e746974795f666f726d5f646973706c61792e7061726167726170682e6c6f676f732e64656661756c74223b7d),
('config.entity.key_store.entity_form_display', 'uuid:dbd46ff5-8a52-4e68-9b4a-ea6dbe819b80', 0x613a313a7b693a303b733a35343a22636f72652e656e746974795f666f726d5f646973706c61792e7061726167726170682e6c696e6b735f66696c65732e64656661756c74223b7d),
('config.entity.key_store.entity_form_display', 'uuid:ddd18e10-ed58-4b5d-b330-fd5277f5e339', 0x613a313a7b693a303b733a35353a22636f72652e656e746974795f666f726d5f646973706c61792e7061726167726170682e6865726f5f7374796c655f312e64656661756c74223b7d),
('config.entity.key_store.entity_form_display', 'uuid:e61e627c-cd0d-4e65-ae94-c487ecdff860', 0x613a313a7b693a303b733a34383a22636f72652e656e746974795f666f726d5f646973706c61792e7061726167726170682e626c7572622e64656661756c74223b7d),
('config.entity.key_store.entity_form_display', 'uuid:edb60ccd-e75a-4dd0-8435-d885c736196b', 0x613a313a7b693a303b733a35353a22636f72652e656e746974795f666f726d5f646973706c61792e6e6f64652e7265736f757263655f63617465676f72792e64656661756c74223b7d),
('config.entity.key_store.entity_form_display', 'uuid:ee6f60a0-6003-4663-8d2c-b38e785e1d9e', 0x613a313a7b693a303b733a35333a22636f72652e656e746974795f666f726d5f646973706c61792e7061726167726170682e746578745f696d6167652e64656661756c74223b7d),
('config.entity.key_store.entity_form_display', 'uuid:f8a7a176-7ab9-41ec-a051-a3c062130a3e', 0x613a313a7b693a303b733a35323a22636f72652e656e746974795f666f726d5f646973706c61792e7061726167726170682e7265736f75726365732e64656661756c74223b7d),
('config.entity.key_store.entity_form_mode', 'uuid:3eece100-97d7-4370-ac27-54e43ba12c7c', 0x613a313a7b693a303b733a33353a22636f72652e656e746974795f666f726d5f6d6f64652e757365722e7265676973746572223b7d),
('config.entity.key_store.entity_view_display', 'uuid:04e606e2-86a5-48f4-8b76-8d3ad108131d', 0x613a313a7b693a303b733a34323a22636f72652e656e746974795f766965775f646973706c61792e757365722e757365722e636f6d70616374223b7d),
('config.entity.key_store.entity_view_display', 'uuid:0587fe3f-90da-4337-973f-a02decec98a9', 0x613a313a7b693a303b733a35303a22636f72652e656e746974795f766965775f646973706c61792e7061726167726170682e776562666f726d2e64656661756c74223b7d),
('config.entity.key_store.entity_view_display', 'uuid:0642e6a3-98a0-491b-96d6-f6e888f5288f', 0x613a313a7b693a303b733a35343a22636f72652e656e746974795f766965775f646973706c61792e7061726167726170682e6c696e6b735f66696c65732e64656661756c74223b7d),
('config.entity.key_store.entity_view_display', 'uuid:0ce8a2df-e001-431b-84a3-4dbb599931b7', 0x613a313a7b693a303b733a35383a22636f72652e656e746974795f766965775f646973706c61792e7061726167726170682e726563656e745f70726f6a656374732e64656661756c74223b7d),
('config.entity.key_store.entity_view_display', 'uuid:135746b1-0a4b-4010-a27e-011511baa415', 0x613a313a7b693a303b733a35353a22636f72652e656e746974795f766965775f646973706c61792e7061726167726170682e696d6167655f627574746f6e2e64656661756c74223b7d),
('config.entity.key_store.entity_view_display', 'uuid:15bd5c5a-da44-4391-bffa-739550d06b94', 0x613a313a7b693a303b733a34383a22636f72652e656e746974795f766965775f646973706c61792e7061726167726170682e766964656f2e64656661756c74223b7d),
('config.entity.key_store.entity_view_display', 'uuid:1d23c5a2-5c89-4a24-be72-195b20320f4b', 0x613a313a7b693a303b733a35393a22636f72652e656e746974795f766965775f646973706c61792e7061726167726170682e7265736f757263655f73656374696f6e2e64656661756c74223b7d),
('config.entity.key_store.entity_view_display', 'uuid:21940d4a-c43b-412a-a325-dbc95e29808f', 0x613a313a7b693a303b733a34313a22636f72652e656e746974795f766965775f646973706c61792e6e6f64652e61727469636c652e727373223b7d),
('config.entity.key_store.entity_view_display', 'uuid:2712cae7-d0a7-42bf-acbd-2ab5532f6bff', 0x613a313a7b693a303b733a35323a22636f72652e656e746974795f766965775f646973706c61792e626c6f636b5f636f6e74656e742e6c6f676f732e64656661756c74223b7d),
('config.entity.key_store.entity_view_display', 'uuid:27b1a491-8160-4523-8117-80092ef10640', 0x613a313a7b693a303b733a34313a22636f72652e656e746974795f766965775f646973706c61792e6e6f64652e706167652e746561736572223b7d),
('config.entity.key_store.entity_view_display', 'uuid:2c85694b-289e-4647-bf80-77a6e4f814eb', 0x613a313a7b693a303b733a36343a22636f72652e656e746974795f766965775f646973706c61792e7061726167726170682e657870616e6461626c655f746578745f696d6167652e64656661756c74223b7d),
('config.entity.key_store.entity_view_display', 'uuid:2e98e04c-5d19-45aa-a746-e09d32862222', 0x613a313a7b693a303b733a34393a22636f72652e656e746974795f766965775f646973706c61792e7061726167726170682e7469636b65722e64656661756c74223b7d),
('config.entity.key_store.entity_view_display', 'uuid:30072928-d3f9-45f4-937d-df92154b19b5', 0x613a313a7b693a303b733a35323a22636f72652e656e746974795f766965775f646973706c61792e7061726167726170682e7265736f75726365732e64656661756c74223b7d),
('config.entity.key_store.entity_view_display', 'uuid:33308658-cf65-4f28-8a5c-f59d47b8ba9a', 0x613a313a7b693a303b733a35333a22636f72652e656e746974795f766965775f646973706c61792e7061726167726170682e696d616765735f726f772e64656661756c74223b7d),
('config.entity.key_store.entity_view_display', 'uuid:338b6989-194d-4a41-a090-f205d266269c', 0x613a313a7b693a303b733a35323a22636f72652e656e746974795f766965775f646973706c61792e626c6f636b5f636f6e74656e742e62617369632e64656661756c74223b7d),
('config.entity.key_store.entity_view_display', 'uuid:35cf0f79-512a-4746-b7be-270fb023eff6', 0x613a313a7b693a303b733a34323a22636f72652e656e746974795f766965775f646973706c61792e757365722e757365722e64656661756c74223b7d),
('config.entity.key_store.entity_view_display', 'uuid:3632a8d3-cef8-4226-8532-f6e66668a477', 0x613a313a7b693a303b733a35343a22636f72652e656e746974795f766965775f646973706c61792e6e6f64652e7265736f757263655f63617465676f72792e746561736572223b7d),
('config.entity.key_store.entity_view_display', 'uuid:388d5ae8-9be4-491b-a7f8-cfd29f7ffb24', 0x613a313a7b693a303b733a34383a22636f72652e656e746974795f766965775f646973706c61792e7061726167726170682e6c6f676f732e64656661756c74223b7d),
('config.entity.key_store.entity_view_display', 'uuid:439d0f3b-dbae-4eca-b46b-7eceb90d9a7b', 0x613a313a7b693a303b733a34363a22636f72652e656e746974795f766965775f646973706c61792e6e6f64652e686f6d655f706167652e746561736572223b7d),
('config.entity.key_store.entity_view_display', 'uuid:4e10cf18-05e2-482d-89c5-5fd67aa42573', 0x613a313a7b693a303b733a35303a22636f72652e656e746974795f766965775f646973706c61792e6e6f64652e6c616e64696e675f706167652e64656661756c74223b7d),
('config.entity.key_store.entity_view_display', 'uuid:60184ce3-10db-42fb-a11f-e868d371c26d', 0x613a313a7b693a303b733a34343a22636f72652e656e746974795f766965775f646973706c61792e6e6f64652e70726f6a6563742e746561736572223b7d),
('config.entity.key_store.entity_view_display', 'uuid:66a07860-0d5d-406a-bd9a-cf88a97f2b00', 0x613a313a7b693a303b733a34383a22636f72652e656e746974795f766965775f646973706c61792e7061726167726170682e696d6167652e64656661756c74223b7d),
('config.entity.key_store.entity_view_display', 'uuid:6bb142c0-9d5c-4d8a-8d5d-ac9d3e13baf6', 0x613a313a7b693a303b733a35353a22636f72652e656e746974795f766965775f646973706c61792e7061726167726170682e6865726f5f7374796c655f352e64656661756c74223b7d),
('config.entity.key_store.entity_view_display', 'uuid:6fa4fe0d-5833-4717-aff8-8e3189b0289f', 0x613a313a7b693a303b733a35313a22636f72652e656e746974795f766965775f646973706c61792e626c6f636b5f636f6e74656e742e6865726f2e64656661756c74223b7d),
('config.entity.key_store.entity_view_display', 'uuid:706ce358-70c9-4e9a-a3b3-5ecb6a27b755', 0x613a313a7b693a303b733a35353a22636f72652e656e746974795f766965775f646973706c61792e7061726167726170682e6865726f5f7374796c655f342e64656661756c74223b7d),
('config.entity.key_store.entity_view_display', 'uuid:73f261fa-e09b-427b-9d91-e22bc006ec7f', 0x613a313a7b693a303b733a34363a22636f72652e656e746974795f766965775f646973706c61792e7061726167726170682e7074312e64656661756c74223b7d),
('config.entity.key_store.entity_view_display', 'uuid:778f5ab4-192d-4871-a0e5-8edb6072a27f', 0x613a313a7b693a303b733a34393a22636f72652e656e746974795f766965775f646973706c61792e6e6f64652e6c616e64696e675f706167652e746561736572223b7d),
('config.entity.key_store.entity_view_display', 'uuid:7cd96762-8c1c-4fc8-83ff-ed134a3c175e', 0x613a313a7b693a303b733a35353a22636f72652e656e746974795f766965775f646973706c61792e7061726167726170682e6865726f5f7374796c655f312e64656661756c74223b7d),
('config.entity.key_store.entity_view_display', 'uuid:8924412e-b0af-4af5-90cd-30862f9153c9', 0x613a313a7b693a303b733a34323a22636f72652e656e746974795f766965775f646973706c61792e6e6f64652e706167652e64656661756c74223b7d),
('config.entity.key_store.entity_view_display', 'uuid:92e726bd-179b-457b-b0cc-82d28517bff6', 0x613a313a7b693a303b733a34373a22636f72652e656e746974795f766965775f646973706c61792e7061726167726170682e66696c652e64656661756c74223b7d),
('config.entity.key_store.entity_view_display', 'uuid:9558e0e4-d4c8-4aff-a79e-cede819cdbe5', 0x613a313a7b693a303b733a34373a22636f72652e656e746974795f766965775f646973706c61792e7061726167726170682e746578742e64656661756c74223b7d),
('config.entity.key_store.entity_view_display', 'uuid:96c11dcc-db93-4993-88c2-d88c7014c12d', 0x613a313a7b693a303b733a35353a22636f72652e656e746974795f766965775f646973706c61792e6e6f64652e7265736f757263655f63617465676f72792e64656661756c74223b7d),
('config.entity.key_store.entity_view_display', 'uuid:a24c604d-1eb8-44ca-a064-ce3eb7df4575', 0x613a313a7b693a303b733a35333a22636f72652e656e746974795f766965775f646973706c61792e7061726167726170682e70756c6c5f71756f74652e64656661756c74223b7d),
('config.entity.key_store.entity_view_display', 'uuid:a3302c80-4921-437f-b34c-9e0d3a0d0c7e', 0x613a313a7b693a303b733a35353a22636f72652e656e746974795f766965775f646973706c61792e7061726167726170682e636172645f63616c6c6f75742e64656661756c74223b7d),
('config.entity.key_store.entity_view_display', 'uuid:a331bfad-9143-4042-ae95-23e30cf81c55', 0x613a313a7b693a303b733a34373a22636f72652e656e746974795f766965775f646973706c61792e7061726167726170682e6c6f676f2e64656661756c74223b7d);
INSERT INTO `key_value` (`collection`, `name`, `value`) VALUES
('config.entity.key_store.entity_view_display', 'uuid:a3fdc131-4dff-4802-a10e-3a291dc8f6ed', 0x613a313a7b693a303b733a34343a22636f72652e656e746974795f766965775f646973706c61792e6e6f64652e61727469636c652e746561736572223b7d),
('config.entity.key_store.entity_view_display', 'uuid:a737ac81-20ca-4c11-91e1-10fad39d1b4d', 0x613a313a7b693a303b733a34353a22636f72652e656e746974795f766965775f646973706c61792e6e6f64652e70726f6a6563742e64656661756c74223b7d),
('config.entity.key_store.entity_view_display', 'uuid:abd17c6f-9f80-4748-a7f0-70c0f057c66d', 0x613a313a7b693a303b733a35333a22636f72652e656e746974795f766965775f646973706c61792e7061726167726170682e746578745f696d6167652e64656661756c74223b7d),
('config.entity.key_store.entity_view_display', 'uuid:ac645475-a352-4949-846d-f592f299cc2a', 0x613a313a7b693a303b733a35353a22636f72652e656e746974795f766965775f646973706c61792e7061726167726170682e6865726f5f7374796c655f332e64656661756c74223b7d),
('config.entity.key_store.entity_view_display', 'uuid:ae53723f-125d-4fbe-a38b-5ebf8b87dccb', 0x613a313a7b693a303b733a34383a22636f72652e656e746974795f766965775f646973706c61792e7061726167726170682e626c7572622e64656661756c74223b7d),
('config.entity.key_store.entity_view_display', 'uuid:b0c6b744-a308-4eff-9f3b-812d526c2809', 0x613a313a7b693a303b733a35343a22636f72652e656e746974795f766965775f646973706c61792e7061726167726170682e7469636b65725f6974656d2e64656661756c74223b7d),
('config.entity.key_store.entity_view_display', 'uuid:b8d5c2bb-de5e-4390-9486-b0a2e9324523', 0x613a313a7b693a303b733a35373a22636f72652e656e746974795f766965775f646973706c61792e7061726167726170682e696d6167655f6361726f7573656c2e64656661756c74223b7d),
('config.entity.key_store.entity_view_display', 'uuid:bf9cee71-3593-438e-a65e-79b5eb4cda9c', 0x613a313a7b693a303b733a34373a22636f72652e656e746974795f766965775f646973706c61792e6e6f64652e686f6d655f706167652e64656661756c74223b7d),
('config.entity.key_store.entity_view_display', 'uuid:c670bbda-eb1b-432a-8fbd-6b37a4f77939', 0x613a313a7b693a303b733a34363a22636f72652e656e746974795f766965775f646973706c61792e7061726167726170682e7074322e64656661756c74223b7d),
('config.entity.key_store.entity_view_display', 'uuid:d34e295d-fae7-40e6-84b6-a9f0af0d18dc', 0x613a313a7b693a303b733a35343a22636f72652e656e746974795f766965775f646973706c61792e7061726167726170682e69636f6e5f627574746f6e2e64656661756c74223b7d),
('config.entity.key_store.entity_view_display', 'uuid:e4b84d6a-a4c0-4000-b8ec-19575469d8ed', 0x613a313a7b693a303b733a34373a22636f72652e656e746974795f766965775f646973706c61792e7061726167726170682e6c696e6b2e64656661756c74223b7d),
('config.entity.key_store.entity_view_display', 'uuid:e523ddc2-9ec8-45dc-b9cd-46d53cbf8b13', 0x613a313a7b693a303b733a35353a22636f72652e656e746974795f766965775f646973706c61792e7061726167726170682e6865726f5f7374796c655f322e64656661756c74223b7d),
('config.entity.key_store.entity_view_display', 'uuid:f1b87958-1d7e-418b-863e-b3ce8e7baddf', 0x613a313a7b693a303b733a34353a22636f72652e656e746974795f766965775f646973706c61792e6e6f64652e61727469636c652e64656661756c74223b7d),
('config.entity.key_store.entity_view_display', 'uuid:f53e17da-bbcf-46c2-9d69-f399c5db685f', 0x613a313a7b693a303b733a34373a22636f72652e656e746974795f766965775f646973706c61792e7061726167726170682e766965772e64656661756c74223b7d),
('config.entity.key_store.entity_view_mode', 'uuid:0ebea98e-1352-467e-9db9-49272f6eeff0', 0x613a313a7b693a303b733a33393a22636f72652e656e746974795f766965775f6d6f64652e7061726167726170682e70726576696577223b7d),
('config.entity.key_store.entity_view_mode', 'uuid:1c7d9541-b849-438b-8664-05947d8d7260', 0x613a313a7b693a303b733a34303a22636f72652e656e746974795f766965775f6d6f64652e7461786f6e6f6d795f7465726d2e66756c6c223b7d),
('config.entity.key_store.entity_view_mode', 'uuid:21782fdc-e933-4ace-a45b-1f1002807132', 0x613a313a7b693a303b733a33323a22636f72652e656e746974795f766965775f6d6f64652e757365722e746f6b656e223b7d),
('config.entity.key_store.entity_view_mode', 'uuid:359bb5a4-766e-4055-bf2e-5623a1ca7bba', 0x613a313a7b693a303b733a34303a22636f72652e656e746974795f766965775f6d6f64652e626c6f636b5f636f6e74656e742e66756c6c223b7d),
('config.entity.key_store.entity_view_mode', 'uuid:362d7f9d-f33c-475e-9308-4b3d05d27551', 0x613a313a7b693a303b733a33363a22636f72652e656e746974795f766965775f6d6f64652e73686f72746375742e746f6b656e223b7d),
('config.entity.key_store.entity_view_mode', 'uuid:3846a6ff-afe9-468e-886b-63654d890741', 0x613a313a7b693a303b733a34313a22636f72652e656e746974795f766965775f6d6f64652e626c6f636b5f636f6e74656e742e746f6b656e223b7d),
('config.entity.key_store.entity_view_mode', 'uuid:48dfdcd8-f498-46dc-8147-5c8011d277fd', 0x613a313a7b693a303b733a33323a22636f72652e656e746974795f766965775f6d6f64652e63726f702e746f6b656e223b7d),
('config.entity.key_store.entity_view_mode', 'uuid:4e417942-174c-4340-8469-5467c4453b0e', 0x613a313a7b693a303b733a33323a22636f72652e656e746974795f766965775f6d6f64652e66696c652e746f6b656e223b7d),
('config.entity.key_store.entity_view_mode', 'uuid:4f7b5463-7ac9-41e6-bd38-41d60dd2e97b', 0x613a313a7b693a303b733a33343a22636f72652e656e746974795f766965775f6d6f64652e757365722e636f6d70616374223b7d),
('config.entity.key_store.entity_view_mode', 'uuid:54966cdf-4591-4659-9196-78f3d8de9e01', 0x613a313a7b693a303b733a33393a22636f72652e656e746974795f766965775f6d6f64652e6e6f64652e7365617263685f696e646578223b7d),
('config.entity.key_store.entity_view_mode', 'uuid:5f5c9ce2-61a2-4069-8ba5-77884c621675', 0x613a313a7b693a303b733a33333a22636f72652e656e746974795f766965775f6d6f64652e626c6f636b2e746f6b656e223b7d),
('config.entity.key_store.entity_view_mode', 'uuid:705001f9-49b3-44e4-a28b-a424bd2c4cde', 0x613a313a7b693a303b733a33333a22636f72652e656e746974795f766965775f6d6f64652e6e6f64652e746561736572223b7d),
('config.entity.key_store.entity_view_mode', 'uuid:75b8a221-3169-4e60-a5a3-f1c760d203fe', 0x613a313a7b693a303b733a33313a22636f72652e656e746974795f766965775f6d6f64652e757365722e66756c6c223b7d),
('config.entity.key_store.entity_view_mode', 'uuid:8979b222-aa50-45c1-b089-3277926bcb95', 0x613a313a7b693a303b733a34313a22636f72652e656e746974795f766965775f6d6f64652e7461786f6e6f6d795f7465726d2e746f6b656e223b7d),
('config.entity.key_store.entity_view_mode', 'uuid:b09b9d39-c486-4ce3-9497-fa1fb1620d16', 0x613a313a7b693a303b733a34373a22636f72652e656e746974795f766965775f6d6f64652e7265636170746368615f76335f616374696f6e2e746f6b656e223b7d),
('config.entity.key_store.entity_view_mode', 'uuid:ba5eb406-456e-4199-a9ef-7c2148f244f6', 0x613a313a7b693a303b733a33383a22636f72652e656e746974795f766965775f6d6f64652e706174685f616c6961732e746f6b656e223b7d),
('config.entity.key_store.entity_view_mode', 'uuid:dae1c1f8-35d6-4818-b7f3-814f8e77ef66', 0x613a313a7b693a303b733a33323a22636f72652e656e746974795f766965775f6d6f64652e6e6f64652e746f6b656e223b7d),
('config.entity.key_store.entity_view_mode', 'uuid:e0ae9259-fdc0-4bca-9396-a3d5a208032f', 0x613a313a7b693a303b733a33303a22636f72652e656e746974795f766965775f6d6f64652e6e6f64652e727373223b7d),
('config.entity.key_store.entity_view_mode', 'uuid:e73fef73-75f7-4e76-bff8-0f6371be8c3b', 0x613a313a7b693a303b733a33313a22636f72652e656e746974795f766965775f6d6f64652e6e6f64652e66756c6c223b7d),
('config.entity.key_store.entity_view_mode', 'uuid:efbf36e7-afab-4ea8-b087-01f285cb0d7f', 0x613a313a7b693a303b733a34353a22636f72652e656e746974795f766965775f6d6f64652e6d656e755f6c696e6b5f636f6e74656e742e746f6b656e223b7d),
('config.entity.key_store.entity_view_mode', 'uuid:f244ce73-16c1-41a2-b0bb-747d421d4338', 0x613a313a7b693a303b733a34303a22636f72652e656e746974795f766965775f6d6f64652e6e6f64652e7365617263685f726573756c74223b7d),
('config.entity.key_store.field_config', 'uuid:010546f6-d571-47f4-91d0-777b5436193b', 0x613a313a7b693a303b733a34393a226669656c642e6669656c642e7061726167726170682e6865726f5f7374796c655f332e6669656c645f686561646c696e65223b7d),
('config.entity.key_store.field_config', 'uuid:01852e03-f329-4b84-b584-728b355f192d', 0x613a313a7b693a303b733a34353a226669656c642e6669656c642e7061726167726170682e696d6167655f627574746f6e2e6669656c645f6c696e6b223b7d),
('config.entity.key_store.field_config', 'uuid:0cc173a7-820d-4e02-938c-9b3a2b099ffd', 0x613a313a7b693a303b733a34343a226669656c642e6669656c642e7061726167726170682e746578745f696d6167652e6669656c645f696d616765223b7d),
('config.entity.key_store.field_config', 'uuid:100d545a-5045-4bf5-a561-45c4567534a2', 0x613a313a7b693a303b733a34373a226669656c642e6669656c642e7061726167726170682e6c696e6b735f66696c65732e6669656c645f64697669646572223b7d),
('config.entity.key_store.field_config', 'uuid:10fcb08e-c4d4-4d4d-ad63-d7ecffdef87e', 0x613a313a7b693a303b733a34343a226669656c642e6669656c642e7061726167726170682e7469636b65725f6974656d2e6669656c645f6c696e6b223b7d),
('config.entity.key_store.field_config', 'uuid:172c57b4-a9b7-48cf-91bd-d6a30b61c8d5', 0x613a313a7b693a303b733a34323a226669656c642e6669656c642e7061726167726170682e626c7572622e6669656c645f686561646c696e65223b7d),
('config.entity.key_store.field_config', 'uuid:1c116ed0-5105-456f-819c-59866d34661a', 0x613a313a7b693a303b733a34343a226669656c642e6669656c642e6e6f64652e686f6d655f706167652e6669656c645f626e725f63616c6c6f7574223b7d),
('config.entity.key_store.field_config', 'uuid:1ca7ad8e-eb33-44d6-98ef-0e42201a4e99', 0x613a313a7b693a303b733a33383a226669656c642e6669656c642e7061726167726170682e7074322e6669656c645f7074325f7332223b7d),
('config.entity.key_store.field_config', 'uuid:1dbbc6c2-7207-4c5b-a935-907d86eaf2b8', 0x613a313a7b693a303b733a35333a226669656c642e6669656c642e6e6f64652e7265736f757263655f63617465676f72792e6669656c645f706167655f636f6e74656e74223b7d),
('config.entity.key_store.field_config', 'uuid:20525e27-ea01-44f1-846b-d2d6b45d459d', 0x613a313a7b693a303b733a33383a226669656c642e6669656c642e7061726167726170682e7074312e6669656c645f7074315f7335223b7d),
('config.entity.key_store.field_config', 'uuid:205c7eae-5482-4580-829f-ef097bbd8866', 0x613a313a7b693a303b733a35333a226669656c642e6669656c642e7061726167726170682e7265736f757263655f73656374696f6e2e6669656c645f686561646c696e65223b7d),
('config.entity.key_store.field_config', 'uuid:20d6996f-2f7b-4b21-980f-36e7cb1ad1a9', 0x613a313a7b693a303b733a32363a226669656c642e6669656c642e6e6f64652e706167652e626f6479223b7d),
('config.entity.key_store.field_config', 'uuid:22e7eec8-1097-450c-9f89-f24b6b77f69e', 0x613a313a7b693a303b733a33363a226669656c642e6669656c642e6e6f64652e686f6d655f706167652e6669656c645f687332223b7d),
('config.entity.key_store.field_config', 'uuid:23235483-71ad-4be9-a7ce-7b992fa2fc52', 0x613a313a7b693a303b733a34313a226669656c642e6669656c642e7061726167726170682e6c696e6b735f66696c65732e6669656c645f70223b7d),
('config.entity.key_store.field_config', 'uuid:23cd3c96-f749-4a81-b4dc-ae9c98f4431f', 0x613a313a7b693a303b733a34363a226669656c642e6669656c642e7061726167726170682e7265736f757263655f73656374696f6e2e6669656c645f70223b7d),
('config.entity.key_store.field_config', 'uuid:275b1e85-bc93-4970-a563-20757870a780', 0x613a313a7b693a303b733a33373a226669656c642e6669656c642e7061726167726170682e6c696e6b2e6669656c645f6c696e6b223b7d),
('config.entity.key_store.field_config', 'uuid:2ada8f03-1143-4820-89b7-ba936e487ca0', 0x613a313a7b693a303b733a34363a226669656c642e6669656c642e7061726167726170682e696d6167655f627574746f6e2e6669656c645f696d616765223b7d),
('config.entity.key_store.field_config', 'uuid:2c238c1d-9c33-4e5c-98db-4a3bafc6cabd', 0x613a313a7b693a303b733a34393a226669656c642e6669656c642e7061726167726170682e746578745f696d6167652e6669656c645f696d6167655f73696465223b7d),
('config.entity.key_store.field_config', 'uuid:2e7a3e71-719e-4d83-91dd-effecffcdad6', 0x613a313a7b693a303b733a34353a226669656c642e6669656c642e7061726167726170682e6865726f5f7374796c655f322e6669656c645f626f6479223b7d),
('config.entity.key_store.field_config', 'uuid:367d98b4-ce4a-4552-94ca-19e3152cddc8', 0x613a313a7b693a303b733a33363a226669656c642e6669656c642e626c6f636b5f636f6e74656e742e62617369632e626f6479223b7d),
('config.entity.key_store.field_config', 'uuid:37b36f5d-2483-42b5-94d9-98f4d4e4da29', 0x613a313a7b693a303b733a34343a226669656c642e6669656c642e6e6f64652e686f6d655f706167652e6669656c645f626e725f627574746f6e73223b7d),
('config.entity.key_store.field_config', 'uuid:39d63f0b-0b65-4769-af02-9255bbab319a', 0x613a313a7b693a303b733a34373a226669656c642e6669656c642e6e6f64652e7265736f757263655f63617465676f72792e6669656c645f626e725f6267223b7d),
('config.entity.key_store.field_config', 'uuid:3c71a0df-52f9-446b-91c3-6a5592322afd', 0x613a313a7b693a303b733a34353a226669656c642e6669656c642e7061726167726170682e6865726f5f7374796c655f322e6669656c645f6c697374223b7d),
('config.entity.key_store.field_config', 'uuid:3c83652c-b3fe-4291-a093-77d6e0de9b06', 0x613a313a7b693a303b733a33353a226669656c642e6669656c642e7061726167726170682e6c6f676f732e6669656c645f70223b7d),
('config.entity.key_store.field_config', 'uuid:3c9c6d28-5f6b-439e-a3e3-15fd5303ccfd', 0x613a313a7b693a303b733a34373a226669656c642e6669656c642e7061726167726170682e696d616765735f726f772e6669656c645f696d616765735f33223b7d),
('config.entity.key_store.field_config', 'uuid:3ce3e1d0-0cab-4981-a40e-ea8da80f7bf8', 0x613a313a7b693a303b733a33393a226669656c642e6669656c642e7061726167726170682e7265736f75726365732e6669656c645f70223b7d),
('config.entity.key_store.field_config', 'uuid:3daad801-3f63-4407-baa7-b4e26e9551bb', 0x613a313a7b693a303b733a34393a226669656c642e6669656c642e7061726167726170682e636172645f63616c6c6f75742e6669656c645f686561646c696e65223b7d),
('config.entity.key_store.field_config', 'uuid:428cb7a8-e5ea-4bad-b620-c9af16c02ad7', 0x613a313a7b693a303b733a33363a226669656c642e6669656c642e7061726167726170682e7469636b65722e6669656c645f70223b7d),
('config.entity.key_store.field_config', 'uuid:44e2b64d-cb11-4cdf-8eca-51975211e973', 0x613a313a7b693a303b733a33373a226669656c642e6669656c642e7061726167726170682e66696c652e6669656c645f66696c65223b7d),
('config.entity.key_store.field_config', 'uuid:45142c7f-7d35-4734-862f-25d2bedbef31', 0x613a313a7b693a303b733a33373a226669656c642e6669656c642e7061726167726170682e746578742e6669656c645f626f6479223b7d),
('config.entity.key_store.field_config', 'uuid:4b1bc51d-350b-4c0d-8e69-0e3539649021', 0x613a313a7b693a303b733a34323a226669656c642e6669656c642e6e6f64652e6c616e64696e675f706167652e6669656c645f626e725f6267223b7d),
('config.entity.key_store.field_config', 'uuid:50354838-1bc8-4420-9676-0c5013843197', 0x613a313a7b693a303b733a34363a226669656c642e6669656c642e7061726167726170682e70756c6c5f71756f74652e6669656c645f64697669646572223b7d),
('config.entity.key_store.field_config', 'uuid:51f917b8-8eb3-4f86-9603-40e47e4345a3', 0x613a313a7b693a303b733a34343a226669656c642e6669656c642e7061726167726170682e69636f6e5f627574746f6e2e6669656c645f69636f6e223b7d),
('config.entity.key_store.field_config', 'uuid:521e5928-f5c8-4510-811e-0b986b1d10c0', 0x613a313a7b693a303b733a33363a226669656c642e6669656c642e6e6f64652e686f6d655f706167652e6669656c645f687333223b7d),
('config.entity.key_store.field_config', 'uuid:53817a89-09bd-4454-902d-01080993fcd4', 0x613a313a7b693a303b733a34363a226669656c642e6669656c642e7061726167726170682e636172645f63616c6c6f75742e6669656c645f696d616765223b7d),
('config.entity.key_store.field_config', 'uuid:54420077-bd20-4baf-8f32-a189d21ac1e1', 0x613a313a7b693a303b733a33363a226669656c642e6669656c642e6e6f64652e70726f6a6563742e6669656c645f696d616765223b7d),
('config.entity.key_store.field_config', 'uuid:57e85948-2ea9-4f25-8d1e-83b54e73239f', 0x613a313a7b693a303b733a34303a226669656c642e6669656c642e7061726167726170682e746578742e6669656c645f64697669646572223b7d),
('config.entity.key_store.field_config', 'uuid:5e6d9ea4-69e0-435a-91af-161c32b7020c', 0x613a313a7b693a303b733a34343a226669656c642e6669656c642e7061726167726170682e69636f6e5f627574746f6e2e6669656c645f6c696e6b223b7d),
('config.entity.key_store.field_config', 'uuid:60a08eb7-546e-4c1a-998b-f982667127c4', 0x613a313a7b693a303b733a34353a226669656c642e6669656c642e7061726167726170682e636172645f63616c6c6f75742e6669656c645f69636f6e223b7d),
('config.entity.key_store.field_config', 'uuid:60c156a2-75de-4b7c-a89e-e39059c9ee5f', 0x613a313a7b693a303b733a34303a226669656c642e6669656c642e7061726167726170682e776562666f726d2e6669656c645f626f6479223b7d),
('config.entity.key_store.field_config', 'uuid:663d5711-9cdd-44ad-a60b-7c28ffc7254a', 0x613a313a7b693a303b733a33363a226669656c642e6669656c642e6e6f64652e61727469636c652e6669656c645f696d616765223b7d),
('config.entity.key_store.field_config', 'uuid:6b30233b-d587-4e46-b0e5-e92f00a50ab9', 0x613a313a7b693a303b733a34393a226669656c642e6669656c642e7061726167726170682e696d6167655f6361726f7573656c2e6669656c645f696d61676573223b7d),
('config.entity.key_store.field_config', 'uuid:6bd01a65-120c-430f-82d2-310f6c40bd4c', 0x613a313a7b693a303b733a33343a226669656c642e6669656c642e6e6f64652e70726f6a6563742e6669656c645f706466223b7d),
('config.entity.key_store.field_config', 'uuid:6c4fd0d2-f6a6-4fb1-8dcd-139db4b9230c', 0x613a313a7b693a303b733a34363a226669656c642e6669656c642e6e6f64652e7265736f757263655f63617465676f72792e6669656c645f696d616765223b7d),
('config.entity.key_store.field_config', 'uuid:6ccceb3d-83e3-4609-b8ae-b5d160b311aa', 0x613a313a7b693a303b733a34353a226669656c642e6669656c642e7061726167726170682e6865726f5f7374796c655f352e6669656c645f626f6479223b7d),
('config.entity.key_store.field_config', 'uuid:6f607c69-4f3e-4fd3-8bb3-25f01e53a2dd', 0x613a313a7b693a303b733a34373a226669656c642e6669656c642e6e6f64652e6c616e64696e675f706167652e6669656c645f626e725f63616c6c6f7574223b7d),
('config.entity.key_store.field_config', 'uuid:713643f8-54d2-4f4d-a02e-4fd2e9451f2d', 0x613a313a7b693a303b733a35323a226669656c642e6669656c642e7061726167726170682e6865726f5f7374796c655f352e6669656c645f69636f6e5f627574746f6e223b7d),
('config.entity.key_store.field_config', 'uuid:71536bbe-04e8-4d80-95d3-eb5d2b75c928', 0x613a313a7b693a303b733a33363a226669656c642e6669656c642e6e6f64652e686f6d655f706167652e6669656c645f687331223b7d),
('config.entity.key_store.field_config', 'uuid:71a06b9a-d826-4796-8698-09b0ffb05cac', 0x613a313a7b693a303b733a33373a226669656c642e6669656c642e7061726167726170682e766965772e6669656c645f76696577223b7d),
('config.entity.key_store.field_config', 'uuid:754e7f5b-c918-4067-adbe-2bb6cd3240fb', 0x613a313a7b693a303b733a34323a226669656c642e6669656c642e6e6f64652e70726f6a6563742e6669656c645f626e725f73756274657874223b7d),
('config.entity.key_store.field_config', 'uuid:7a7e354f-ebe8-4d73-9bb9-2491baf254e2', 0x613a313a7b693a303b733a34343a226669656c642e6669656c642e6e6f64652e686f6d655f706167652e6669656c645f626e725f73756274657874223b7d),
('config.entity.key_store.field_config', 'uuid:7b61d07b-db34-4bbd-a225-cfef4cdf86c2', 0x613a313a7b693a303b733a33393a226669656c642e6669656c642e626c6f636b5f636f6e74656e742e6c6f676f732e6669656c645f70223b7d),
('config.entity.key_store.field_config', 'uuid:7c1461af-e2bc-4d43-b01f-8e3bd00acfe4', 0x613a313a7b693a303b733a33383a226669656c642e6669656c642e7061726167726170682e7074312e6669656c645f7074315f7333223b7d),
('config.entity.key_store.field_config', 'uuid:7eaa7733-1d98-40e8-bee2-b96cf81ca163', 0x613a313a7b693a303b733a34333a226669656c642e6669656c642e7061726167726170682e776562666f726d2e6669656c645f776562666f726d223b7d),
('config.entity.key_store.field_config', 'uuid:7eed3dca-5756-4641-8849-ae921ab5541e', 0x613a313a7b693a303b733a33393a226669656c642e6669656c642e7061726167726170682e776562666f726d2e6669656c645f705f33223b7d),
('config.entity.key_store.field_config', 'uuid:7ff14399-d124-4e0e-bed1-b9bed2238d92', 0x613a313a7b693a303b733a33393a226669656c642e6669656c642e7061726167726170682e766964656f2e6669656c645f766964656f223b7d),
('config.entity.key_store.field_config', 'uuid:8054efd3-ecf8-4497-ae1d-d70ad4cc6a41', 0x613a313a7b693a303b733a34323a226669656c642e6669656c642e6e6f64652e61727469636c652e6669656c645f626e725f73756274657874223b7d),
('config.entity.key_store.field_config', 'uuid:8ab7dd13-b52f-42d1-ac73-7bc060215daf', 0x613a313a7b693a303b733a33383a226669656c642e6669656c642e7061726167726170682e6c6f676f2e6669656c645f696d616765223b7d),
('config.entity.key_store.field_config', 'uuid:8f2c997c-9fbd-4858-9b58-73acc2c4d384', 0x613a313a7b693a303b733a33383a226669656c642e6669656c642e7061726167726170682e7074312e6669656c645f7074315f7332223b7d),
('config.entity.key_store.field_config', 'uuid:91300611-3a2d-4509-a5dc-98aadc69c681', 0x613a313a7b693a303b733a35383a226669656c642e6669656c642e7061726167726170682e657870616e6461626c655f746578745f696d6167652e6669656c645f686561646c696e65223b7d),
('config.entity.key_store.field_config', 'uuid:92054dff-ea38-46f0-b87a-dd2a93158d60', 0x613a313a7b693a303b733a34353a226669656c642e6669656c642e7061726167726170682e636172645f63616c6c6f75742e6669656c645f6c696e6b223b7d),
('config.entity.key_store.field_config', 'uuid:9209f0a6-ae9f-47b7-9883-4a3b11b21d86', 0x613a313a7b693a303b733a34373a226669656c642e6669656c642e7061726167726170682e6865726f5f7374796c655f332e6669656c645f62675f696d67223b7d),
('config.entity.key_store.field_config', 'uuid:9446b919-90e6-4d75-a5cd-83565a67f336', 0x613a313a7b693a303b733a34363a226669656c642e6669656c642e7061726167726170682e746578745f696d6167652e6669656c645f64697669646572223b7d),
('config.entity.key_store.field_config', 'uuid:98ce772d-719f-48dd-8957-21fe4b10dcaf', 0x613a313a7b693a303b733a33383a226669656c642e6669656c642e7061726167726170682e7074312e6669656c645f7074315f7334223b7d),
('config.entity.key_store.field_config', 'uuid:99be2b01-e598-4b9b-a50e-737414761df6', 0x613a313a7b693a303b733a34363a226669656c642e6669656c642e7061726167726170682e696d616765735f726f772e6669656c645f64697669646572223b7d),
('config.entity.key_store.field_config', 'uuid:9a22552c-dc89-463c-90d2-84a574cb39d1', 0x613a313a7b693a303b733a33373a226669656c642e6669656c642e6e6f64652e70726f6a6563742e6669656c645f626e725f6267223b7d),
('config.entity.key_store.field_config', 'uuid:9c37cd1b-410b-4008-9f21-1faa84e4cc35', 0x613a313a7b693a303b733a33373a226669656c642e6669656c642e6e6f64652e70726f6a6563742e6669656c645f737461747573223b7d),
('config.entity.key_store.field_config', 'uuid:9efc8194-26b1-46f3-977b-0c645e130f43', 0x613a313a7b693a303b733a34333a226669656c642e6669656c642e6e6f64652e61727469636c652e6669656c645f706167655f636f6e74656e74223b7d),
('config.entity.key_store.field_config', 'uuid:a11f2a77-c949-41a0-89b6-535eaa66c2f5', 0x613a313a7b693a303b733a34383a226669656c642e6669656c642e7061726167726170682e726563656e745f70726f6a656374732e6669656c645f626f6479223b7d),
('config.entity.key_store.field_config', 'uuid:a297f0cf-2130-40dc-9eb6-99c3be08a0cc', 0x613a313a7b693a303b733a34393a226669656c642e6669656c642e7061726167726170682e6865726f5f7374796c655f322e6669656c645f686561646c696e65223b7d),
('config.entity.key_store.field_config', 'uuid:a37ca8d3-513f-44f9-8d29-44a301d681ce', 0x613a313a7b693a303b733a34373a226669656c642e6669656c642e6e6f64652e6c616e64696e675f706167652e6669656c645f626e725f73756274657874223b7d),
('config.entity.key_store.field_config', 'uuid:a558159a-9141-4cca-b8b8-c77cadafd772', 0x613a313a7b693a303b733a35353a226669656c642e6669656c642e7061726167726170682e726563656e745f70726f6a656374732e6669656c645f69636f6e5f627574746f6e223b7d),
('config.entity.key_store.field_config', 'uuid:a5e64511-6ddd-4dc0-a134-8dd246940385', 0x613a313a7b693a303b733a35343a226669656c642e6669656c642e7061726167726170682e657870616e6461626c655f746578745f696d6167652e6669656c645f626f6479223b7d),
('config.entity.key_store.field_config', 'uuid:a6178314-ef3b-4886-8ddd-c3cbe4f1833d', 0x613a313a7b693a303b733a34343a226669656c642e6669656c642e7061726167726170682e776562666f726d2e6669656c645f686561646c696e65223b7d),
('config.entity.key_store.field_config', 'uuid:a7989544-ab17-437b-a538-1556d212c097', 0x613a313a7b693a303b733a34393a226669656c642e6669656c642e7061726167726170682e6865726f5f7374796c655f342e6669656c645f686561646c696e65223b7d),
('config.entity.key_store.field_config', 'uuid:aa4c76c9-ceba-4d27-a86a-45ecb97550bb', 0x613a313a7b693a303b733a33363a226669656c642e6669656c642e6e6f64652e70726f6a6563742e6669656c645f6c696e6b73223b7d),
('config.entity.key_store.field_config', 'uuid:acc15ba1-4b7b-4c3b-b010-8d243540d8bb', 0x613a313a7b693a303b733a36303a226669656c642e6669656c642e7061726167726170682e657870616e6461626c655f746578745f696d6167652e6669656c645f626f64795f62656c6f77223b7d),
('config.entity.key_store.field_config', 'uuid:b13c6b11-95ba-44fd-9a66-f7058637a097', 0x613a313a7b693a303b733a34363a226669656c642e6669656c642e7061726167726170682e6865726f5f7374796c655f332e6669656c645f766964656f223b7d),
('config.entity.key_store.field_config', 'uuid:b21f62a7-22ea-46a5-828b-1f931fb67ae0', 0x613a313a7b693a303b733a35353a226669656c642e6669656c642e7061726167726170682e657870616e6461626c655f746578745f696d6167652e6669656c645f696d616765223b7d),
('config.entity.key_store.field_config', 'uuid:b2962650-b109-42e1-8d2e-aeb0dfe678bd', 0x613a313a7b693a303b733a34373a226669656c642e6669656c642e7061726167726170682e6865726f5f7374796c655f352e6669656c645f62675f696d67223b7d),
('config.entity.key_store.field_config', 'uuid:b96be995-bea2-4348-8020-8e710ecf3576', 0x613a313a7b693a303b733a34393a226669656c642e6669656c642e7061726167726170682e6865726f5f7374796c655f312e6669656c645f686561646c696e65223b7d),
('config.entity.key_store.field_config', 'uuid:bddbb444-7224-43ca-b474-9211320667fa', 0x613a313a7b693a303b733a34353a226669656c642e6669656c642e626c6f636b5f636f6e74656e742e6865726f2e6669656c645f6f7665726c696e65223b7d),
('config.entity.key_store.field_config', 'uuid:bf0e2732-25c4-4ed8-b85f-832f40e63000', 0x613a313a7b693a303b733a34393a226669656c642e6669656c642e7061726167726170682e6865726f5f7374796c655f352e6669656c645f686561646c696e65223b7d),
('config.entity.key_store.field_config', 'uuid:c2d6b9c2-eb8c-4fdc-b7e5-c9c0a58ceab0', 0x613a313a7b693a303b733a35323a226669656c642e6669656c642e7061726167726170682e726563656e745f70726f6a656374732e6669656c645f686561646c696e65223b7d),
('config.entity.key_store.field_config', 'uuid:c2df9653-0b12-4c64-a133-763e0d1a86cb', 0x613a313a7b693a303b733a34313a226669656c642e6669656c642e7061726167726170682e696d6167652e6669656c645f64697669646572223b7d),
('config.entity.key_store.field_config', 'uuid:c4775551-d17e-4f97-8aae-64f15ba302c7', 0x613a313a7b693a303b733a34373a226669656c642e6669656c642e7061726167726170682e6865726f5f7374796c655f322e6669656c645f62675f696d67223b7d),
('config.entity.key_store.field_config', 'uuid:c673c2a1-a2b5-46e0-8f55-9733382b32a4', 0x613a313a7b693a303b733a34393a226669656c642e6669656c642e7061726167726170682e696d6167655f627574746f6e2e6669656c645f686561646c696e65223b7d),
('config.entity.key_store.field_config', 'uuid:c71c7253-61f5-488b-8cd7-ef337f6901be', 0x613a313a7b693a303b733a35303a226669656c642e6669656c642e7061726167726170682e696d6167655f6361726f7573656c2e6669656c645f64697669646572223b7d),
('config.entity.key_store.field_config', 'uuid:c73f9953-808e-48b1-96f9-8c5348f9e3e6', 0x613a313a7b693a303b733a34353a226669656c642e6669656c642e7061726167726170682e6865726f5f7374796c655f332e6669656c645f626f6479223b7d),
('config.entity.key_store.field_config', 'uuid:c789f78a-ff24-46b8-8487-c4ec7250b4cb', 0x613a313a7b693a303b733a34353a226669656c642e6669656c642e7061726167726170682e636172645f63616c6c6f75742e6669656c645f626f6479223b7d),
('config.entity.key_store.field_config', 'uuid:c8d7bbfb-7924-410e-ae3d-cc73b989ffa4', 0x613a313a7b693a303b733a33383a226669656c642e6669656c642e7061726167726170682e7074322e6669656c645f7074325f7331223b7d),
('config.entity.key_store.field_config', 'uuid:cc254b59-b905-41fe-b998-b462d53bc9db', 0x613a313a7b693a303b733a36303a226669656c642e6669656c642e7061726167726170682e657870616e6461626c655f746578745f696d6167652e6669656c645f696d6167655f73696465223b7d),
('config.entity.key_store.field_config', 'uuid:cdb9ccd4-836c-4d4a-b8d6-bf4067b125b6', 0x613a313a7b693a303b733a35393a226669656c642e6669656c642e7061726167726170682e6865726f5f7374796c655f312e6669656c645f6865726f5f7374796c655f315f6361726473223b7d),
('config.entity.key_store.field_config', 'uuid:d121980c-5c7b-44a4-8244-a4e2e5a12017', 0x613a313a7b693a303b733a34353a226669656c642e6669656c642e626c6f636b5f636f6e74656e742e6865726f2e6669656c645f686561646c696e65223b7d),
('config.entity.key_store.field_config', 'uuid:d282468c-a6b8-4c89-a8ec-12709ffe82f5', 0x613a313a7b693a303b733a34333a226669656c642e6669656c642e7061726167726170682e70756c6c5f71756f74652e6669656c645f626f6479223b7d),
('config.entity.key_store.field_config', 'uuid:d637d750-7358-4f2b-9ab1-ee5d897a4fe6', 0x613a313a7b693a303b733a34363a226669656c642e6669656c642e7061726167726170682e6865726f5f7374796c655f342e6669656c645f6c696e6573223b7d),
('config.entity.key_store.field_config', 'uuid:d9cb0239-9342-4dd7-8ac5-27f10af2ea82', 0x613a313a7b693a303b733a33383a226669656c642e6669656c642e7061726167726170682e7074322e6669656c645f7074325f7333223b7d),
('config.entity.key_store.field_config', 'uuid:db1638e8-05ef-4c4d-a576-f0d37755c9e0', 0x613a313a7b693a303b733a34363a226669656c642e6669656c642e7061726167726170682e6865726f5f7374796c655f312e6669656c645f6c696e6573223b7d),
('config.entity.key_store.field_config', 'uuid:dc5e98b9-3a3c-4708-8897-da655e3e1666', 0x613a313a7b693a303b733a34383a226669656c642e6669656c642e6e6f64652e6c616e64696e675f706167652e6669656c645f706167655f636f6e74656e74223b7d),
('config.entity.key_store.field_config', 'uuid:e000a0c2-dd82-4693-aa66-7d59969e0d5d', 0x613a313a7b693a303b733a33373a226669656c642e6669656c642e7061726167726170682e6c6f676f2e6669656c645f6c696e6b223b7d),
('config.entity.key_store.field_config', 'uuid:e472a53c-bba6-4567-b6ea-e56a0dbbc48a', 0x613a313a7b693a303b733a34383a226669656c642e6669656c642e7061726167726170682e7469636b65725f6974656d2e6669656c645f686561646c696e65223b7d),
('config.entity.key_store.field_config', 'uuid:e4bb6513-1f53-47ff-ae91-0a5d428b74d0', 0x613a313a7b693a303b733a34313a226669656c642e6669656c642e7061726167726170682e766964656f2e6669656c645f64697669646572223b7d),
('config.entity.key_store.field_config', 'uuid:ea6c7538-61b8-4898-90ac-9dbc450f14fb', 0x613a313a7b693a303b733a34343a226669656c642e6669656c642e626c6f636b5f636f6e74656e742e6865726f2e6669656c645f627574746f6e73223b7d),
('config.entity.key_store.field_config', 'uuid:ebc755fb-b30e-4c80-b49f-6db244b632dc', 0x613a313a7b693a303b733a34333a226669656c642e6669656c642e7061726167726170682e746578745f696d6167652e6669656c645f626f6479223b7d),
('config.entity.key_store.field_config', 'uuid:efeb2740-b75a-4005-8df5-b3e449c34584', 0x613a313a7b693a303b733a33383a226669656c642e6669656c642e6e6f64652e70726f6a6563742e6669656c645f617574686f7273223b7d),
('config.entity.key_store.field_config', 'uuid:f3d3f893-d288-4720-9744-2270c3fc9b11', 0x613a313a7b693a303b733a34333a226669656c642e6669656c642e6e6f64652e70726f6a6563742e6669656c645f706167655f636f6e74656e74223b7d),
('config.entity.key_store.field_config', 'uuid:f3f9b8c8-c362-47e6-81bb-51604e157283', 0x613a313a7b693a303b733a35323a226669656c642e6669656c642e6e6f64652e7265736f757263655f63617465676f72792e6669656c645f626e725f73756274657874223b7d),
('config.entity.key_store.field_config', 'uuid:f488fe9d-e738-474f-a7d4-669775b61d21', 0x613a313a7b693a303b733a33383a226669656c642e6669656c642e7061726167726170682e626c7572622e6669656c645f626f6479223b7d),
('config.entity.key_store.field_config', 'uuid:f59269c9-3a69-40aa-9cbd-5372f64125c1', 0x613a313a7b693a303b733a34353a226669656c642e6669656c642e7061726167726170682e7469636b65725f6974656d2e6669656c645f696d616765223b7d),
('config.entity.key_store.field_config', 'uuid:fc155137-05e5-496e-a381-c143085abe27', 0x613a313a7b693a303b733a33393a226669656c642e6669656c642e7061726167726170682e696d6167652e6669656c645f696d616765223b7d),
('config.entity.key_store.field_config', 'uuid:ff4efd92-31a9-454d-b4c0-af87c3c6253f', 0x613a313a7b693a303b733a33383a226669656c642e6669656c642e7061726167726170682e7074312e6669656c645f7074315f7331223b7d),
('config.entity.key_store.field_config', 'uuid:ff792705-84c2-4f7a-bc13-07a0615fe728', 0x613a313a7b693a303b733a33373a226669656c642e6669656c642e6e6f64652e61727469636c652e6669656c645f626e725f6267223b7d),
('config.entity.key_store.field_storage_config', 'uuid:0655cab6-762f-42bc-9197-aeaf50e1a655', 0x613a313a7b693a303b733a33323a226669656c642e73746f726167652e626c6f636b5f636f6e74656e742e626f6479223b7d),
('config.entity.key_store.field_storage_config', 'uuid:09fd0887-8d80-4169-a849-566c252cab66', 0x613a313a7b693a303b733a33343a226669656c642e73746f726167652e7061726167726170682e6669656c645f66696c65223b7d),
('config.entity.key_store.field_storage_config', 'uuid:15486227-a67d-4c8e-ae59-6e7822de482d', 0x613a313a7b693a303b733a33373a226669656c642e73746f726167652e6e6f64652e6669656c645f706167655f636f6e74656e74223b7d),
('config.entity.key_store.field_storage_config', 'uuid:1877c2e7-2c13-4948-a5da-ea3c40ae0118', 0x613a313a7b693a303b733a33363a226669656c642e73746f726167652e7061726167726170682e6669656c645f7074315f7332223b7d),
('config.entity.key_store.field_storage_config', 'uuid:1ec15de6-7279-496a-a800-0321bdb0bf45', 0x613a313a7b693a303b733a32383a226669656c642e73746f726167652e6e6f64652e6669656c645f687332223b7d),
('config.entity.key_store.field_storage_config', 'uuid:1fb84702-05d0-4ac0-832b-32cb60bda46f', 0x613a313a7b693a303b733a33343a226669656c642e73746f726167652e7061726167726170682e6669656c645f69636f6e223b7d),
('config.entity.key_store.field_storage_config', 'uuid:23f0f3c3-de80-4e6a-853a-53d2dd26afe2', 0x613a313a7b693a303b733a34303a226669656c642e73746f726167652e7061726167726170682e6669656c645f626f64795f62656c6f77223b7d),
('config.entity.key_store.field_storage_config', 'uuid:25536133-12c6-4771-bf33-d47455fdddee', 0x613a313a7b693a303b733a33363a226669656c642e73746f726167652e6e6f64652e6669656c645f626e725f627574746f6e73223b7d),
('config.entity.key_store.field_storage_config', 'uuid:269a1c14-ec19-4d2d-af89-c0aef32e2226', 0x613a313a7b693a303b733a34313a226669656c642e73746f726167652e626c6f636b5f636f6e74656e742e6669656c645f627574746f6e73223b7d),
('config.entity.key_store.field_storage_config', 'uuid:335ad8b7-e9ba-4e44-88af-36384109395a', 0x613a313a7b693a303b733a33383a226669656c642e73746f726167652e7061726167726170682e6669656c645f686561646c696e65223b7d),
('config.entity.key_store.field_storage_config', 'uuid:3709e121-4072-4b89-b78e-7c37696d6cba', 0x613a313a7b693a303b733a33353a226669656c642e73746f726167652e7061726167726170682e6669656c645f696d616765223b7d),
('config.entity.key_store.field_storage_config', 'uuid:3787d888-4f20-4553-8087-11e3baa6fb3f', 0x613a313a7b693a303b733a33373a226669656c642e73746f726167652e7061726167726170682e6669656c645f776562666f726d223b7d),
('config.entity.key_store.field_storage_config', 'uuid:3ca0ec86-8ea0-40a3-a358-f85ea5e967b6', 0x613a313a7b693a303b733a33363a226669656c642e73746f726167652e7061726167726170682e6669656c645f62675f696d67223b7d),
('config.entity.key_store.field_storage_config', 'uuid:3e6861ea-770f-4fbf-a553-c9cbdb39f9a7', 0x613a313a7b693a303b733a33303a226669656c642e73746f726167652e6e6f64652e6669656c645f6c696e6b73223b7d),
('config.entity.key_store.field_storage_config', 'uuid:3f8aa693-b768-446a-8e4b-72cf491ba767', 0x613a313a7b693a303b733a33383a226669656c642e73746f726167652e7061726167726170682e6669656c645f696d616765735f33223b7d),
('config.entity.key_store.field_storage_config', 'uuid:40b07664-79da-40ee-9e69-087025987b7e', 0x613a313a7b693a303b733a34323a226669656c642e73746f726167652e626c6f636b5f636f6e74656e742e6669656c645f686561646c696e65223b7d),
('config.entity.key_store.field_storage_config', 'uuid:4172fec1-b1cc-4dda-9d78-593d8732e2d1', 0x613a313a7b693a303b733a33363a226669656c642e73746f726167652e7061726167726170682e6669656c645f696d61676573223b7d),
('config.entity.key_store.field_storage_config', 'uuid:4546bf10-75cc-4b58-ac97-1f7bdf1dcb22', 0x613a313a7b693a303b733a33313a226669656c642e73746f726167652e6e6f64652e6669656c645f737461747573223b7d),
('config.entity.key_store.field_storage_config', 'uuid:533f93b2-30b9-44fb-a30d-db1f924e10d5', 0x613a313a7b693a303b733a33353a226669656c642e73746f726167652e7061726167726170682e6669656c645f766964656f223b7d),
('config.entity.key_store.field_storage_config', 'uuid:590fa6ef-3e75-4603-9b73-32e30c39103c', 0x613a313a7b693a303b733a32333a226669656c642e73746f726167652e6e6f64652e626f6479223b7d),
('config.entity.key_store.field_storage_config', 'uuid:5ca32327-a1b4-45ae-aa33-7a35de02971a', 0x613a313a7b693a303b733a32383a226669656c642e73746f726167652e6e6f64652e6669656c645f687333223b7d),
('config.entity.key_store.field_storage_config', 'uuid:5d9052d9-1946-42d0-8e07-08e0190ae947', 0x613a313a7b693a303b733a33363a226669656c642e73746f726167652e6e6f64652e6669656c645f626e725f63616c6c6f7574223b7d),
('config.entity.key_store.field_storage_config', 'uuid:653c5749-90bb-4748-9aaf-44919ff661f3', 0x613a313a7b693a303b733a33363a226669656c642e73746f726167652e7061726167726170682e6669656c645f7074315f7333223b7d),
('config.entity.key_store.field_storage_config', 'uuid:66ec879b-1978-4644-bd9f-84f6e307af04', 0x613a313a7b693a303b733a33353a226669656c642e73746f726167652e626c6f636b5f636f6e74656e742e6669656c645f70223b7d),
('config.entity.key_store.field_storage_config', 'uuid:69c56f4c-57dd-474d-ba24-7f777e7fbaa7', 0x613a313a7b693a303b733a32383a226669656c642e73746f726167652e6e6f64652e6669656c645f687331223b7d),
('config.entity.key_store.field_storage_config', 'uuid:6abfde7d-8eda-4b2d-a3b8-cd6d6a88d821', 0x613a313a7b693a303b733a33343a226669656c642e73746f726167652e7061726167726170682e6669656c645f626f6479223b7d),
('config.entity.key_store.field_storage_config', 'uuid:6d26f8dc-7301-45a2-a65f-410cdd866c8b', 0x613a313a7b693a303b733a34303a226669656c642e73746f726167652e7061726167726170682e6669656c645f696d6167655f73696465223b7d),
('config.entity.key_store.field_storage_config', 'uuid:724187b6-dc5a-43be-86c4-1889e15ef305', 0x613a313a7b693a303b733a34323a226669656c642e73746f726167652e626c6f636b5f636f6e74656e742e6669656c645f6f7665726c696e65223b7d),
('config.entity.key_store.field_storage_config', 'uuid:7644a17b-927c-4ca8-8d39-5ae98b72ed52', 0x613a313a7b693a303b733a33373a226669656c642e73746f726167652e7061726167726170682e6669656c645f64697669646572223b7d),
('config.entity.key_store.field_storage_config', 'uuid:785335fb-8f3f-49df-b7e4-9aa05deeb88b', 0x613a313a7b693a303b733a33343a226669656c642e73746f726167652e7061726167726170682e6669656c645f6c697374223b7d),
('config.entity.key_store.field_storage_config', 'uuid:8863519a-d69b-449b-8317-c3d92c87d385', 0x613a313a7b693a303b733a33313a226669656c642e73746f726167652e7061726167726170682e6669656c645f70223b7d),
('config.entity.key_store.field_storage_config', 'uuid:8e7f790f-756d-408a-997f-8da5866cac44', 0x613a313a7b693a303b733a33363a226669656c642e73746f726167652e6e6f64652e6669656c645f626e725f73756274657874223b7d),
('config.entity.key_store.field_storage_config', 'uuid:902c84a8-ee33-42dd-8823-e105357cc06b', 0x613a313a7b693a303b733a33343a226669656c642e73746f726167652e7061726167726170682e6669656c645f6c696e6b223b7d),
('config.entity.key_store.field_storage_config', 'uuid:947fce34-71c0-4280-b86f-b6efff5020d4', 0x613a313a7b693a303b733a33363a226669656c642e73746f726167652e7061726167726170682e6669656c645f7074315f7334223b7d),
('config.entity.key_store.field_storage_config', 'uuid:94e2a199-ac54-4363-be0d-a487f0da6425', 0x613a313a7b693a303b733a33353a226669656c642e73746f726167652e7061726167726170682e6669656c645f6c696e6573223b7d),
('config.entity.key_store.field_storage_config', 'uuid:95f1c245-e605-48dc-8943-9bfefd89a6ee', 0x613a313a7b693a303b733a33343a226669656c642e73746f726167652e7061726167726170682e6669656c645f76696577223b7d),
('config.entity.key_store.field_storage_config', 'uuid:96dbdc2c-eee8-4141-b3a5-4016da523ddb', 0x613a313a7b693a303b733a33363a226669656c642e73746f726167652e7061726167726170682e6669656c645f7074315f7331223b7d),
('config.entity.key_store.field_storage_config', 'uuid:9a34e938-a678-4b98-979d-bc02e5170196', 0x613a313a7b693a303b733a34383a226669656c642e73746f726167652e7061726167726170682e6669656c645f6865726f5f7374796c655f315f6361726473223b7d),
('config.entity.key_store.field_storage_config', 'uuid:b2ac3dea-8579-4540-b2f4-8142b4a7ea33', 0x613a313a7b693a303b733a33323a226669656c642e73746f726167652e6e6f64652e6669656c645f617574686f7273223b7d),
('config.entity.key_store.field_storage_config', 'uuid:b9bf441b-aad4-47aa-b34c-be24286cb1b9', 0x613a313a7b693a303b733a33313a226669656c642e73746f726167652e6e6f64652e6669656c645f626e725f6267223b7d),
('config.entity.key_store.field_storage_config', 'uuid:bc87f3b3-592c-41d2-a1df-cbe8a0212e71', 0x613a313a7b693a303b733a32383a226669656c642e73746f726167652e6e6f64652e6669656c645f706466223b7d),
('config.entity.key_store.field_storage_config', 'uuid:c4ff9e07-f278-455f-8bed-cea4f4fefa8a', 0x613a313a7b693a303b733a34313a226669656c642e73746f726167652e7061726167726170682e6669656c645f69636f6e5f627574746f6e223b7d),
('config.entity.key_store.field_storage_config', 'uuid:c9836ec3-0fca-4945-8b6a-4afff8c2077b', 0x613a313a7b693a303b733a33303a226669656c642e73746f726167652e6e6f64652e6669656c645f696d616765223b7d),
('config.entity.key_store.field_storage_config', 'uuid:ecf432de-1ebc-4a51-a0fe-61543b0d19c1', 0x613a313a7b693a303b733a33363a226669656c642e73746f726167652e7061726167726170682e6669656c645f7074325f7332223b7d),
('config.entity.key_store.field_storage_config', 'uuid:ef153f1c-9d00-4777-ad4b-0b98870dd28c', 0x613a313a7b693a303b733a33363a226669656c642e73746f726167652e7061726167726170682e6669656c645f7074325f7333223b7d),
('config.entity.key_store.field_storage_config', 'uuid:f2ffea3d-0086-46f9-ad7d-2fa19000e0b0', 0x613a313a7b693a303b733a33363a226669656c642e73746f726167652e7061726167726170682e6669656c645f7074315f7335223b7d),
('config.entity.key_store.field_storage_config', 'uuid:fa10075c-fdd5-4540-8ad8-970846db458d', 0x613a313a7b693a303b733a33333a226669656c642e73746f726167652e7061726167726170682e6669656c645f705f33223b7d),
('config.entity.key_store.field_storage_config', 'uuid:ffbd3de9-4e73-4d08-92e3-d11db6c15eb9', 0x613a313a7b693a303b733a33363a226669656c642e73746f726167652e7061726167726170682e6669656c645f7074325f7331223b7d),
('config.entity.key_store.filter_format', 'uuid:22834bd9-3506-4af6-b8e2-51741bcaf83b', 0x613a313a7b693a303b733a32333a2266696c7465722e666f726d61742e66756c6c5f68746d6c223b7d),
('config.entity.key_store.filter_format', 'uuid:4a0d99b0-3d4e-4343-be94-cc27e288d572', 0x613a313a7b693a303b733a32363a2266696c7465722e666f726d61742e6c696d697465645f68746d6c223b7d),
('config.entity.key_store.filter_format', 'uuid:6e8948d5-c35f-458a-8089-aeb8fa7f9b00', 0x613a313a7b693a303b733a32343a2266696c7465722e666f726d61742e62617369635f68746d6c223b7d),
('config.entity.key_store.filter_format', 'uuid:8bdc8f4c-9fe5-46ad-a658-800312ea6e80', 0x613a313a7b693a303b733a32393a2266696c7465722e666f726d61742e726573747269637465645f68746d6c223b7d),
('config.entity.key_store.filter_format', 'uuid:d03cca7b-8fa3-497e-9289-65063bfddf6f', 0x613a313a7b693a303b733a32343a2266696c7465722e666f726d61742e706c61696e5f74657874223b7d),
('config.entity.key_store.filter_format', 'uuid:f39c7edf-5f35-4ae5-ab97-60f7879c84e4', 0x613a313a7b693a303b733a32393a2266696c7465722e666f726d61742e776562666f726d5f64656661756c74223b7d),
('config.entity.key_store.image_style', 'uuid:095ea61c-0d7c-4dcd-a072-d67779795c87', 0x613a313a7b693a303b733a31383a22696d6167652e7374796c652e737175617265223b7d),
('config.entity.key_store.image_style', 'uuid:25cafc38-87c3-4fa3-9fa2-196323cbddf2', 0x613a313a7b693a303b733a33353a22696d6167652e7374796c652e6c696e6b69745f726573756c745f7468756d626e61696c223b7d),
('config.entity.key_store.image_style', 'uuid:3b146fb3-3e7e-4344-b724-aff6e9020da2', 0x613a313a7b693a303b733a31363a22696d6167652e7374796c652e39783130223b7d),
('config.entity.key_store.image_style', 'uuid:6aa4020c-78af-4aa3-b7f6-63fe9e11f6ed', 0x613a313a7b693a303b733a32363a22696d6167652e7374796c652e63726f705f7468756d626e61696c223b7d),
('config.entity.key_store.image_style', 'uuid:6c6db5f8-abb6-47f0-a1f3-83401ec4bf3f', 0x613a313a7b693a303b733a32333a22696d6167652e7374796c652e7371756172655f74696e79223b7d),
('config.entity.key_store.image_style', 'uuid:6f138012-c42f-4a28-83d1-857f8b9a547c', 0x613a313a7b693a303b733a31353a22696d6167652e7374796c652e347833223b7d),
('config.entity.key_store.image_style', 'uuid:7aa3acfc-6f8b-4a6d-bc3a-cac7f3272709', 0x613a313a7b693a303b733a31353a22696d6167652e7374796c652e327831223b7d),
('config.entity.key_store.image_style', 'uuid:8d37dcfb-4f6a-4da2-bc48-eea81a4d97db', 0x613a313a7b693a303b733a31353a22696d6167652e7374796c652e337834223b7d),
('config.entity.key_store.image_style', 'uuid:a06d21ec-1e6d-4a62-b47b-44a5157daa10', 0x613a313a7b693a303b733a32323a22696d6167652e7374796c652e66756c6c5f7769647468223b7d),
('config.entity.key_store.image_style', 'uuid:b8e287f9-7f00-4a01-8ede-9eb27a3ed5b4', 0x613a313a7b693a303b733a32313a22696d6167652e7374796c652e7468756d626e61696c223b7d),
('config.entity.key_store.image_style', 'uuid:dc958e0b-1d1e-4073-a404-a3ed40af2c87', 0x613a313a7b693a303b733a31383a22696d6167652e7374796c652e62616e6e6572223b7d),
('config.entity.key_store.linkit_profile', 'uuid:5e7f853d-dbb2-4637-921e-e06a5c0fb3bd', 0x613a313a7b693a303b733a32393a226c696e6b69742e6c696e6b69745f70726f66696c652e64656661756c74223b7d),
('config.entity.key_store.menu', 'uuid:0884c191-9870-42cc-8778-5a100f10aa67', 0x613a313a7b693a303b733a31383a2273797374656d2e6d656e752e666f6f746572223b7d),
('config.entity.key_store.menu', 'uuid:4f7846a3-7fd7-465a-a881-5fb55b1897a9', 0x613a313a7b693a303b733a31373a2273797374656d2e6d656e752e61646d696e223b7d),
('config.entity.key_store.menu', 'uuid:60e799de-4c56-4d9b-bd12-0f8f0ae23a83', 0x613a313a7b693a303b733a31363a2273797374656d2e6d656e752e6d61696e223b7d),
('config.entity.key_store.menu', 'uuid:6451edb2-c6c2-4204-82c3-a0bcc2f887e8', 0x613a313a7b693a303b733a31373a2273797374656d2e6d656e752e646576656c223b7d),
('config.entity.key_store.menu', 'uuid:a8951e6d-f255-487c-a886-c503fe721a94', 0x613a313a7b693a303b733a31373a2273797374656d2e6d656e752e746f6f6c73223b7d),
('config.entity.key_store.menu', 'uuid:e92b4313-4e3c-4971-8ce7-be284d14fa37', 0x613a313a7b693a303b733a31393a2273797374656d2e6d656e752e6163636f756e74223b7d),
('config.entity.key_store.metatag_defaults', 'uuid:03d55db1-d2f5-420d-be5a-ed6078bd74e6', 0x613a313a7b693a303b733a32393a226d6574617461672e6d6574617461675f64656661756c74732e6e6f6465223b7d),
('config.entity.key_store.metatag_defaults', 'uuid:0e74b23a-d5c0-4839-b7b7-08d991b0fcd7', 0x613a313a7b693a303b733a33313a226d6574617461672e6d6574617461675f64656661756c74732e676c6f62616c223b7d),
('config.entity.key_store.metatag_defaults', 'uuid:2904b7ac-4740-45cd-93ee-b10aeccfce4e', 0x613a313a7b693a303b733a32383a226d6574617461672e6d6574617461675f64656661756c74732e343033223b7d),
('config.entity.key_store.metatag_defaults', 'uuid:5865671b-ba56-46f2-a288-3421378653e5', 0x613a313a7b693a303b733a32393a226d6574617461672e6d6574617461675f64656661756c74732e75736572223b7d),
('config.entity.key_store.metatag_defaults', 'uuid:c026a437-943c-4c16-ba24-5684822889ec', 0x613a313a7b693a303b733a32383a226d6574617461672e6d6574617461675f64656661756c74732e343034223b7d),
('config.entity.key_store.metatag_defaults', 'uuid:c2a6b779-f927-4cfe-a57d-31b5e1654949', 0x613a313a7b693a303b733a33303a226d6574617461672e6d6574617461675f64656661756c74732e66726f6e74223b7d),
('config.entity.key_store.metatag_defaults', 'uuid:c5861a55-538a-47e7-ab21-658a925bb4fe', 0x613a313a7b693a303b733a33383a226d6574617461672e6d6574617461675f64656661756c74732e7461786f6e6f6d795f7465726d223b7d),
('config.entity.key_store.node_type', 'uuid:00dfec8c-961f-4397-b6c0-5b8f750cba19', 0x613a313a7b693a303b733a31373a226e6f64652e747970652e70726f6a656374223b7d),
('config.entity.key_store.node_type', 'uuid:191a4416-9a3a-4f20-b10b-769cf1c7d6ff', 0x613a313a7b693a303b733a31393a226e6f64652e747970652e686f6d655f70616765223b7d),
('config.entity.key_store.node_type', 'uuid:45091e69-d47f-4005-aa12-a8b97196d4b8', 0x613a313a7b693a303b733a32323a226e6f64652e747970652e6c616e64696e675f70616765223b7d),
('config.entity.key_store.node_type', 'uuid:6881aebd-f39f-4a8b-843d-6a3ade329efc', 0x613a313a7b693a303b733a31373a226e6f64652e747970652e61727469636c65223b7d),
('config.entity.key_store.node_type', 'uuid:d70528af-af84-45a6-8513-c1ddfdd3c5a6', 0x613a313a7b693a303b733a32373a226e6f64652e747970652e7265736f757263655f63617465676f7279223b7d),
('config.entity.key_store.node_type', 'uuid:dd97cd80-15f3-441a-9d45-8d3f53b83e01', 0x613a313a7b693a303b733a31343a226e6f64652e747970652e70616765223b7d),
('config.entity.key_store.paragraphs_type', 'uuid:172a3b5b-8b97-4a24-aa76-5f883f59f0ed', 0x613a313a7b693a303b733a33353a22706172616772617068732e706172616772617068735f747970652e61727469636c6573223b7d),
('config.entity.key_store.paragraphs_type', 'uuid:1ce83412-4adc-42b7-8166-261130559985', 0x613a313a7b693a303b733a33313a22706172616772617068732e706172616772617068735f747970652e74657874223b7d),
('config.entity.key_store.paragraphs_type', 'uuid:246fbd25-ad6a-41ac-8923-5be2f2fb158f', 0x613a313a7b693a303b733a33323a22706172616772617068732e706172616772617068735f747970652e766964656f223b7d),
('config.entity.key_store.paragraphs_type', 'uuid:290cd527-b8d2-48d5-89e1-3bd3fe18f018', 0x613a313a7b693a303b733a33393a22706172616772617068732e706172616772617068735f747970652e6865726f5f7374796c655f31223b7d),
('config.entity.key_store.paragraphs_type', 'uuid:2ab24153-490f-4a01-a097-52cff0ffd79c', 0x613a313a7b693a303b733a33323a22706172616772617068732e706172616772617068735f747970652e626c757262223b7d),
('config.entity.key_store.paragraphs_type', 'uuid:2b66b8f8-0b23-4a87-acb9-9958eda8792b', 0x613a313a7b693a303b733a33313a22706172616772617068732e706172616772617068735f747970652e66696c65223b7d),
('config.entity.key_store.paragraphs_type', 'uuid:339cf3db-6c31-4f6e-a00f-a2e54982fe66', 0x613a313a7b693a303b733a33393a22706172616772617068732e706172616772617068735f747970652e636172645f63616c6c6f7574223b7d),
('config.entity.key_store.paragraphs_type', 'uuid:4a9cabca-43b0-4c57-bfb5-f9f021b15fdd', 0x613a313a7b693a303b733a33373a22706172616772617068732e706172616772617068735f747970652e696d616765735f726f77223b7d),
('config.entity.key_store.paragraphs_type', 'uuid:507a6c0d-046b-4a42-8c49-7771796e2f24', 0x613a313a7b693a303b733a33393a22706172616772617068732e706172616772617068735f747970652e6865726f5f7374796c655f35223b7d),
('config.entity.key_store.paragraphs_type', 'uuid:52edef8e-ce38-4b9a-ad90-9a8747f559e6', 0x613a313a7b693a303b733a33303a22706172616772617068732e706172616772617068735f747970652e707432223b7d),
('config.entity.key_store.paragraphs_type', 'uuid:5dbf6a91-332e-4165-80d8-a40c71a8de28', 0x613a313a7b693a303b733a33383a22706172616772617068732e706172616772617068735f747970652e6c696e6b735f66696c6573223b7d),
('config.entity.key_store.paragraphs_type', 'uuid:5e951ef6-9af6-41e1-a3e2-d17267539e84', 0x613a313a7b693a303b733a33343a22706172616772617068732e706172616772617068735f747970652e776562666f726d223b7d),
('config.entity.key_store.paragraphs_type', 'uuid:5fec3ef9-77ee-4184-8082-0ca622d0a88a', 0x613a313a7b693a303b733a33323a22706172616772617068732e706172616772617068735f747970652e696d616765223b7d);
INSERT INTO `key_value` (`collection`, `name`, `value`) VALUES
('config.entity.key_store.paragraphs_type', 'uuid:61f008c2-b0d5-4c5e-a983-fc986a6c9b4d', 0x613a313a7b693a303b733a33393a22706172616772617068732e706172616772617068735f747970652e696d6167655f627574746f6e223b7d),
('config.entity.key_store.paragraphs_type', 'uuid:7fde955d-e45f-446d-b386-e1f6ee91da81', 0x613a313a7b693a303b733a33313a22706172616772617068732e706172616772617068735f747970652e6c6f676f223b7d),
('config.entity.key_store.paragraphs_type', 'uuid:817ffa0a-68bf-4493-88cf-e079f84ce278', 0x613a313a7b693a303b733a33323a22706172616772617068732e706172616772617068735f747970652e6c6f676f73223b7d),
('config.entity.key_store.paragraphs_type', 'uuid:8302691c-01bc-4f0f-a8fc-b8e9f16eaa87', 0x613a313a7b693a303b733a34323a22706172616772617068732e706172616772617068735f747970652e726563656e745f70726f6a65637473223b7d),
('config.entity.key_store.paragraphs_type', 'uuid:91c3dbe9-4274-40b1-9ec5-81b0f8aa96d8', 0x613a313a7b693a303b733a33353a22706172616772617068732e706172616772617068735f747970652e70726f6a65637473223b7d),
('config.entity.key_store.paragraphs_type', 'uuid:9ac61aa0-42a6-4c28-b6d9-5a9f445cce39', 0x613a313a7b693a303b733a33313a22706172616772617068732e706172616772617068735f747970652e6c696e6b223b7d),
('config.entity.key_store.paragraphs_type', 'uuid:a0622a30-773f-4779-be96-adc0bacf4268', 0x613a313a7b693a303b733a34313a22706172616772617068732e706172616772617068735f747970652e696d6167655f6361726f7573656c223b7d),
('config.entity.key_store.paragraphs_type', 'uuid:a217eb21-91be-44df-a130-f153ab26abdf', 0x613a313a7b693a303b733a33313a22706172616772617068732e706172616772617068735f747970652e76696577223b7d),
('config.entity.key_store.paragraphs_type', 'uuid:a45cdc29-cfec-4924-97de-0b342d394132', 0x613a313a7b693a303b733a34333a22706172616772617068732e706172616772617068735f747970652e7265736f757263655f73656374696f6e223b7d),
('config.entity.key_store.paragraphs_type', 'uuid:b0b52b08-2185-46ab-8756-32c8d341939e', 0x613a313a7b693a303b733a33373a22706172616772617068732e706172616772617068735f747970652e70756c6c5f71756f7465223b7d),
('config.entity.key_store.paragraphs_type', 'uuid:b82e9913-71fd-4c5f-b11e-6ef62616d09d', 0x613a313a7b693a303b733a33303a22706172616772617068732e706172616772617068735f747970652e707431223b7d),
('config.entity.key_store.paragraphs_type', 'uuid:bd8b8e0b-346e-4730-be3d-0fbbb9b5afd7', 0x613a313a7b693a303b733a33383a22706172616772617068732e706172616772617068735f747970652e69636f6e5f627574746f6e223b7d),
('config.entity.key_store.paragraphs_type', 'uuid:c3973c90-8819-49a6-b00d-7af83f7f8227', 0x613a313a7b693a303b733a33393a22706172616772617068732e706172616772617068735f747970652e6865726f5f7374796c655f34223b7d),
('config.entity.key_store.paragraphs_type', 'uuid:c57c1630-1284-4d2c-a987-a690d1ebe0cd', 0x613a313a7b693a303b733a33383a22706172616772617068732e706172616772617068735f747970652e7469636b65725f6974656d223b7d),
('config.entity.key_store.paragraphs_type', 'uuid:da64c45c-03f8-46c0-a4de-e9177197958a', 0x613a313a7b693a303b733a33373a22706172616772617068732e706172616772617068735f747970652e746578745f696d616765223b7d),
('config.entity.key_store.paragraphs_type', 'uuid:e6b6c5cd-4214-4030-a106-237235711aaf', 0x613a313a7b693a303b733a33393a22706172616772617068732e706172616772617068735f747970652e6865726f5f7374796c655f33223b7d),
('config.entity.key_store.paragraphs_type', 'uuid:e7a32eb5-6be2-428d-ac19-54c3dfa51b9c', 0x613a313a7b693a303b733a33393a22706172616772617068732e706172616772617068735f747970652e6865726f5f7374796c655f32223b7d),
('config.entity.key_store.paragraphs_type', 'uuid:e93f104e-290e-4789-b039-ec5def1a02b7', 0x613a313a7b693a303b733a34363a22706172616772617068732e706172616772617068735f747970652e7265736f757263655f63617465676f72696573223b7d),
('config.entity.key_store.paragraphs_type', 'uuid:e98fc027-7b96-4e6d-9d39-43d495c11dce', 0x613a313a7b693a303b733a33363a22706172616772617068732e706172616772617068735f747970652e7265736f7572636573223b7d),
('config.entity.key_store.paragraphs_type', 'uuid:fdf92ede-7bde-4350-9594-c103fb56ec44', 0x613a313a7b693a303b733a33333a22706172616772617068732e706172616772617068735f747970652e7469636b6572223b7d),
('config.entity.key_store.paragraphs_type', 'uuid:fe57ec8b-0b66-493e-9e72-0091e8f8488f', 0x613a313a7b693a303b733a34383a22706172616772617068732e706172616772617068735f747970652e657870616e6461626c655f746578745f696d616765223b7d),
('config.entity.key_store.pathauto_pattern', 'status:1', 0x613a333a7b693a303b733a32353a22706174686175746f2e7061747465726e2e61727469636c6573223b693a313b733a32353a22706174686175746f2e7061747465726e2e70726f6a65637473223b693a323b733a32363a22706174686175746f2e7061747465726e2e7265736f7572636573223b7d),
('config.entity.key_store.pathauto_pattern', 'type:canonical_entities:node', 0x613a333a7b693a303b733a32353a22706174686175746f2e7061747465726e2e61727469636c6573223b693a313b733a32353a22706174686175746f2e7061747465726e2e70726f6a65637473223b693a323b733a32363a22706174686175746f2e7061747465726e2e7265736f7572636573223b7d),
('config.entity.key_store.pathauto_pattern', 'uuid:2f9786ea-d5ab-4c2b-a08b-eab0e7cd20e2', 0x613a313a7b693a303b733a32353a22706174686175746f2e7061747465726e2e70726f6a65637473223b7d),
('config.entity.key_store.pathauto_pattern', 'uuid:3168ec78-1b7a-4351-825e-8489ce742a7a', 0x613a313a7b693a303b733a32353a22706174686175746f2e7061747465726e2e61727469636c6573223b7d),
('config.entity.key_store.pathauto_pattern', 'uuid:e814d036-9c7c-49e3-9918-e4d219c46a15', 0x613a313a7b693a303b733a32363a22706174686175746f2e7061747465726e2e7265736f7572636573223b7d),
('config.entity.key_store.search_api_index', 'uuid:f1431526-91f0-41c0-aedb-01be568ec2be', 0x613a313a7b693a303b733a33313a227365617263685f6170692e696e6465782e67656e6572616c5f736561726368223b7d),
('config.entity.key_store.search_api_server', 'uuid:c3e81953-1373-4ff2-8470-d6e27fca0e2c', 0x613a313a7b693a303b733a32363a227365617263685f6170692e7365727665722e6461746162617365223b7d),
('config.entity.key_store.shortcut_set', 'uuid:7af0a50a-cdcf-4a25-9cee-30f41efff035', 0x613a313a7b693a303b733a32303a2273686f72746375742e7365742e64656661756c74223b7d),
('config.entity.key_store.simple_sitemap', 'uuid:b11cdf4b-47c7-4531-88c9-8edf41b25ffd', 0x613a313a7b693a303b733a33303a2273696d706c655f736974656d61702e736974656d61702e64656661756c74223b7d),
('config.entity.key_store.simple_sitemap', 'uuid:f7e3e3d2-66fe-4904-9c34-d8852617914a', 0x613a313a7b693a303b733a32383a2273696d706c655f736974656d61702e736974656d61702e696e646578223b7d),
('config.entity.key_store.simple_sitemap_engine', 'uuid:1fb1f726-f4ec-4a80-825c-a77ba24d506c', 0x613a313a7b693a303b733a34393a2273696d706c655f736974656d61705f656e67696e65732e73696d706c655f736974656d61705f656e67696e652e62696e67223b7d),
('config.entity.key_store.simple_sitemap_engine', 'uuid:62a21432-16ce-4941-b465-b225e995482d', 0x613a313a7b693a303b733a35313a2273696d706c655f736974656d61705f656e67696e65732e73696d706c655f736974656d61705f656e67696e652e73657a6e616d223b7d),
('config.entity.key_store.simple_sitemap_engine', 'uuid:63e884c7-508c-476f-8f77-141a0abe5808', 0x613a313a7b693a303b733a35313a2273696d706c655f736974656d61705f656e67696e65732e73696d706c655f736974656d61705f656e67696e652e79616e646578223b7d),
('config.entity.key_store.simple_sitemap_engine', 'uuid:9991a36d-f149-480c-a49b-437ba18aeb9c', 0x613a313a7b693a303b733a35303a2273696d706c655f736974656d61705f656e67696e65732e73696d706c655f736974656d61705f656e67696e652e6e61766572223b7d),
('config.entity.key_store.simple_sitemap_engine', 'uuid:b04b85cc-2e84-42f1-9816-36bf913fcdd3', 0x613a313a7b693a303b733a35343a2273696d706c655f736974656d61705f656e67696e65732e73696d706c655f736974656d61705f656e67696e652e696e6465785f6e6f77223b7d),
('config.entity.key_store.simple_sitemap_engine', 'uuid:cbb629bb-fa27-461f-8884-76b40011efa4', 0x613a313a7b693a303b733a34383a2273696d706c655f736974656d61705f656e67696e65732e73696d706c655f736974656d61705f656e67696e652e796570223b7d),
('config.entity.key_store.simple_sitemap_type', 'uuid:2f9be349-0273-4704-a62b-e6304d73654a', 0x613a313a7b693a303b733a33363a2273696d706c655f736974656d61702e747970652e64656661756c745f687265666c616e67223b7d),
('config.entity.key_store.simple_sitemap_type', 'uuid:f4036644-ffd2-43a9-a6ae-daeac7b4f4a7', 0x613a313a7b693a303b733a32353a2273696d706c655f736974656d61702e747970652e696e646578223b7d),
('config.entity.key_store.user_role', 'uuid:2e835195-273f-4e34-b7e2-ac1b77c08a34', 0x613a313a7b693a303b733a32333a22757365722e726f6c652e61646d696e6973747261746f72223b7d),
('config.entity.key_store.user_role', 'uuid:30323b41-d1f1-4881-9a87-76a94b67331e', 0x613a313a7b693a303b733a32343a22757365722e726f6c652e636f6e74656e745f656469746f72223b7d),
('config.entity.key_store.user_role', 'uuid:816e9464-2dae-4c90-adac-e27ffca2af74', 0x613a313a7b693a303b733a31393a22757365722e726f6c652e616e6f6e796d6f7573223b7d),
('config.entity.key_store.user_role', 'uuid:8d66fefe-b838-4cc4-af7d-52a8a00b5b9f', 0x613a313a7b693a303b733a32333a22757365722e726f6c652e61757468656e74696361746564223b7d),
('config.entity.key_store.view', 'uuid:0fb228d7-d77c-40e5-a761-f999ed4be68e', 0x613a313a7b693a303b733a31393a2276696577732e766965772e61727469636c6573223b7d),
('config.entity.key_store.view', 'uuid:15469c3b-382f-41c8-a2bd-27036e868667', 0x613a313a7b693a303b733a32343a2276696577732e766965772e7461786f6e6f6d795f7465726d223b7d),
('config.entity.key_store.view', 'uuid:2a61bbb8-daa9-4e01-9044-4399ddb50a17', 0x613a313a7b693a303b733a32303a2276696577732e766965772e77686f5f735f6e6577223b7d),
('config.entity.key_store.view', 'uuid:35c9054c-5813-4705-b71c-dcc7ee23b273', 0x613a313a7b693a303b733a31393a2276696577732e766965772e7761746368646f67223b7d),
('config.entity.key_store.view', 'uuid:45bfd88e-26fb-414b-ace3-f7e94e2aeede', 0x613a313a7b693a303b733a32303a2276696577732e766965772e66726f6e7470616765223b7d),
('config.entity.key_store.view', 'uuid:5ba94cee-bab7-4bae-98c1-5bdc03b94461', 0x613a313a7b693a303b733a32353a2276696577732e766965772e636f6e74656e745f726563656e74223b7d),
('config.entity.key_store.view', 'uuid:6b986e81-ea0a-4d7e-a7a2-acf9037df7e3', 0x613a313a7b693a303b733a32353a2276696577732e766965772e67656e6572616c5f736561726368223b7d),
('config.entity.key_store.view', 'uuid:8581be7d-2175-4360-870e-ce5430465430', 0x613a313a7b693a303b733a33303a2276696577732e766965772e7265736f757263655f63617465676f72696573223b7d),
('config.entity.key_store.view', 'uuid:94832db7-3f5a-46b3-9694-73d366894663', 0x613a313a7b693a303b733a31393a2276696577732e766965772e70726f6a65637473223b7d),
('config.entity.key_store.view', 'uuid:af0d7079-bc44-46e9-8302-77be25100c64', 0x613a313a7b693a303b733a32383a2276696577732e766965772e757365725f61646d696e5f70656f706c65223b7d),
('config.entity.key_store.view', 'uuid:af36df69-5364-4cba-9b65-718a4d2f3954', 0x613a313a7b693a303b733a31383a2276696577732e766965772e61726368697665223b7d),
('config.entity.key_store.view', 'uuid:b16c929d-bd90-459b-a025-fdd04a2fbaf5', 0x613a313a7b693a303b733a32343a2276696577732e766965772e626c6f636b5f636f6e74656e74223b7d),
('config.entity.key_store.view', 'uuid:b62f6c76-a8b1-41af-904b-43d3a887d996', 0x613a313a7b693a303b733a31393a2276696577732e766965772e676c6f7373617279223b7d),
('config.entity.key_store.view', 'uuid:c7a3af3c-4c84-4564-ac9a-66b46957c0cb', 0x613a313a7b693a303b733a31363a2276696577732e766965772e66696c6573223b7d),
('config.entity.key_store.view', 'uuid:ec0d834f-b574-48b3-8cac-4eeb1edc52cf', 0x613a313a7b693a303b733a31383a2276696577732e766965772e636f6e74656e74223b7d),
('config.entity.key_store.view', 'uuid:fbf46662-342e-4a27-92a0-17ac5e46bc5a', 0x613a313a7b693a303b733a32333a2276696577732e766965772e77686f5f735f6f6e6c696e65223b7d),
('config.entity.key_store.view', 'uuid:ffbb0e7e-abbe-473b-9dc0-7f6c6d846674', 0x613a313a7b693a303b733a33303a2276696577732e766965772e776562666f726d5f7375626d697373696f6e73223b7d),
('config.entity.key_store.webform', 'status:open', 0x613a313a7b693a303b733a32333a22776562666f726d2e776562666f726d2e636f6e74616374223b7d),
('config.entity.key_store.webform', 'template:', 0x613a313a7b693a303b733a32333a22776562666f726d2e776562666f726d2e636f6e74616374223b7d),
('config.entity.key_store.webform', 'uuid:0f99d666-3933-430c-aa93-bf49f300ccf6', 0x613a313a7b693a303b733a32333a22776562666f726d2e776562666f726d2e636f6e74616374223b7d),
('config.entity.key_store.webform_options', 'uuid:03ce0ad1-af0e-4eb6-b2d6-8066b34a9d47', 0x613a313a7b693a303b733a34333a22776562666f726d2e776562666f726d5f6f7074696f6e732e6c696b6572745f736174697366616374696f6e223b7d),
('config.entity.key_store.webform_options', 'uuid:10274de9-7861-4b70-b9dc-5d57a6a05c24', 0x613a313a7b693a303b733a33363a22776562666f726d2e776562666f726d5f6f7074696f6e732e7472616e736c6174696f6e73223b7d),
('config.entity.key_store.webform_options', 'uuid:1ad6227a-9b79-427d-b064-e433c6e55599', 0x613a313a7b693a303b733a34313a22776562666f726d2e776562666f726d5f6f7074696f6e732e6c696b6572745f696d706f7274616e6365223b7d),
('config.entity.key_store.webform_options', 'uuid:30b6383e-6e29-468e-be9c-bcfd1b89f3ed', 0x613a313a7b693a303b733a32383a22776562666f726d2e776562666f726d5f6f7074696f6e732e73697a65223b7d),
('config.entity.key_store.webform_options', 'uuid:49268abd-e978-4e24-8573-d801ea228db4', 0x613a313a7b693a303b733a34303a22776562666f726d2e776562666f726d5f6f7074696f6e732e6c696b6572745f776f756c645f796f75223b7d),
('config.entity.key_store.webform_options', 'uuid:6bc17cf4-f173-4b42-9e9b-05bd28e883aa', 0x613a313a7b693a303b733a33343a22776562666f726d2e776562666f726d5f6f7074696f6e732e74696d655f7a6f6e6573223b7d),
('config.entity.key_store.webform_options', 'uuid:6fa2f244-d3fd-488f-81b8-2126b6f8cbb9', 0x613a313a7b693a303b733a34313a22776562666f726d2e776562666f726d5f6f7074696f6e732e656d706c6f796d656e745f737461747573223b7d),
('config.entity.key_store.webform_options', 'uuid:737f720b-6c3a-4837-9262-895e96f90968', 0x613a313a7b693a303b733a34303a22776562666f726d2e776562666f726d5f6f7074696f6e732e6c696b6572745f74656e5f7363616c65223b7d),
('config.entity.key_store.webform_options', 'uuid:790bac8e-cb8e-448c-a220-12aa849cfe6a', 0x613a313a7b693a303b733a33303a22776562666f726d2e776562666f726d5f6f7074696f6e732e7965735f6e6f223b7d),
('config.entity.key_store.webform_options', 'uuid:791fafcc-4351-4cef-9025-d0057f67f11c', 0x613a313a7b693a303b733a33303a22776562666f726d2e776562666f726d5f6f7074696f6e732e6d6f6e746873223b7d),
('config.entity.key_store.webform_options', 'uuid:7a078bfc-0404-4ff1-9b8a-704435def395', 0x613a313a7b693a303b733a33353a22776562666f726d2e776562666f726d5f6f7074696f6e732e73746174655f6e616d6573223b7d),
('config.entity.key_store.webform_options', 'uuid:7e6004b5-5138-45e6-bfe0-106c60a16bc8', 0x613a313a7b693a303b733a33323a22776562666f726d2e776562666f726d5f6f7074696f6e732e696e647573747279223b7d),
('config.entity.key_store.webform_options', 'uuid:966e28e1-8e32-4d19-85d0-a1e93dc03437', 0x613a313a7b693a303b733a33383a22776562666f726d2e776562666f726d5f6f7074696f6e732e6d61726974616c5f737461747573223b7d),
('config.entity.key_store.webform_options', 'uuid:9984d940-d654-48b5-92df-0f82632a5280', 0x613a313a7b693a303b733a33373a22776562666f726d2e776562666f726d5f6f7074696f6e732e636f756e7472795f636f646573223b7d),
('config.entity.key_store.webform_options', 'uuid:99ea2379-281b-49bd-b437-723ed12d439e', 0x613a313a7b693a303b733a33333a22776562666f726d2e776562666f726d5f6f7074696f6e732e6574686e6963697479223b7d),
('config.entity.key_store.webform_options', 'uuid:9c02f793-9f42-4ce6-92a1-ff598aa093b4', 0x613a313a7b693a303b733a33333a22776562666f726d2e776562666f726d5f6f7074696f6e732e656475636174696f6e223b7d),
('config.entity.key_store.webform_options', 'uuid:a2b97ac5-8fbb-481c-937b-8addce3d29ab', 0x613a313a7b693a303b733a34303a22776562666f726d2e776562666f726d5f6f7074696f6e732e6c696b6572745f61677265656d656e74223b7d),
('config.entity.key_store.webform_options', 'uuid:a557467d-ae8e-4c19-b887-c5170cb71042', 0x613a313a7b693a303b733a33363a22776562666f726d2e776562666f726d5f6f7074696f6e732e72656c6174696f6e73686970223b7d),
('config.entity.key_store.webform_options', 'uuid:bd2b90b2-f462-43af-89d6-a9e801ba62c7', 0x613a313a7b693a303b733a33333a22776562666f726d2e776562666f726d5f6f7074696f6e732e6c616e677561676573223b7d),
('config.entity.key_store.webform_options', 'uuid:bdfd2d42-162d-4689-953c-d1605fe9aeb1', 0x613a313a7b693a303b733a32383a22776562666f726d2e776562666f726d5f6f7074696f6e732e64617973223b7d),
('config.entity.key_store.webform_options', 'uuid:c58a2e95-e567-4e46-b788-1aa930212755', 0x613a313a7b693a303b733a33383a22776562666f726d2e776562666f726d5f6f7074696f6e732e70726f76696e63655f6e616d6573223b7d),
('config.entity.key_store.webform_options', 'uuid:c718e59d-0123-49ac-84e9-799a5671ff53', 0x613a313a7b693a303b733a33323a22776562666f726d2e776562666f726d5f6f7074696f6e732e7365785f6963616f223b7d),
('config.entity.key_store.webform_options', 'uuid:cb7d20d1-3d93-49e1-8056-3e69ed6774ba', 0x613a313a7b693a303b733a34313a22776562666f726d2e776562666f726d5f6f7074696f6e732e6c696b6572745f636f6d70617269736f6e223b7d),
('config.entity.key_store.webform_options', 'uuid:d31b299c-51e0-4a94-b1a6-c43a530a245e', 0x613a313a7b693a303b733a32373a22776562666f726d2e776562666f726d5f6f7074696f6e732e736578223b7d),
('config.entity.key_store.webform_options', 'uuid:d53eff5b-49f1-4096-a586-75e1383d5b9d', 0x613a313a7b693a303b733a33373a22776562666f726d2e776562666f726d5f6f7074696f6e732e636f756e7472795f6e616d6573223b7d),
('config.entity.key_store.webform_options', 'uuid:d64efe27-6fff-46a6-85cd-19dcb011d92f', 0x613a313a7b693a303b733a33353a22776562666f726d2e776562666f726d5f6f7074696f6e732e73746174655f636f646573223b7d),
('config.entity.key_store.webform_options', 'uuid:d7dcf0ed-ea57-4070-974f-1f4b80df4f74', 0x613a313a7b693a303b733a33353a22776562666f726d2e776562666f726d5f6f7074696f6e732e70686f6e655f7479706573223b7d),
('config.entity.key_store.webform_options', 'uuid:ea78706a-f8a1-4e40-94b7-8bff81d11b9f', 0x613a313a7b693a303b733a33383a22776562666f726d2e776562666f726d5f6f7074696f6e732e70726f76696e63655f636f646573223b7d),
('config.entity.key_store.webform_options', 'uuid:eb5f75b8-b512-43ac-9328-229e8c9b0b09', 0x613a313a7b693a303b733a33383a22776562666f726d2e776562666f726d5f6f7074696f6e732e6c696b6572745f7175616c697479223b7d),
('config.entity.key_store.webform_options', 'uuid:ee996224-b22f-4fe4-8913-1a1a51db92b6', 0x613a313a7b693a303b733a33303a22776562666f726d2e776562666f726d5f6f7074696f6e732e7469746c6573223b7d),
('config.entity.key_store.webform_options', 'uuid:f487764b-9ef1-48c6-9c0f-47de46a37d37', 0x613a313a7b693a303b733a33303a22776562666f726d2e776562666f726d5f6f7074696f6e732e67656e646572223b7d),
('config.entity.key_store.webform_options', 'uuid:f637f008-0a86-44db-b744-f853f0b8b168', 0x613a313a7b693a303b733a34343a22776562666f726d2e776562666f726d5f6f7074696f6e732e73746174655f70726f76696e63655f6e616d6573223b7d),
('config.entity.key_store.webform_options', 'uuid:f66951f1-ac9a-4ccc-b5f9-579f5f2a6f79', 0x613a313a7b693a303b733a34343a22776562666f726d2e776562666f726d5f6f7074696f6e732e73746174655f70726f76696e63655f636f646573223b7d),
('development_settings', 'disable_rendered_output_cache_bins', 0x623a313b),
('development_settings', 'twig_cache_disable', 0x623a313b),
('development_settings', 'twig_debug', 0x623a313b),
('entity.definitions.bundle_field_map', 'block_content', 0x613a353a7b733a343a22626f6479223b613a323a7b733a343a2274797065223b733a31373a22746578745f776974685f73756d6d617279223b733a373a2262756e646c6573223b613a313a7b733a353a226261736963223b733a353a226261736963223b7d7d733a373a226669656c645f70223b613a323a7b733a343a2274797065223b733a32363a22656e746974795f7265666572656e63655f7265766973696f6e73223b733a373a2262756e646c6573223b613a313a7b733a353a226c6f676f73223b733a353a226c6f676f73223b7d7d733a31343a226669656c645f6f7665726c696e65223b613a323a7b733a343a2274797065223b733a363a22737472696e67223b733a373a2262756e646c6573223b613a313a7b733a343a226865726f223b733a343a226865726f223b7d7d733a31343a226669656c645f686561646c696e65223b613a323a7b733a343a2274797065223b733a363a22737472696e67223b733a373a2262756e646c6573223b613a313a7b733a343a226865726f223b733a343a226865726f223b7d7d733a31333a226669656c645f627574746f6e73223b613a323a7b733a343a2274797065223b733a32363a22656e746974795f7265666572656e63655f7265766973696f6e73223b733a373a2262756e646c6573223b613a313a7b733a343a226865726f223b733a343a226865726f223b7d7d7d),
('entity.definitions.bundle_field_map', 'comment', 0x613a303a7b7d),
('entity.definitions.bundle_field_map', 'node', 0x613a31343a7b733a31313a226669656c645f696d616765223b613a323a7b733a343a2274797065223b733a353a22696d616765223b733a373a2262756e646c6573223b613a333a7b733a373a2261727469636c65223b733a373a2261727469636c65223b733a373a2270726f6a656374223b733a373a2270726f6a656374223b733a31373a227265736f757263655f63617465676f7279223b733a31373a227265736f757263655f63617465676f7279223b7d7d733a343a22626f6479223b613a323a7b733a343a2274797065223b733a31373a22746578745f776974685f73756d6d617279223b733a373a2262756e646c6573223b613a313a7b733a343a2270616765223b733a343a2270616765223b7d7d733a31373a226669656c645f626e725f73756274657874223b613a323a7b733a343a2274797065223b733a393a22746578745f6c6f6e67223b733a373a2262756e646c6573223b613a353a7b733a393a22686f6d655f70616765223b733a393a22686f6d655f70616765223b733a31323a226c616e64696e675f70616765223b733a31323a226c616e64696e675f70616765223b733a373a2261727469636c65223b733a373a2261727469636c65223b733a373a2270726f6a656374223b733a373a2270726f6a656374223b733a31373a227265736f757263655f63617465676f7279223b733a31373a227265736f757263655f63617465676f7279223b7d7d733a31373a226669656c645f626e725f627574746f6e73223b613a323a7b733a343a2274797065223b733a32363a22656e746974795f7265666572656e63655f7265766973696f6e73223b733a373a2262756e646c6573223b613a313a7b733a393a22686f6d655f70616765223b733a393a22686f6d655f70616765223b7d7d733a31373a226669656c645f626e725f63616c6c6f7574223b613a323a7b733a343a2274797065223b733a32363a22656e746974795f7265666572656e63655f7265766973696f6e73223b733a373a2262756e646c6573223b613a323a7b733a393a22686f6d655f70616765223b733a393a22686f6d655f70616765223b733a31323a226c616e64696e675f70616765223b733a31323a226c616e64696e675f70616765223b7d7d733a393a226669656c645f687331223b613a323a7b733a343a2274797065223b733a32363a22656e746974795f7265666572656e63655f7265766973696f6e73223b733a373a2262756e646c6573223b613a313a7b733a393a22686f6d655f70616765223b733a393a22686f6d655f70616765223b7d7d733a393a226669656c645f687332223b613a323a7b733a343a2274797065223b733a32363a22656e746974795f7265666572656e63655f7265766973696f6e73223b733a373a2262756e646c6573223b613a313a7b733a393a22686f6d655f70616765223b733a393a22686f6d655f70616765223b7d7d733a393a226669656c645f687333223b613a323a7b733a343a2274797065223b733a32363a22656e746974795f7265666572656e63655f7265766973696f6e73223b733a373a2262756e646c6573223b613a313a7b733a393a22686f6d655f70616765223b733a393a22686f6d655f70616765223b7d7d733a31323a226669656c645f626e725f6267223b613a323a7b733a343a2274797065223b733a353a22696d616765223b733a373a2262756e646c6573223b613a343a7b733a31323a226c616e64696e675f70616765223b733a31323a226c616e64696e675f70616765223b733a373a2261727469636c65223b733a373a2261727469636c65223b733a373a2270726f6a656374223b733a373a2270726f6a656374223b733a31373a227265736f757263655f63617465676f7279223b733a31373a227265736f757263655f63617465676f7279223b7d7d733a31383a226669656c645f706167655f636f6e74656e74223b613a323a7b733a343a2274797065223b733a32363a22656e746974795f7265666572656e63655f7265766973696f6e73223b733a373a2262756e646c6573223b613a343a7b733a31323a226c616e64696e675f70616765223b733a31323a226c616e64696e675f70616765223b733a373a2261727469636c65223b733a373a2261727469636c65223b733a373a2270726f6a656374223b733a373a2270726f6a656374223b733a31373a227265736f757263655f63617465676f7279223b733a31373a227265736f757263655f63617465676f7279223b7d7d733a31323a226669656c645f737461747573223b613a323a7b733a343a2274797065223b733a31313a226c6973745f737472696e67223b733a373a2262756e646c6573223b613a313a7b733a373a2270726f6a656374223b733a373a2270726f6a656374223b7d7d733a31333a226669656c645f617574686f7273223b613a323a7b733a343a2274797065223b733a363a22737472696e67223b733a373a2262756e646c6573223b613a313a7b733a373a2270726f6a656374223b733a373a2270726f6a656374223b7d7d733a393a226669656c645f706466223b613a323a7b733a343a2274797065223b733a343a2266696c65223b733a373a2262756e646c6573223b613a313a7b733a373a2270726f6a656374223b733a373a2270726f6a656374223b7d7d733a31313a226669656c645f6c696e6b73223b613a323a7b733a343a2274797065223b733a343a226c696e6b223b733a373a2262756e646c6573223b613a313a7b733a373a2270726f6a656374223b733a373a2270726f6a656374223b7d7d7d),
('entity.definitions.bundle_field_map', 'paragraph', 0x[encoded data, 10282 characters]),
('entity.definitions.bundle_field_map', 'user', 0x613a303a7b7d),
('entity.definitions.installed', 'action.entity_type', 0x[encoded data, 5478 characters]),
('entity.definitions.installed', 'base_field_override.entity_type', 0x[encoded data, 5270 characters]);
INSERT INTO `key_value` (`collection`, `name`, `value`) VALUES
('entity.definitions.installed', 'block.entity_type', 0x[encoded data, 6566 characters]),
('entity.definitions.installed', 'block_content.entity_type', 0x[encoded data, 9444 characters]);
INSERT INTO `key_value` (`collection`, `name`, `value`) VALUES
('entity.definitions.installed', 'block_content.field_storage_definitions', 0x[encoded data, 50558 characters]);
INSERT INTO `key_value` (`collection`, `name`, `value`) VALUES
('entity.definitions.installed', 'block_content_type.entity_type', 0x[encoded data, 7430 characters]),
('entity.definitions.installed', 'captcha_point.entity_type', 0x[encoded data, 6140 characters]),
('entity.definitions.installed', 'crop.entity_type', 0x[encoded data, 5546 characters]);
INSERT INTO `key_value` (`collection`, `name`, `value`) VALUES
('entity.definitions.installed', 'crop.field_storage_definitions', 0x[encoded data, 42846 characters]),
('entity.definitions.installed', 'crop_type.entity_type', 0x[encoded data, 5686 characters]);
INSERT INTO `key_value` (`collection`, `name`, `value`) VALUES
('entity.definitions.installed', 'date_format.entity_type', 0x[encoded data, 6108 characters]),
('entity.definitions.installed', 'editor.entity_type', 0x[encoded data, 5560 characters]),
('entity.definitions.installed', 'entity_form_display.entity_type', 0x[encoded data, 4914 characters]),
('entity.definitions.installed', 'entity_form_mode.entity_type', 0x[encoded data, 4800 characters]),
('entity.definitions.installed', 'entity_view_display.entity_type', 0x[encoded data, 4914 characters]),
('entity.definitions.installed', 'entity_view_mode.entity_type', 0x[encoded data, 4800 characters]),
('entity.definitions.installed', 'field_config.entity_type', 0x[encoded data, 6200 characters]),
('entity.definitions.installed', 'field_storage_config.entity_type', 0x[encoded data, 6186 characters]);
INSERT INTO `key_value` (`collection`, `name`, `value`) VALUES
('entity.definitions.installed', 'file.entity_type', 0x[encoded data, 6094 characters]),
('entity.definitions.installed', 'file.field_storage_definitions', 0x[encoded data, 24714 characters]),
('entity.definitions.installed', 'filter_format.entity_type', 0x[encoded data, 6534 characters]),
('entity.definitions.installed', 'image_style.entity_type', 0x[encoded data, 6728 characters]),
('entity.definitions.installed', 'linkit_profile.entity_type', 0x[encoded data, 5500 characters]);
