[encoded data, 55900 characters], 1720226261);

-- --------------------------------------------------------

--
-- Table structure for table `menu_link_content`
--

CREATE TABLE `menu_link_content` (
  `id` int(10) UNSIGNED NOT NULL,
  `revision_id` int(10) UNSIGNED DEFAULT NULL,
  `bundle` varchar(32) CHARACTER SET ascii NOT NULL,
  `uuid` varchar(128) CHARACTER SET ascii NOT NULL,
  `langcode` varchar(12) CHARACTER SET ascii NOT NULL
) ENGINE=InnoDB DEFAULT CHARSET=utf8 COLLATE=utf8_unicode_ci COMMENT='The base table for menu_link_content entities.';

--
-- Dumping data for table `menu_link_content`
--

INSERT INTO `menu_link_content` (`id`, `revision_id`, `bundle`, `uuid`, `langcode`) VALUES
(1, 1, 'menu_link_content', 'f94c6ada-aca8-4f9b-84f8-3e271aac2e32', 'en'),
(2, 2, 'menu_link_content', '27b8a887-f110-4b23-866f-9dd53d01429b', 'en'),
(3, 3, 'menu_link_content', '04d5111d-7c5b-4331-b8c5-5838fb33f906', 'en'),
(4, 4, 'menu_link_content', '709a4a53-812e-4207-b862-0349d839f1a8', 'en'),
(5, 5, 'menu_link_content', '247ca01a-5377-4b04-a2cd-8880193f9ff2', 'en'),
(6, 6, 'menu_link_content', '79331fea-32bb-4ced-9050-ed95019ee1b1', 'en');

-- --------------------------------------------------------

--
-- Table structure for table `menu_link_content_data`
--

CREATE TABLE `menu_link_content_data` (
  `id` int(10) UNSIGNED NOT NULL,
  `revision_id` int(10) UNSIGNED NOT NULL,
  `bundle` varchar(32) CHARACTER SET ascii NOT NULL,
  `langcode` varchar(12) CHARACTER SET ascii NOT NULL,
  `enabled` tinyint(4) NOT NULL,
  `title` varchar(255) COLLATE utf8_unicode_ci DEFAULT NULL,
  `description` varchar(255) COLLATE utf8_unicode_ci DEFAULT NULL,
  `menu_name` varchar(255) CHARACTER SET ascii DEFAULT NULL,
  `link__uri` varchar(2048) COLLATE utf8_unicode_ci DEFAULT NULL COMMENT 'The URI of the link.',
  `link__title` varchar(255) COLLATE utf8_unicode_ci DEFAULT NULL COMMENT 'The link text.',
  `link__options` longblob COMMENT 'Serialized array of options for the link.',
  `external` tinyint(4) DEFAULT NULL,
  `rediscover` tinyint(4) DEFAULT NULL,
  `weight` int(11) DEFAULT NULL,
  `expanded` tinyint(4) DEFAULT NULL,
  `parent` varchar(255) COLLATE utf8_unicode_ci DEFAULT NULL,
  `changed` int(11) DEFAULT NULL,
  `default_langcode` tinyint(4) NOT NULL,
  `revision_translation_affected` tinyint(4) DEFAULT NULL
) ENGINE=InnoDB DEFAULT CHARSET=utf8 COLLATE=utf8_unicode_ci COMMENT='The data table for menu_link_content entities.';

--
-- Dumping data for table `menu_link_content_data`
--

INSERT INTO `menu_link_content_data` (`id`, `revision_id`, `bundle`, `langcode`, `enabled`, `title`, `description`, `menu_name`, `link__uri`, `link__title`, `link__options`, `external`, `rediscover`, `weight`, `expanded`, `parent`, `changed`, `default_langcode`, `revision_translation_affected`) VALUES
(1, 1, 'menu_link_content', 'en', 1, 'About', NULL, 'main', 'internal:/about', '', 0x613a303a7b7d, 0, 1, -49, 0, NULL, 1719764380, 1, 1),
(2, 2, 'menu_link_content', 'en', 1, 'Projects', NULL, 'main', 'internal:/projects', '', 0x613a303a7b7d, 0, 1, -48, 0, NULL, 1719764380, 1, 1),
(3, 3, 'menu_link_content', 'en', 1, 'Students', NULL, 'main', 'internal:/students', '', 0x613a303a7b7d, 0, 1, -47, 0, NULL, 1719764292, 1, 1),
(4, 4, 'menu_link_content', 'en', 1, 'Resources', NULL, 'main', 'internal:/resources', '', 0x613a303a7b7d, 0, 1, -46, 0, NULL, 1719764380, 1, 1),
(5, 5, 'menu_link_content', 'en', 1, 'News & Updates', NULL, 'main', 'internal:/news', '', 0x613a303a7b7d, 0, 1, -45, 0, NULL, 1719764380, 1, 1),
(6, 6, 'menu_link_content', 'en', 1, 'Contact', NULL, 'main', 'internal:/contact', '', 0x613a303a7b7d, 0, 1, -44, 0, NULL, 1719764380, 1, 1);

-- --------------------------------------------------------

--
-- Table structure for table `menu_link_content_field_revision`
--

CREATE TABLE `menu_link_content_field_revision` (
  `id` int(10) UNSIGNED NOT NULL,
  `revision_id` int(10) UNSIGNED NOT NULL,
  `langcode` varchar(12) CHARACTER SET ascii NOT NULL,
  `enabled` tinyint(4) NOT NULL,
  `title` varchar(255) COLLATE utf8_unicode_ci DEFAULT NULL,
  `description` varchar(255) COLLATE utf8_unicode_ci DEFAULT NULL,
  `link__uri` varchar(2048) COLLATE utf8_unicode_ci DEFAULT NULL COMMENT 'The URI of the link.',
  `link__title` varchar(255) COLLATE utf8_unicode_ci DEFAULT NULL COMMENT 'The link text.',
  `link__options` longblob COMMENT 'Serialized array of options for the link.',
  `external` tinyint(4) DEFAULT NULL,
  `changed` int(11) DEFAULT NULL,
  `default_langcode` tinyint(4) NOT NULL,
  `revision_translation_affected` tinyint(4) DEFAULT NULL
) ENGINE=InnoDB DEFAULT CHARSET=utf8 COLLATE=utf8_unicode_ci COMMENT='The revision data table for menu_link_content entities.';

--
-- Dumping data for table `menu_link_content_field_revision`
--

INSERT INTO `menu_link_content_field_revision` (`id`, `revision_id`, `langcode`, `enabled`, `title`, `description`, `link__uri`, `link__title`, `link__options`, `external`, `changed`, `default_langcode`, `revision_translation_affected`) VALUES
(1, 1, 'en', 1, 'About', NULL, 'internal:/about', '', 0x613a303a7b7d, 0, 1719764380, 1, 1),
(2, 2, 'en', 1, 'Projects', NULL, 'internal:/projects', '', 0x613a303a7b7d, 0, 1719764380, 1, 1),
(3, 3, 'en', 1, 'Students', NULL, 'internal:/students', '', 0x613a303a7b7d, 0, 1719764292, 1, 1),
(4, 4, 'en', 1, 'Resources', NULL, 'internal:/resources', '', 0x613a303a7b7d, 0, 1719764380, 1, 1),
(5, 5, 'en', 1, 'News & Updates', NULL, 'internal:/news', '', 0x613a303a7b7d, 0, 1719764380, 1, 1),
(6, 6, 'en', 1, 'Contact', NULL, 'internal:/contact', '', 0x613a303a7b7d, 0, 1719764380, 1, 1);

-- --------------------------------------------------------

--
-- Table structure for table `menu_link_content_revision`
--

CREATE TABLE `menu_link_content_revision` (
  `id` int(10) UNSIGNED NOT NULL,
  `revision_id` int(10) UNSIGNED NOT NULL,
  `langcode` varchar(12) CHARACTER SET ascii NOT NULL,
  `revision_user` int(10) UNSIGNED DEFAULT NULL COMMENT 'The ID of the target entity.',
  `revision_created` int(11) DEFAULT NULL,
  `revision_log_message` longtext COLLATE utf8_unicode_ci,
  `revision_default` tinyint(4) DEFAULT NULL
) ENGINE=InnoDB DEFAULT CHARSET=utf8 COLLATE=utf8_unicode_ci COMMENT='The revision table for menu_link_content entities.';

--
-- Dumping data for table `menu_link_content_revision`
--

INSERT INTO `menu_link_content_revision` (`id`, `revision_id`, `langcode`, `revision_user`, `revision_created`, `revision_log_message`, `revision_default`) VALUES
(1, 1, 'en', NULL, 1719764234, NULL, 1),
(2, 2, 'en', NULL, 1719764242, NULL, 1),
(3, 3, 'en', NULL, 1719764259, NULL, 1),
(4, 4, 'en', NULL, 1719764270, NULL, 1),
(5, 5, 'en', NULL, 1719764283, NULL, 1),
(6, 6, 'en', NULL, 1719764292, NULL, 1);

-- --------------------------------------------------------

--
-- Table structure for table `menu_tree`
--

CREATE TABLE `menu_tree` (
  `menu_name` varchar(32) CHARACTER SET ascii NOT NULL DEFAULT '' COMMENT 'The menu name. All links with the same menu name (such as ''tools'') are part of the same menu.',
  `mlid` int(10) UNSIGNED NOT NULL COMMENT 'The menu link ID (mlid) is the integer primary key.',
  `id` varchar(255) CHARACTER SET ascii NOT NULL COMMENT 'Unique machine name: the plugin ID.',
  `parent` varchar(255) CHARACTER SET ascii NOT NULL DEFAULT '' COMMENT 'The plugin ID for the parent of this link.',
  `route_name` varchar(255) CHARACTER SET ascii DEFAULT NULL COMMENT 'The machine name of a defined Symfony Route this menu link represents.',
  `route_param_key` varchar(255) COLLATE utf8_unicode_ci DEFAULT NULL COMMENT 'An encoded string of route parameters for loading by route.',
  `route_parameters` longblob COMMENT 'Serialized array of route parameters of this menu link.',
  `url` varchar(255) COLLATE utf8_unicode_ci NOT NULL DEFAULT '' COMMENT 'The external path this link points to (when not using a route).',
  `title` longblob COMMENT 'The serialized title for the link. May be a TranslatableMarkup.',
  `description` longblob COMMENT 'The serialized description of this link - used for admin pages and title attribute. May be a TranslatableMarkup.',
  `class` text COLLATE utf8_unicode_ci COMMENT 'The class for this link plugin.',
  `options` longblob COMMENT 'A serialized array of URL options, such as a query string or HTML attributes.',
  `provider` varchar(50) CHARACTER SET ascii NOT NULL DEFAULT 'system' COMMENT 'The name of the module that generated this link.',
  `enabled` smallint(6) NOT NULL DEFAULT '1' COMMENT 'A flag for whether the link should be rendered in menus. (0 = a disabled menu link that may be shown on admin screens, 1 = a normal, visible link)',
  `discovered` smallint(6) NOT NULL DEFAULT '0' COMMENT 'A flag for whether the link was discovered, so can be purged on rebuild',
  `expanded` smallint(6) NOT NULL DEFAULT '0' COMMENT 'Flag for whether this link should be rendered as expanded in menus - expanded links always have their child links displayed, instead of only when the link is in the active trail (1 = expanded, 0 = not expanded)',
  `weight` int(11) NOT NULL DEFAULT '0' COMMENT 'Link weight among links in the same menu at the same depth.',
  `metadata` longblob COMMENT 'A serialized array of data that may be used by the plugin instance.',
  `has_children` smallint(6) NOT NULL DEFAULT '0' COMMENT 'Flag indicating whether any enabled links have this link as a parent (1 = enabled children exist, 0 = no enabled children).',
  `depth` smallint(6) NOT NULL DEFAULT '0' COMMENT 'The depth relative to the top level. A link with empty parent will have depth == 1.',
  `p1` int(10) UNSIGNED NOT NULL DEFAULT '0' COMMENT 'The first mlid in the materialized path. If N = depth, then pN must equal the mlid. If depth > 1 then p(N-1) must equal the parent link mlid. All pX where X > depth must equal zero. The columns p1 .. p9 are also called the parents.',
  `p2` int(10) UNSIGNED NOT NULL DEFAULT '0' COMMENT 'The second mlid in the materialized path. See p1.',
  `p3` int(10) UNSIGNED NOT NULL DEFAULT '0' COMMENT 'The third mlid in the materialized path. See p1.',
  `p4` int(10) UNSIGNED NOT NULL DEFAULT '0' COMMENT 'The fourth mlid in the materialized path. See p1.',
  `p5` int(10) UNSIGNED NOT NULL DEFAULT '0' COMMENT 'The fifth mlid in the materialized path. See p1.',
  `p6` int(10) UNSIGNED NOT NULL DEFAULT '0' COMMENT 'The sixth mlid in the materialized path. See p1.',
  `p7` int(10) UNSIGNED NOT NULL DEFAULT '0' COMMENT 'The seventh mlid in the materialized path. See p1.',
  `p8` int(10) UNSIGNED NOT NULL DEFAULT '0' COMMENT 'The eighth mlid in the materialized path. See p1.',
  `p9` int(10) UNSIGNED NOT NULL DEFAULT '0' COMMENT 'The ninth mlid in the materialized path. See p1.',
  `form_class` varchar(255) COLLATE utf8_unicode_ci DEFAULT NULL COMMENT 'meh'
) ENGINE=InnoDB DEFAULT CHARSET=utf8 COLLATE=utf8_unicode_ci COMMENT='Contains the menu tree hierarchy.';

--
-- Dumping data for table `menu_tree`
--

INSERT INTO `menu_tree` (`menu_name`, `mlid`, `id`, `parent`, `route_name`, `route_param_key`, `route_parameters`, `url`, `title`, `description`, `class`, `options`, `provider`, `enabled`, `discovered`, `expanded`, `weight`, `metadata`, `has_children`, `depth`, `p1`, `p2`, `p3`, `p4`, `p5`, `p6`, `p7`, `p8`, `p9`, `form_class`) VALUES
('tools', 2, 'filter.tips_all', '', 'filter.tips_all', '', 0x613a303a7b7d, '', 0x4f3a34383a2244727570616c5c436f72655c537472696e675472616e736c6174696f6e5c5472616e736c617461626c654d61726b7570223a333a7b733a393a22002a00737472696e67223b733a31323a22436f6d706f73652074697073223b733a31323a22002a00617267756d656e7473223b613a303a7b7d733a31303a22002a006f7074696f6e73223b613a303a7b7d7d, 0x733a303a22223b, 'Drupal\\Core\\Menu\\MenuLinkDefault', 0x613a303a7b7d, 'filter', 0, 1, 0, 0, 0x613a303a7b7d, 0, 1, 2, 0, 0, 0, 0, 0, 0, 0, 0, 'Drupal\\Core\\Menu\\Form\\MenuLinkDefaultForm'),
('tools', 3, 'node.add_page', '', 'node.add_page', '', 0x613a303a7b7d, '', 0x4f3a34383a2244727570616c5c436f72655c537472696e675472616e736c6174696f6e5c5472616e736c617461626c654d61726b7570223a333a7b733a393a22002a00737472696e67223b733a31313a2241646420636f6e74656e74223b733a31323a22002a00617267756d656e7473223b613a303a7b7d733a31303a22002a006f7074696f6e73223b613a303a7b7d7d, 0x733a303a22223b, 'Drupal\\Core\\Menu\\MenuLinkDefault', 0x613a303a7b7d, 'node', 1, 1, 0, 0, 0x613a303a7b7d, 0, 1, 3, 0, 0, 0, 0, 0, 0, 0, 0, 'Drupal\\Core\\Menu\\Form\\MenuLinkDefaultForm'),
('main', 5, 'standard.front_page', '', '<front>', '', 0x613a303a7b7d, '', 0x4f3a34383a2244727570616c5c436f72655c537472696e675472616e736c6174696f6e5c5472616e736c617461626c654d61726b7570223a333a7b733a393a22002a00737472696e67223b733a343a22486f6d65223b733a31323a22002a00617267756d656e7473223b613a303a7b7d733a31303a22002a006f7074696f6e73223b613a303a7b7d7d, 0x733a303a22223b, 'Drupal\\Core\\Menu\\MenuLinkDefault', 0x613a303a7b7d, 'standard', 1, 1, 0, -50, 0x613a303a7b7d, 0, 1, 5, 0, 0, 0, 0, 0, 0, 0, 0, 'Drupal\\Core\\Menu\\Form\\MenuLinkDefaultForm'),
('admin', 6, 'system.admin', '', 'system.admin', '', 0x613a303a7b7d, '', 0x4f3a34383a2244727570616c5c436f72655c537472696e675472616e736c6174696f6e5c5472616e736c617461626c654d61726b7570223a333a7b733a393a22002a00737472696e67223b733a31343a2241646d696e697374726174696f6e223b733a31323a22002a00617267756d656e7473223b613a303a7b7d733a31303a22002a006f7074696f6e73223b613a303a7b7d7d, 0x733a303a22223b, 'Drupal\\Core\\Menu\\MenuLinkDefault', 0x613a303a7b7d, 'system', 1, 1, 0, 9, 0x613a303a7b7d, 1, 1, 6, 0, 0, 0, 0, 0, 0, 0, 0, 'Drupal\\Core\\Menu\\Form\\MenuLinkDefaultForm'),
('admin', 8, 'help.main', 'system.admin', 'help.main', '', 0x613a303a7b7d, '', 0x4f3a34383a2244727570616c5c436f72655c537472696e675472616e736c6174696f6e5c5472616e736c617461626c654d61726b7570223a333a7b733a393a22002a00737472696e67223b733a343a2248656c70223b733a31323a22002a00617267756d656e7473223b613a303a7b7d733a31303a22002a006f7074696f6e73223b613a303a7b7d7d, 0x4f3a34383a2244727570616c5c436f72655c537472696e675472616e736c6174696f6e5c5472616e736c617461626c654d61726b7570223a333a7b733a393a22002a00737472696e67223b733a34383a225265666572656e636520666f722075736167652c20636f6e66696775726174696f6e2c20616e64206d6f64756c65732e223b733a31323a22002a00617267756d656e7473223b613a303a7b7d733a31303a22002a006f7074696f6e73223b613a303a7b7d7d, 'Drupal\\Core\\Menu\\MenuLinkDefault', 0x613a303a7b7d, 'help', 1, 1, 0, 9, 0x613a303a7b7d, 0, 2, 6, 8, 0, 0, 0, 0, 0, 0, 0, 'Drupal\\Core\\Menu\\Form\\MenuLinkDefaultForm'),
('admin', 9, 'system.admin_content', 'system.admin', 'system.admin_content', '', 0x613a303a7b7d, '', 0x4f3a34383a2244727570616c5c436f72655c537472696e675472616e736c6174696f6e5c5472616e736c617461626c654d61726b7570223a333a7b733a393a22002a00737472696e67223b733a373a22436f6e74656e74223b733a31323a22002a00617267756d656e7473223b613a303a7b7d733a31303a22002a006f7074696f6e73223b613a303a7b7d7d, 0x4f3a34383a2244727570616c5c436f72655c537472696e675472616e736c6174696f6e5c5472616e736c617461626c654d61726b7570223a333a7b733a393a22002a00737472696e67223b733a32343a2246696e6420616e64206d616e61676520636f6e74656e742e223b733a31323a22002a00617267756d656e7473223b613a303a7b7d733a31303a22002a006f7074696f6e73223b613a303a7b7d7d, 'Drupal\\Core\\Menu\\MenuLinkDefault', 0x613a303a7b7d, 'system', 1, 1, 0, -10, 0x613a303a7b7d, 1, 2, 6, 9, 0, 0, 0, 0, 0, 0, 0, 'Drupal\\Core\\Menu\\Form\\MenuLinkDefaultForm'),
('admin', 11, 'system.admin_structure', 'system.admin', 'system.admin_structure', '', 0x613a303a7b7d, '', 0x4f3a34383a2244727570616c5c436f72655c537472696e675472616e736c6174696f6e5c5472616e736c617461626c654d61726b7570223a333a7b733a393a22002a00737472696e67223b733a393a22537472756374757265223b733a31323a22002a00617267756d656e7473223b613a303a7b7d733a31303a22002a006f7074696f6e73223b613a303a7b7d7d, 0x4f3a34383a2244727570616c5c436f72655c537472696e675472616e736c6174696f6e5c5472616e736c617461626c654d61726b7570223a333a7b733a393a22002a00737472696e67223b733a34353a2241646d696e697374657220626c6f636b732c20636f6e74656e742074797065732c206d656e75732c206574632e223b733a31323a22002a00617267756d656e7473223b613a303a7b7d733a31303a22002a006f7074696f6e73223b613a303a7b7d7d, 'Drupal\\Core\\Menu\\MenuLinkDefault', 0x613a303a7b7d, 'system', 1, 1, 0, -8, 0x613a303a7b7d, 1, 2, 6, 11, 0, 0, 0, 0, 0, 0, 0, 'Drupal\\Core\\Menu\\Form\\MenuLinkDefaultForm'),
('admin', 12, 'block.admin_display', 'system.admin_structure', 'block.admin_display', '', 0x613a303a7b7d, '', 0x4f3a34383a2244727570616c5c436f72655c537472696e675472616e736c6174696f6e5c5472616e736c617461626c654d61726b7570223a333a7b733a393a22002a00737472696e67223b733a31323a22426c6f636b206c61796f7574223b733a31323a22002a00617267756d656e7473223b613a303a7b7d733a31303a22002a006f7074696f6e73223b613a303a7b7d7d, 0x4f3a34383a2244727570616c5c436f72655c537472696e675472616e736c6174696f6e5c5472616e736c617461626c654d61726b7570223a333a7b733a393a22002a00737472696e67223b733a37393a22436f6e666967757265207768617420626c6f636b20636f6e74656e74206170706561727320696e20796f75722073697465277320736964656261727320616e64206f7468657220726567696f6e732e223b733a31323a22002a00617267756d656e7473223b613a303a7b7d733a31303a22002a006f7074696f6e73223b613a303a7b7d7d, 'Drupal\\Core\\Menu\\MenuLinkDefault', 0x613a303a7b7d, 'block', 1, 1, 0, 0, 0x613a303a7b7d, 0, 3, 6, 11, 12, 0, 0, 0, 0, 0, 0, 'Drupal\\Core\\Menu\\Form\\MenuLinkDefaultForm'),
('admin', 13, 'entity.block_content_type.collection', 'system.admin_structure', 'entity.block_content_type.collection', '', 0x613a303a7b7d, '', 0x4f3a34383a2244727570616c5c436f72655c537472696e675472616e736c6174696f6e5c5472616e736c617461626c654d61726b7570223a333a7b733a393a22002a00737472696e67223b733a31313a22426c6f636b207479706573223b733a31323a22002a00617267756d656e7473223b613a303a7b7d733a31303a22002a006f7074696f6e73223b613a303a7b7d7d, 0x4f3a34383a2244727570616c5c436f72655c537472696e675472616e736c6174696f6e5c5472616e736c617461626c654d61726b7570223a333a7b733a393a22002a00737472696e67223b733a37383a2243726561746520616e64206d616e616765206669656c64732c20666f726d732c20616e6420646973706c61792073657474696e677320666f7220796f757220636f6e74656e7420626c6f636b732e223b733a31323a22002a00617267756d656e7473223b613a303a7b7d733a31303a22002a006f7074696f6e73223b613a303a7b7d7d, 'Drupal\\Core\\Menu\\MenuLinkDefault', 0x613a303a7b7d, 'block_content', 1, 1, 0, 0, 0x613a303a7b7d, 0, 3, 6, 11, 13, 0, 0, 0, 0, 0, 0, 'Drupal\\Core\\Menu\\Form\\MenuLinkDefaultForm'),
('admin', 16, 'field_ui.display_mode', 'system.admin_structure', 'field_ui.display_mode', '', 0x613a303a7b7d, '', 0x4f3a34383a2244727570616c5c436f72655c537472696e675472616e736c6174696f6e5c5472616e736c617461626c654d61726b7570223a333a7b733a393a22002a00737472696e67223b733a31333a22446973706c6179206d6f646573223b733a31323a22002a00617267756d656e7473223b613a303a7b7d733a31303a22002a006f7074696f6e73223b613a303a7b7d7d, 0x4f3a34383a2244727570616c5c436f72655c537472696e675472616e736c6174696f6e5c5472616e736c617461626c654d61726b7570223a333a7b733a393a22002a00737472696e67223b733a36353a22436f6e666967757265207768617420646973706c6179732061726520617661696c61626c6520666f7220796f757220636f6e74656e7420616e6420666f726d732e223b733a31323a22002a00617267756d656e7473223b613a303a7b7d733a31303a22002a006f7074696f6e73223b613a303a7b7d7d, 'Drupal\\Core\\Menu\\MenuLinkDefault', 0x613a303a7b7d, 'field_ui', 1, 1, 0, 0, 0x613a303a7b7d, 1, 3, 6, 11, 16, 0, 0, 0, 0, 0, 0, 'Drupal\\Core\\Menu\\Form\\MenuLinkDefaultForm'),
('admin', 17, 'entity.entity_view_mode.collection', 'field_ui.display_mode', 'entity.entity_view_mode.collection', '', 0x613a303a7b7d, '', 0x4f3a34383a2244727570616c5c436f72655c537472696e675472616e736c6174696f6e5c5472616e736c617461626c654d61726b7570223a333a7b733a393a22002a00737472696e67223b733a31303a2256696577206d6f646573223b733a31323a22002a00617267756d656e7473223b613a303a7b7d733a31303a22002a006f7074696f6e73223b613a303a7b7d7d, 0x4f3a34383a2244727570616c5c436f72655c537472696e675472616e736c6174696f6e5c5472616e736c617461626c654d61726b7570223a333a7b733a393a22002a00737472696e67223b733a32353a224d616e61676520637573746f6d2076696577206d6f6465732e223b733a31323a22002a00617267756d656e7473223b613a303a7b7d733a31303a22002a006f7074696f6e73223b613a303a7b7d7d, 'Drupal\\Core\\Menu\\MenuLinkDefault', 0x613a303a7b7d, 'field_ui', 1, 1, 0, 0, 0x613a303a7b7d, 0, 4, 6, 11, 16, 17, 0, 0, 0, 0, 0, 'Drupal\\Core\\Menu\\Form\\MenuLinkDefaultForm'),
('admin', 18, 'entity.entity_form_mode.collection', 'field_ui.display_mode', 'entity.entity_form_mode.collection', '', 0x613a303a7b7d, '', 0x4f3a34383a2244727570616c5c436f72655c537472696e675472616e736c6174696f6e5c5472616e736c617461626c654d61726b7570223a333a7b733a393a22002a00737472696e67223b733a31303a22466f726d206d6f646573223b733a31323a22002a00617267756d656e7473223b613a303a7b7d733a31303a22002a006f7074696f6e73223b613a303a7b7d7d, 0x4f3a34383a2244727570616c5c436f72655c537472696e675472616e736c6174696f6e5c5472616e736c617461626c654d61726b7570223a333a7b733a393a22002a00737472696e67223b733a32353a224d616e61676520637573746f6d20666f726d206d6f6465732e223b733a31323a22002a00617267756d656e7473223b613a303a7b7d733a31303a22002a006f7074696f6e73223b613a303a7b7d7d, 'Drupal\\Core\\Menu\\MenuLinkDefault', 0x613a303a7b7d, 'field_ui', 1, 1, 0, 0, 0x613a303a7b7d, 0, 4, 6, 11, 16, 18, 0, 0, 0, 0, 0, 'Drupal\\Core\\Menu\\Form\\MenuLinkDefaultForm'),
('admin', 19, 'entity.menu.collection', 'system.admin_structure', 'entity.menu.collection', '', 0x613a303a7b7d, '', 0x4f3a34383a2244727570616c5c436f72655c537472696e675472616e736c6174696f6e5c5472616e736c617461626c654d61726b7570223a333a7b733a393a22002a00737472696e67223b733a353a224d656e7573223b733a31323a22002a00617267756d656e7473223b613a303a7b7d733a31303a22002a006f7074696f6e73223b613a303a7b7d7d, 0x4f3a34383a2244727570616c5c436f72655c537472696e675472616e736c6174696f6e5c5472616e736c617461626c654d61726b7570223a333a7b733a393a22002a00737472696e67223b733a32383a224d616e616765206d656e757320616e64206d656e75206c696e6b732e223b733a31323a22002a00617267756d656e7473223b613a303a7b7d733a31303a22002a006f7074696f6e73223b613a303a7b7d7d, 'Drupal\\Core\\Menu\\MenuLinkDefault', 0x613a303a7b7d, 'menu_ui', 1, 1, 0, 0, 0x613a303a7b7d, 0, 3, 6, 11, 19, 0, 0, 0, 0, 0, 0, 'Drupal\\Core\\Menu\\Form\\MenuLinkDefaultForm'),
('admin', 20, 'entity.node_type.collection', 'system.admin_structure', 'entity.node_type.collection', '', 0x613a303a7b7d, '', 0x4f3a34383a2244727570616c5c436f72655c537472696e675472616e736c6174696f6e5c5472616e736c617461626c654d61726b7570223a333a7b733a393a22002a00737472696e67223b733a31333a22436f6e74656e74207479706573223b733a31323a22002a00617267756d656e7473223b613a303a7b7d733a31303a22002a006f7074696f6e73223b613a303a7b7d7d, 0x4f3a34383a2244727570616c5c436f72655c537472696e675472616e736c6174696f6e5c5472616e736c617461626c654d61726b7570223a333a7b733a393a22002a00737472696e67223b733a37313a2243726561746520616e64206d616e616765206669656c64732c20666f726d732c20616e6420646973706c61792073657474696e677320666f7220796f757220636f6e74656e742e223b733a31323a22002a00617267756d656e7473223b613a303a7b7d733a31303a22002a006f7074696f6e73223b613a303a7b7d7d, 'Drupal\\Core\\Menu\\MenuLinkDefault', 0x613a303a7b7d, 'node', 1, 1, 0, 0, 0x613a303a7b7d, 0, 3, 6, 11, 20, 0, 0, 0, 0, 0, 0, 'Drupal\\Core\\Menu\\Form\\MenuLinkDefaultForm'),
('admin', 22, 'entity.view.collection', 'system.admin_structure', 'entity.view.collection', '', 0x613a303a7b7d, '', 0x4f3a34383a2244727570616c5c436f72655c537472696e675472616e736c6174696f6e5c5472616e736c617461626c654d61726b7570223a333a7b733a393a22002a00737472696e67223b733a353a225669657773223b733a31323a22002a00617267756d656e7473223b613a303a7b7d733a31303a22002a006f7074696f6e73223b613a303a7b7d7d, 0x4f3a34383a2244727570616c5c436f72655c537472696e675472616e736c6174696f6e5c5472616e736c617461626c654d61726b7570223a333a7b733a393a22002a00737472696e67223b733a33353a224d616e61676520637573746f6d697a6564206c69737473206f6620636f6e74656e742e223b733a31323a22002a00617267756d656e7473223b613a303a7b7d733a31303a22002a006f7074696f6e73223b613a303a7b7d7d, 'Drupal\\Core\\Menu\\MenuLinkDefault', 0x613a303a7b7d, 'views_ui', 1, 1, 0, 0, 0x613a303a7b7d, 0, 3, 6, 11, 22, 0, 0, 0, 0, 0, 0, 'Drupal\\Core\\Menu\\Form\\MenuLinkDefaultForm'),
('admin', 23, 'system.themes_page', 'system.admin', 'system.themes_page', '', 0x613a303a7b7d, '', 0x4f3a34383a2244727570616c5c436f72655c537472696e675472616e736c6174696f6e5c5472616e736c617461626c654d61726b7570223a333a7b733a393a22002a00737472696e67223b733a31303a22417070656172616e6365223b733a31323a22002a00617267756d656e7473223b613a303a7b7d733a31303a22002a006f7074696f6e73223b613a303a7b7d7d, 0x4f3a34383a2244727570616c5c436f72655c537472696e675472616e736c6174696f6e5c5472616e736c617461626c654d61726b7570223a333a7b733a393a22002a00737472696e67223b733a32383a2253656c65637420616e6420636f6e666967757265207468656d65732e223b733a31323a22002a00617267756d656e7473223b613a303a7b7d733a31303a22002a006f7074696f6e73223b613a303a7b7d7d, 'Drupal\\Core\\Menu\\MenuLinkDefault', 0x613a303a7b7d, 'system', 1, 1, 0, -6, 0x613a303a7b7d, 0, 2, 6, 23, 0, 0, 0, 0, 0, 0, 0, 'Drupal\\Core\\Menu\\Form\\MenuLinkDefaultForm'),
('admin', 24, 'system.modules_list', 'system.admin', 'system.modules_list', '', 0x613a303a7b7d, '', 0x4f3a34383a2244727570616c5c436f72655c537472696e675472616e736c6174696f6e5c5472616e736c617461626c654d61726b7570223a333a7b733a393a22002a00737472696e67223b733a363a22457874656e64223b733a31323a22002a00617267756d656e7473223b613a303a7b7d733a31303a22002a006f7074696f6e73223b613a303a7b7d7d, 0x4f3a34383a2244727570616c5c436f72655c537472696e675472616e736c6174696f6e5c5472616e736c617461626c654d61726b7570223a333a7b733a393a22002a00737472696e67223b733a35333a2241646420616e6420696e7374616c6c206d6f64756c657320746f20657874656e6420736974652066756e6374696f6e616c6974792e223b733a31323a22002a00617267756d656e7473223b613a303a7b7d733a31303a22002a006f7074696f6e73223b613a303a7b7d7d, 'Drupal\\Core\\Menu\\MenuLinkDefault', 0x613a303a7b7d, 'system', 1, 1, 0, -2, 0x613a303a7b7d, 0, 2, 6, 24, 0, 0, 0, 0, 0, 0, 0, 'Drupal\\Core\\Menu\\Form\\MenuLinkDefaultForm'),
('admin', 25, 'system.admin_config', 'system.admin', 'system.admin_config', '', 0x613a303a7b7d, '', 0x4f3a34383a2244727570616c5c436f72655c537472696e675472616e736c6174696f6e5c5472616e736c617461626c654d61726b7570223a333a7b733a393a22002a00737472696e67223b733a31333a22436f6e66696775726174696f6e223b733a31323a22002a00617267756d656e7473223b613a303a7b7d733a31303a22002a006f7074696f6e73223b613a303a7b7d7d, 0x4f3a34383a2244727570616c5c436f72655c537472696e675472616e736c6174696f6e5c5472616e736c617461626c654d61726b7570223a333a7b733a393a22002a00737472696e67223b733a32303a2241646d696e69737465722073657474696e67732e223b733a31323a22002a00617267756d656e7473223b613a303a7b7d733a31303a22002a006f7074696f6e73223b613a303a7b7d7d, 'Drupal\\Core\\Menu\\MenuLinkDefault', 0x613a303a7b7d, 'system', 1, 1, 0, 0, 0x613a303a7b7d, 1, 2, 6, 25, 0, 0, 0, 0, 0, 0, 0, 'Drupal\\Core\\Menu\\Form\\MenuLinkDefaultForm'),
('admin', 26, 'system.admin_config_media', 'system.admin_config', 'system.admin_config_media', '', 0x613a303a7b7d, '', 0x4f3a34383a2244727570616c5c436f72655c537472696e675472616e736c6174696f6e5c5472616e736c617461626c654d61726b7570223a333a7b733a393a22002a00737472696e67223b733a353a224d65646961223b733a31323a22002a00617267756d656e7473223b613a303a7b7d733a31303a22002a006f7074696f6e73223b613a303a7b7d7d, 0x733a303a22223b, 'Drupal\\Core\\Menu\\MenuLinkDefault', 0x613a303a7b7d, 'system', 1, 1, 0, -10, 0x613a303a7b7d, 1, 3, 6, 25, 26, 0, 0, 0, 0, 0, 0, 'Drupal\\Core\\Menu\\Form\\MenuLinkDefaultForm'),
('admin', 27, 'entity.image_style.collection', 'system.admin_config_media', 'entity.image_style.collection', '', 0x613a303a7b7d, '', 0x4f3a34383a2244727570616c5c436f72655c537472696e675472616e736c6174696f6e5c5472616e736c617461626c654d61726b7570223a333a7b733a393a22002a00737472696e67223b733a31323a22496d616765207374796c6573223b733a31323a22002a00617267756d656e7473223b613a303a7b7d733a31303a22002a006f7074696f6e73223b613a303a7b7d7d, 0x4f3a34383a2244727570616c5c436f72655c537472696e675472616e736c6174696f6e5c5472616e736c617461626c654d61726b7570223a333a7b733a393a22002a00737472696e67223b733a37383a22436f6e666967757265207374796c657320746861742063616e206265207573656420666f7220726573697a696e67206f722061646a757374696e6720696d61676573206f6e20646973706c61792e223b733a31323a22002a00617267756d656e7473223b613a303a7b7d733a31303a22002a006f7074696f6e73223b613a303a7b7d7d, 'Drupal\\Core\\Menu\\MenuLinkDefault', 0x613a303a7b7d, 'image', 1, 1, 0, 0, 0x613a303a7b7d, 0, 4, 6, 25, 26, 27, 0, 0, 0, 0, 0, 'Drupal\\Core\\Menu\\Form\\MenuLinkDefaultForm'),
('admin', 28, 'system.file_system_settings', 'system.admin_config_media', 'system.file_system_settings', '', 0x613a303a7b7d, '', 0x4f3a34383a2244727570616c5c436f72655c537472696e675472616e736c6174696f6e5c5472616e736c617461626c654d61726b7570223a333a7b733a393a22002a00737472696e67223b733a31313a2246696c652073797374656d223b733a31323a22002a00617267756d656e7473223b613a303a7b7d733a31303a22002a006f7074696f6e73223b613a303a7b7d7d, 0x4f3a34383a2244727570616c5c436f72655c537472696e675472616e736c6174696f6e5c5472616e736c617461626c654d61726b7570223a333a7b733a393a22002a00737472696e67223b733a36373a22436f6e66696775726520746865206c6f636174696f6e206f662075706c6f616465642066696c657320616e6420686f772074686579206172652061636365737365642e223b733a31323a22002a00617267756d656e7473223b613a303a7b7d733a31303a22002a006f7074696f6e73223b613a303a7b7d7d, 'Drupal\\Core\\Menu\\MenuLinkDefault', 0x613a303a7b7d, 'system', 1, 1, 0, 0, 0x613a303a7b7d, 0, 4, 6, 25, 26, 28, 0, 0, 0, 0, 0, 'Drupal\\Core\\Menu\\Form\\MenuLinkDefaultForm'),
('admin', 29, 'system.image_toolkit_settings', 'system.admin_config_media', 'system.image_toolkit_settings', '', 0x613a303a7b7d, '', 0x4f3a34383a2244727570616c5c436f72655c537472696e675472616e736c6174696f6e5c5472616e736c617461626c654d61726b7570223a333a7b733a393a22002a00737472696e67223b733a31333a22496d61676520746f6f6c6b6974223b733a31323a22002a00617267756d656e7473223b613a303a7b7d733a31303a22002a006f7074696f6e73223b613a303a7b7d7d, 0x4f3a34383a2244727570616c5c436f72655c537472696e675472616e736c6174696f6e5c5472616e736c617461626c654d61726b7570223a333a7b733a393a22002a00737472696e67223b733a37343a2243686f6f736520776869636820696d61676520746f6f6c6b697420746f2075736520696620796f75206861766520696e7374616c6c6564206f7074696f6e616c20746f6f6c6b6974732e223b733a31323a22002a00617267756d656e7473223b613a303a7b7d733a31303a22002a006f7074696f6e73223b613a303a7b7d7d, 'Drupal\\Core\\Menu\\MenuLinkDefault', 0x613a303a7b7d, 'system', 1, 1, 0, 20, 0x613a303a7b7d, 0, 4, 6, 25, 26, 29, 0, 0, 0, 0, 0, 'Drupal\\Core\\Menu\\Form\\MenuLinkDefaultForm'),
('admin', 30, 'system.admin_config_services', 'system.admin_config', 'system.admin_config_services', '', 0x613a303a7b7d, '', 0x4f3a34383a2244727570616c5c436f72655c537472696e675472616e736c6174696f6e5c5472616e736c617461626c654d61726b7570223a333a7b733a393a22002a00737472696e67223b733a31323a22576562207365727669636573223b733a31323a22002a00617267756d656e7473223b613a303a7b7d733a31303a22002a006f7074696f6e73223b613a303a7b7d7d, 0x733a303a22223b, 'Drupal\\Core\\Menu\\MenuLinkDefault', 0x613a303a7b7d, 'system', 1, 1, 0, 0, 0x613a303a7b7d, 1, 3, 6, 25, 30, 0, 0, 0, 0, 0, 0, 'Drupal\\Core\\Menu\\Form\\MenuLinkDefaultForm'),
('admin', 31, 'system.rss_feeds_settings', 'system.admin_config_services', 'system.rss_feeds_settings', '', 0x613a303a7b7d, '', 0x4f3a34383a2244727570616c5c436f72655c537472696e675472616e736c6174696f6e5c5472616e736c617461626c654d61726b7570223a333a7b733a393a22002a00737472696e67223b733a31343a22525353207075626c697368696e67223b733a31323a22002a00617267756d656e7473223b613a303a7b7d733a31303a22002a006f7074696f6e73223b613a303a7b7d7d, 0x4f3a34383a2244727570616c5c436f72655c537472696e675472616e736c6174696f6e5c5472616e736c617461626c654d61726b7570223a333a7b733a393a22002a00737472696e67223b733a3131353a22436f6e666967757265207468652073697465206465736372697074696f6e2c20746865206e756d626572206f66206974656d732070657220666565642c20616e6420776865746865722066656564732073686f756c64206265207469746c65732f746561736572732f66756c6c2d746578742e223b733a31323a22002a00617267756d656e7473223b613a303a7b7d733a31303a22002a006f7074696f6e73223b613a303a7b7d7d, 'Drupal\\Core\\Menu\\MenuLinkDefault', 0x613a303a7b7d, 'system', 1, 1, 0, 0, 0x613a303a7b7d, 0, 4, 6, 25, 30, 31, 0, 0, 0, 0, 0, 'Drupal\\Core\\Menu\\Form\\MenuLinkDefaultForm'),
('admin', 32, 'system.linkset_settings', 'system.admin_config_services', 'system.linkset_settings', '', 0x613a303a7b7d, '', 0x4f3a34383a2244727570616c5c436f72655c537472696e675472616e736c6174696f6e5c5472616e736c617461626c654d61726b7570223a333a7b733a393a22002a00737472696e67223b733a32313a224d656e75204c696e6b7365742053657474696e6773223b733a31323a22002a00617267756d656e7473223b613a303a7b7d733a31303a22002a006f7074696f6e73223b613a303a7b7d7d, 0x4f3a34383a2244727570616c5c436f72655c537472696e675472616e736c6174696f6e5c5472616e736c617461626c654d61726b7570223a333a7b733a393a22002a00737472696e67223b733a34333a22456e61626c65206f722064697361626c6520746865206d656e75206c696e6b73657420656e64706f696e74223b733a31323a22002a00617267756d656e7473223b613a303a7b7d733a31303a22002a006f7074696f6e73223b613a303a7b7d7d, 'Drupal\\Core\\Menu\\MenuLinkDefault', 0x613a303a7b7d, 'system', 1, 1, 0, 10, 0x613a303a7b7d, 0, 4, 6, 25, 30, 32, 0, 0, 0, 0, 0, 'Drupal\\Core\\Menu\\Form\\MenuLinkDefaultForm'),
('admin', 33, 'system.admin_config_development', 'system.admin_config', 'system.admin_config_development', '', 0x613a303a7b7d, '', 0x4f3a34383a2244727570616c5c436f72655c537472696e675472616e736c6174696f6e5c5472616e736c617461626c654d61726b7570223a333a7b733a393a22002a00737472696e67223b733a31313a22446576656c6f706d656e74223b733a31323a22002a00617267756d656e7473223b613a303a7b7d733a31303a22002a006f7074696f6e73223b613a303a7b7d7d, 0x4f3a34383a2244727570616c5c436f72655c537472696e675472616e736c6174696f6e5c5472616e736c617461626c654d61726b7570223a333a7b733a393a22002a00737472696e67223b733a33363a22436f6e66696775726520616e642075736520646576656c6f706d656e7420746f6f6c732e223b733a31323a22002a00617267756d656e7473223b613a303a7b7d733a31303a22002a006f7074696f6e73223b613a303a7b7d7d, 'Drupal\\Core\\Menu\\MenuLinkDefault', 0x613a303a7b7d, 'system', 1, 1, 0, -10, 0x613a303a7b7d, 1, 3, 6, 25, 33, 0, 0, 0, 0, 0, 0, 'Drupal\\Core\\Menu\\Form\\MenuLinkDefaultForm'),
('admin', 34, 'config.sync', 'system.admin_config_development', 'config.sync', '', 0x613a303a7b7d, '', 0x4f3a34383a2244727570616c5c436f72655c537472696e675472616e736c6174696f6e5c5472616e736c617461626c654d61726b7570223a333a7b733a393a22002a00737472696e67223b733a32393a22436f6e66696775726174696f6e2073796e6368726f6e697a6174696f6e223b733a31323a22002a00617267756d656e7473223b613a303a7b7d733a31303a22002a006f7074696f6e73223b613a303a7b7d7d, 0x4f3a34383a2244727570616c5c436f72655c537472696e675472616e736c6174696f6e5c5472616e736c617461626c654d61726b7570223a333a7b733a393a22002a00737472696e67223b733a33373a22496d706f727420616e64206578706f727420796f757220636f6e66696775726174696f6e2e223b733a31323a22002a00617267756d656e7473223b613a303a7b7d733a31303a22002a006f7074696f6e73223b613a303a7b7d7d, 'Drupal\\Core\\Menu\\MenuLinkDefault', 0x613a303a7b7d, 'config', 1, 1, 0, 0, 0x613a303a7b7d, 0, 4, 6, 25, 33, 34, 0, 0, 0, 0, 0, 'Drupal\\Core\\Menu\\Form\\MenuLinkDefaultForm'),
('admin', 35, 'system.site_maintenance_mode', 'system.admin_config_development', 'system.site_maintenance_mode', '', 0x613a303a7b7d, '', 0x4f3a34383a2244727570616c5c436f72655c537472696e675472616e736c6174696f6e5c5472616e736c617461626c654d61726b7570223a333a7b733a393a22002a00737472696e67223b733a31363a224d61696e74656e616e6365206d6f6465223b733a31323a22002a00617267756d656e7473223b613a303a7b7d733a31303a22002a006f7074696f6e73223b613a303a7b7d7d, 0x4f3a34383a2244727570616c5c436f72655c537472696e675472616e736c6174696f6e5c5472616e736c617461626c654d61726b7570223a333a7b733a393a22002a00737472696e67223b733a36323a2254616b65207468652073697465206f66666c696e6520666f72207570646174657320616e64206f74686572206d61696e74656e616e6365207461736b732e223b733a31323a22002a00617267756d656e7473223b613a303a7b7d733a31303a22002a006f7074696f6e73223b613a303a7b7d7d, 'Drupal\\Core\\Menu\\MenuLinkDefault', 0x613a303a7b7d, 'system', 1, 1, 0, -10, 0x613a303a7b7d, 0, 4, 6, 25, 33, 35, 0, 0, 0, 0, 0, 'Drupal\\Core\\Menu\\Form\\MenuLinkDefaultForm'),
('admin', 36, 'system.performance_settings', 'system.admin_config_development', 'system.performance_settings', '', 0x613a303a7b7d, '', 0x4f3a34383a2244727570616c5c436f72655c537472696e675472616e736c6174696f6e5c5472616e736c617461626c654d61726b7570223a333a7b733a393a22002a00737472696e67223b733a31313a22506572666f726d616e6365223b733a31323a22002a00617267756d656e7473223b613a303a7b7d733a31303a22002a006f7074696f6e73223b613a303a7b7d7d, 0x4f3a34383a2244727570616c5c436f72655c537472696e675472616e736c6174696f6e5c5472616e736c617461626c654d61726b7570223a333a7b733a393a22002a00737472696e67223b733a34353a22436f6e6669677572652063616368696e6720616e642062616e647769647468206f7074696d697a6174696f6e2e223b733a31323a22002a00617267756d656e7473223b613a303a7b7d733a31303a22002a006f7074696f6e73223b613a303a7b7d7d, 'Drupal\\Core\\Menu\\MenuLinkDefault', 0x613a303a7b7d, 'system', 1, 1, 0, -20, 0x613a303a7b7d, 0, 4, 6, 25, 33, 36, 0, 0, 0, 0, 0, 'Drupal\\Core\\Menu\\Form\\MenuLinkDefaultForm'),
('admin', 37, 'system.development_settings', 'system.admin_config_development', 'system.development_settings', '', 0x613a303a7b7d, '', 0x4f3a34383a2244727570616c5c436f72655c537472696e675472616e736c6174696f6e5c5472616e736c617461626c654d61726b7570223a333a7b733a393a22002a00737472696e67223b733a32303a22446576656c6f706d656e742073657474696e6773223b733a31323a22002a00617267756d656e7473223b613a303a7b7d733a31303a22002a006f7074696f6e73223b613a303a7b7d7d, 0x4f3a34383a2244727570616c5c436f72655c537472696e675472616e736c6174696f6e5c5472616e736c617461626c654d61726b7570223a333a7b733a393a22002a00737472696e67223b733a33363a22436f6e666967757265207468656d6520646576656c6f706d656e742073657474696e6773223b733a31323a22002a00617267756d656e7473223b613a303a7b7d733a31303a22002a006f7074696f6e73223b613a303a7b7d7d, 'Drupal\\Core\\Menu\\MenuLinkDefault', 0x613a303a7b7d, 'system', 1, 1, 0, -19, 0x613a303a7b7d, 0, 4, 6, 25, 33, 37, 0, 0, 0, 0, 0, 'Drupal\\Core\\Menu\\Form\\MenuLinkDefaultForm'),
('admin', 38, 'system.logging_settings', 'system.admin_config_development', 'system.logging_settings', '', 0x613a303a7b7d, '', 0x4f3a34383a2244727570616c5c436f72655c537472696e675472616e736c6174696f6e5c5472616e736c617461626c654d61726b7570223a333a7b733a393a22002a00737472696e67223b733a31383a224c6f6767696e6720616e64206572726f7273223b733a31323a22002a00617267756d656e7473223b613a303a7b7d733a31303a22002a006f7074696f6e73223b613a303a7b7d7d, 0x4f3a34383a2244727570616c5c436f72655c537472696e675472616e736c6174696f6e5c5472616e736c617461626c654d61726b7570223a333a7b733a393a22002a00737472696e67223b733a36313a22436f6e6669677572652074686520646973706c6179206f66206572726f72206d6573736167657320616e64206461746162617365206c6f6767696e672e223b733a31323a22002a00617267756d656e7473223b613a303a7b7d733a31303a22002a006f7074696f6e73223b613a303a7b7d7d, 'Drupal\\Core\\Menu\\MenuLinkDefault', 0x613a303a7b7d, 'system', 1, 1, 0, -15, 0x613a303a7b7d, 0, 4, 6, 25, 33, 38, 0, 0, 0, 0, 0, 'Drupal\\Core\\Menu\\Form\\MenuLinkDefaultForm'),
('admin', 39, 'system.admin_config_regional', 'system.admin_config', 'system.admin_config_regional', '', 0x613a303a7b7d, '', 0x4f3a34383a2244727570616c5c436f72655c537472696e675472616e736c6174696f6e5c5472616e736c617461626c654d61726b7570223a333a7b733a393a22002a00737472696e67223b733a31393a22526567696f6e20616e64206c616e6775616765223b733a31323a22002a00617267756d656e7473223b613a303a7b7d733a31303a22002a006f7074696f6e73223b613a303a7b7d7d, 0x4f3a34383a2244727570616c5c436f72655c537472696e675472616e736c6174696f6e5c5472616e736c617461626c654d61726b7570223a333a7b733a393a22002a00737472696e67223b733a35393a22436f6e66696775726520726567696f6e616c2073657474696e67732c206c6f63616c697a6174696f6e2c20616e64207472616e736c6174696f6e2e223b733a31323a22002a00617267756d656e7473223b613a303a7b7d733a31303a22002a006f7074696f6e73223b613a303a7b7d7d, 'Drupal\\Core\\Menu\\MenuLinkDefault', 0x613a303a7b7d, 'system', 1, 1, 0, -5, 0x613a303a7b7d, 1, 3, 6, 25, 39, 0, 0, 0, 0, 0, 0, 'Drupal\\Core\\Menu\\Form\\MenuLinkDefaultForm'),
('admin', 40, 'system.regional_settings', 'system.admin_config_regional', 'system.regional_settings', '', 0x613a303a7b7d, '', 0x4f3a34383a2244727570616c5c436f72655c537472696e675472616e736c6174696f6e5c5472616e736c617461626c654d61726b7570223a333a7b733a393a22002a00737472696e67223b733a31373a22526567696f6e616c2073657474696e6773223b733a31323a22002a00617267756d656e7473223b613a303a7b7d733a31303a22002a006f7074696f6e73223b613a303a7b7d7d, 0x4f3a34383a2244727570616c5c436f72655c537472696e675472616e736c6174696f6e5c5472616e736c617461626c654d61726b7570223a333a7b733a393a22002a00737472696e67223b733a34333a22436f6e66696775726520746865206c6f63616c6520616e642074696d657a6f6e652073657474696e67732e223b733a31323a22002a00617267756d656e7473223b613a303a7b7d733a31303a22002a006f7074696f6e73223b613a303a7b7d7d, 'Drupal\\Core\\Menu\\MenuLinkDefault', 0x613a303a7b7d, 'system', 1, 1, 0, -20, 0x613a303a7b7d, 0, 4, 6, 25, 39, 40, 0, 0, 0, 0, 0, 'Drupal\\Core\\Menu\\Form\\MenuLinkDefaultForm'),
('admin', 41, 'entity.date_format.collection', 'system.admin_config_regional', 'entity.date_format.collection', '', 0x613a303a7b7d, '', 0x4f3a34383a2244727570616c5c436f72655c537472696e675472616e736c6174696f6e5c5472616e736c617461626c654d61726b7570223a333a7b733a393a22002a00737472696e67223b733a32313a224461746520616e642074696d6520666f726d617473223b733a31323a22002a00617267756d656e7473223b613a303a7b7d733a31303a22002a006f7074696f6e73223b613a303a7b7d7d, 0x4f3a34383a2244727570616c5c436f72655c537472696e675472616e736c6174696f6e5c5472616e736c617461626c654d61726b7570223a333a7b733a393a22002a00737472696e67223b733a34343a22436f6e66696775726520686f7720646174657320616e642074696d65732061726520646973706c617965642e223b733a31323a22002a00617267756d656e7473223b613a303a7b7d733a31303a22002a006f7074696f6e73223b613a303a7b7d7d, 'Drupal\\Core\\Menu\\MenuLinkDefault', 0x613a303a7b7d, 'system', 1, 1, 0, -9, 0x613a303a7b7d, 0, 4, 6, 25, 39, 41, 0, 0, 0, 0, 0, 'Drupal\\Core\\Menu\\Form\\MenuLinkDefaultForm'),
('admin', 42, 'system.admin_config_search', 'system.admin_config', 'system.admin_config_search', '', 0x613a303a7b7d, '', 0x4f3a34383a2244727570616c5c436f72655c537472696e675472616e736c6174696f6e5c5472616e736c617461626c654d61726b7570223a333a7b733a393a22002a00737472696e67223b733a31393a2253656172636820616e64206d65746164617461223b733a31323a22002a00617267756d656e7473223b613a303a7b7d733a31303a22002a006f7074696f6e73223b613a303a7b7d7d, 0x4f3a34383a2244727570616c5c436f72655c537472696e675472616e736c6174696f6e5c5472616e736c617461626c654d61726b7570223a333a7b733a393a22002a00737472696e67223b733a36343a22436f6e6669677572652073697465207365617263682c206d657461646174612c20616e642073656172636820656e67696e65206f7074696d697a6174696f6e2e223b733a31323a22002a00617267756d656e7473223b613a303a7b7d733a31303a22002a006f7074696f6e73223b613a303a7b7d7d, 'Drupal\\Core\\Menu\\MenuLinkDefault', 0x613a303a7b7d, 'system', 1, 1, 0, -10, 0x613a303a7b7d, 1, 3, 6, 25, 42, 0, 0, 0, 0, 0, 0, 'Drupal\\Core\\Menu\\Form\\MenuLinkDefaultForm'),
('admin', 43, 'entity.path_alias.collection', 'system.admin_config_search', 'entity.path_alias.collection', '', 0x613a303a7b7d, '', 0x4f3a34383a2244727570616c5c436f72655c537472696e675472616e736c6174696f6e5c5472616e736c617461626c654d61726b7570223a333a7b733a393a22002a00737472696e67223b733a31313a2255524c20616c6961736573223b733a31323a22002a00617267756d656e7473223b613a303a7b7d733a31303a22002a006f7074696f6e73223b613a303a7b7d7d, 0x4f3a34383a2244727570616c5c436f72655c537472696e675472616e736c6174696f6e5c5472616e736c617461626c654d61726b7570223a333a7b733a393a22002a00737472696e67223b733a33343a2241646420637573746f6d2055524c7320746f206578697374696e672070617468732e223b733a31323a22002a00617267756d656e7473223b613a303a7b7d733a31303a22002a006f7074696f6e73223b613a303a7b7d7d, 'Drupal\\Core\\Menu\\MenuLinkDefault', 0x613a303a7b7d, 'path', 1, 1, 0, -5, 0x613a303a7b7d, 0, 4, 6, 25, 42, 43, 0, 0, 0, 0, 0, 'Drupal\\Core\\Menu\\Form\\MenuLinkDefaultForm'),
('admin', 45, 'system.admin_config_system', 'system.admin_config', 'system.admin_config_system', '', 0x613a303a7b7d, '', 0x4f3a34383a2244727570616c5c436f72655c537472696e675472616e736c6174696f6e5c5472616e736c617461626c654d61726b7570223a333a7b733a393a22002a00737472696e67223b733a363a2253797374656d223b733a31323a22002a00617267756d656e7473223b613a303a7b7d733a31303a22002a006f7074696f6e73223b613a303a7b7d7d, 0x4f3a34383a2244727570616c5c436f72655c537472696e675472616e736c6174696f6e5c5472616e736c617461626c654d61726b7570223a333a7b733a393a22002a00737472696e67223b733a34393a22436f6e66696775726520626173696320736974652073657474696e67732c20616374696f6e732c20616e642063726f6e2e223b733a31323a22002a00617267756d656e7473223b613a303a7b7d733a31303a22002a006f7074696f6e73223b613a303a7b7d7d, 'Drupal\\Core\\Menu\\MenuLinkDefault', 0x613a303a7b7d, 'system', 1, 1, 0, -20, 0x613a303a7b7d, 1, 3, 6, 25, 45, 0, 0, 0, 0, 0, 0, 'Drupal\\Core\\Menu\\Form\\MenuLinkDefaultForm'),
('admin', 46, 'system.site_information_settings', 'system.admin_config_system', 'system.site_information_settings', '', 0x613a303a7b7d, '', 0x4f3a34383a2244727570616c5c436f72655c537472696e675472616e736c6174696f6e5c5472616e736c617461626c654d61726b7570223a333a7b733a393a22002a00737472696e67223b733a31393a22426173696320736974652073657474696e6773223b733a31323a22002a00617267756d656e7473223b613a303a7b7d733a31303a22002a006f7074696f6e73223b613a303a7b7d7d, 0x4f3a34383a2244727570616c5c436f72655c537472696e675472616e736c6174696f6e5c5472616e736c617461626c654d61726b7570223a333a7b733a393a22002a00737472696e67223b733a37373a224368616e67652073697465206e616d652c20656d61696c20616464726573732c20736c6f67616e2c2064656661756c742066726f6e7420706167652c20616e64206572726f722070616765732e223b733a31323a22002a00617267756d656e7473223b613a303a7b7d733a31303a22002a006f7074696f6e73223b613a303a7b7d7d, 'Drupal\\Core\\Menu\\MenuLinkDefault', 0x613a303a7b7d, 'system', 1, 1, 0, -20, 0x613a303a7b7d, 0, 4, 6, 25, 45, 46, 0, 0, 0, 0, 0, 'Drupal\\Core\\Menu\\Form\\MenuLinkDefaultForm'),
('admin', 47, 'system.cron_settings', 'system.admin_config_system', 'system.cron_settings', '', 0x613a303a7b7d, '', 0x4f3a34383a2244727570616c5c436f72655c537472696e675472616e736c6174696f6e5c5472616e736c617461626c654d61726b7570223a333a7b733a393a22002a00737472696e67223b733a343a2243726f6e223b733a31323a22002a00617267756d656e7473223b613a303a7b7d733a31303a22002a006f7074696f6e73223b613a303a7b7d7d, 0x4f3a34383a2244727570616c5c436f72655c537472696e675472616e736c6174696f6e5c5472616e736c617461626c654d61726b7570223a333a7b733a393a22002a00737472696e67223b733a34303a224d616e616765206175746f6d617469632073697465206d61696e74656e616e6365207461736b732e223b733a31323a22002a00617267756d656e7473223b613a303a7b7d733a31303a22002a006f7074696f6e73223b613a303a7b7d7d, 'Drupal\\Core\\Menu\\MenuLinkDefault', 0x613a303a7b7d, 'system', 1, 1, 0, 20, 0x613a303a7b7d, 0, 4, 6, 25, 45, 47, 0, 0, 0, 0, 0, 'Drupal\\Core\\Menu\\Form\\MenuLinkDefaultForm'),
('admin', 48, 'system.admin_config_ui', 'system.admin_config', 'system.admin_config_ui', '', 0x613a303a7b7d, '', 0x4f3a34383a2244727570616c5c436f72655c537472696e675472616e736c6174696f6e5c5472616e736c617461626c654d61726b7570223a333a7b733a393a22002a00737472696e67223b733a31343a225573657220696e74657266616365223b733a31323a22002a00617267756d656e7473223b613a303a7b7d733a31303a22002a006f7074696f6e73223b613a303a7b7d7d, 0x4f3a34383a2244727570616c5c436f72655c537472696e675472616e736c6174696f6e5c5472616e736c617461626c654d61726b7570223a333a7b733a393a22002a00737472696e67223b733a34343a22436f6e666967757265207468652061646d696e697374726174697665207573657220696e746572666163652e223b733a31323a22002a00617267756d656e7473223b613a303a7b7d733a31303a22002a006f7074696f6e73223b613a303a7b7d7d, 'Drupal\\Core\\Menu\\MenuLinkDefault', 0x613a303a7b7d, 'system', 1, 1, 0, -15, 0x613a303a7b7d, 1, 3, 6, 25, 48, 0, 0, 0, 0, 0, 0, 'Drupal\\Core\\Menu\\Form\\MenuLinkDefaultForm'),
('admin', 49, 'entity.shortcut_set.collection', 'system.admin_config_ui', 'entity.shortcut_set.collection', '', 0x613a303a7b7d, '', 0x4f3a34383a2244727570616c5c436f72655c537472696e675472616e736c6174696f6e5c5472616e736c617461626c654d61726b7570223a333a7b733a393a22002a00737472696e67223b733a393a2253686f727463757473223b733a31323a22002a00617267756d656e7473223b613a303a7b7d733a31303a22002a006f7074696f6e73223b613a303a7b7d7d, 0x4f3a34383a2244727570616c5c436f72655c537472696e675472616e736c6174696f6e5c5472616e736c617461626c654d61726b7570223a333a7b733a393a22002a00737472696e67223b733a32393a2241646420616e64206d6f646966792073686f727463757420736574732e223b733a31323a22002a00617267756d656e7473223b613a303a7b7d733a31303a22002a006f7074696f6e73223b613a303a7b7d7d, 'Drupal\\Core\\Menu\\MenuLinkDefault', 0x613a303a7b7d, 'shortcut', 1, 1, 0, 0, 0x613a303a7b7d, 0, 4, 6, 25, 48, 49, 0, 0, 0, 0, 0, 'Drupal\\Core\\Menu\\Form\\MenuLinkDefaultForm'),
('admin', 50, 'system.admin_config_workflow', 'system.admin_config', 'system.admin_config_workflow', '', 0x613a303a7b7d, '', 0x4f3a34383a2244727570616c5c436f72655c537472696e675472616e736c6174696f6e5c5472616e736c617461626c654d61726b7570223a333a7b733a393a22002a00737472696e67223b733a383a22576f726b666c6f77223b733a31323a22002a00617267756d656e7473223b613a303a7b7d733a31303a22002a006f7074696f6e73223b613a303a7b7d7d, 0x4f3a34383a2244727570616c5c436f72655c537472696e675472616e736c6174696f6e5c5472616e736c617461626c654d61726b7570223a333a7b733a393a22002a00737472696e67223b733a32383a224d616e6167652074686520636f6e74656e7420776f726b666c6f772e223b733a31323a22002a00617267756d656e7473223b613a303a7b7d733a31303a22002a006f7074696f6e73223b613a303a7b7d7d, 'Drupal\\Core\\Menu\\MenuLinkDefault', 0x613a303a7b7d, 'system', 1, 1, 0, 5, 0x613a303a7b7d, 0, 3, 6, 25, 50, 0, 0, 0, 0, 0, 0, 'Drupal\\Core\\Menu\\Form\\MenuLinkDefaultForm'),
('admin', 51, 'system.admin_config_content', 'system.admin_config', 'system.admin_config_content', '', 0x613a303a7b7d, '', 0x4f3a34383a2244727570616c5c436f72655c537472696e675472616e736c6174696f6e5c5472616e736c617461626c654d61726b7570223a333a7b733a393a22002a00737472696e67223b733a31373a22436f6e74656e7420617574686f72696e67223b733a31323a22002a00617267756d656e7473223b613a303a7b7d733a31303a22002a006f7074696f6e73223b613a303a7b7d7d, 0x4f3a34383a2244727570616c5c436f72655c537472696e675472616e736c6174696f6e5c5472616e736c617461626c654d61726b7570223a333a7b733a393a22002a00737472696e67223b733a34333a22436f6e66696775726520636f6e74656e7420666f726d617474696e6720616e6420617574686f72696e672e223b733a31323a22002a00617267756d656e7473223b613a303a7b7d733a31303a22002a006f7074696f6e73223b613a303a7b7d7d, 'Drupal\\Core\\Menu\\MenuLinkDefault', 0x613a303a7b7d, 'system', 1, 1, 0, -15, 0x613a303a7b7d, 1, 3, 6, 25, 51, 0, 0, 0, 0, 0, 0, 'Drupal\\Core\\Menu\\Form\\MenuLinkDefaultForm'),
('admin', 52, 'filter.admin_overview', 'system.admin_config_content', 'filter.admin_overview', '', 0x613a303a7b7d, '', 0x4f3a34383a2244727570616c5c436f72655c537472696e675472616e736c6174696f6e5c5472616e736c617461626c654d61726b7570223a333a7b733a393a22002a00737472696e67223b733a32343a225465787420666f726d61747320616e6420656469746f7273223b733a31323a22002a00617267756d656e7473223b613a303a7b7d733a31303a22002a006f7074696f6e73223b613a303a7b7d7d, 0x4f3a34383a2244727570616c5c436f72655c537472696e675472616e736c6174696f6e5c5472616e736c617461626c654d61726b7570223a333a7b733a393a22002a00737472696e67223b733a37383a2253656c65637420616e6420636f6e666967757265207465787420656469746f72732c20616e6420686f7720636f6e74656e742069732066696c7465726564207768656e20646973706c617965642e223b733a31323a22002a00617267756d656e7473223b613a303a7b7d733a31303a22002a006f7074696f6e73223b613a303a7b7d7d, 'Drupal\\Core\\Menu\\MenuLinkDefault', 0x613a303a7b7d, 'filter', 1, 1, 0, 0, 0x613a303a7b7d, 0, 4, 6, 25, 51, 52, 0, 0, 0, 0, 0, 'Drupal\\Core\\Menu\\Form\\MenuLinkDefaultForm'),
('admin', 53, 'user.admin_index', 'system.admin_config', 'user.admin_index', '', 0x613a303a7b7d, '', 0x4f3a34383a2244727570616c5c436f72655c537472696e675472616e736c6174696f6e5c5472616e736c617461626c654d61726b7570223a333a7b733a393a22002a00737472696e67223b733a363a2250656f706c65223b733a31323a22002a00617267756d656e7473223b613a303a7b7d733a31303a22002a006f7074696f6e73223b613a303a7b7d7d, 0x4f3a34383a2244727570616c5c436f72655c537472696e675472616e736c6174696f6e5c5472616e736c617461626c654d61726b7570223a333a7b733a393a22002a00737472696e67223b733a32343a22436f6e6669677572652075736572206163636f756e74732e223b733a31323a22002a00617267756d656e7473223b613a303a7b7d733a31303a22002a006f7074696f6e73223b613a303a7b7d7d, 'Drupal\\Core\\Menu\\MenuLinkDefault', 0x613a303a7b7d, 'user', 1, 1, 0, -20, 0x613a303a7b7d, 1, 3, 6, 25, 53, 0, 0, 0, 0, 0, 0, 'Drupal\\Core\\Menu\\Form\\MenuLinkDefaultForm'),
('admin', 54, 'entity.user.admin_form', 'user.admin_index', 'entity.user.admin_form', '', 0x613a303a7b7d, '', 0x4f3a34383a2244727570616c5c436f72655c537472696e675472616e736c6174696f6e5c5472616e736c617461626c654d61726b7570223a333a7b733a393a22002a00737472696e67223b733a31363a224163636f756e742073657474696e6773223b733a31323a22002a00617267756d656e7473223b613a303a7b7d733a31303a22002a006f7074696f6e73223b613a303a7b7d7d, 0x4f3a34383a2244727570616c5c436f72655c537472696e675472616e736c6174696f6e5c5472616e736c617461626c654d61726b7570223a333a7b733a393a22002a00737472696e67223b733a3130353a22436f6e6669677572652064656661756c742075736572206163636f756e742073657474696e67732c20696e636c7564696e67206669656c64732c20726567697374726174696f6e20726571756972656d656e74732c20616e6420656d61696c206d657373616765732e223b733a31323a22002a00617267756d656e7473223b613a303a7b7d733a31303a22002a006f7074696f6e73223b613a303a7b7d7d, 'Drupal\\Core\\Menu\\MenuLinkDefault', 0x613a303a7b7d, 'user', 1, 1, 0, -10, 0x613a303a7b7d, 0, 4, 6, 25, 53, 54, 0, 0, 0, 0, 0, 'Drupal\\Core\\Menu\\Form\\MenuLinkDefaultForm'),
('admin', 55, 'system.admin_reports', 'system.admin', 'system.admin_reports', '', 0x613a303a7b7d, '', 0x4f3a34383a2244727570616c5c436f72655c537472696e675472616e736c6174696f6e5c5472616e736c617461626c654d61726b7570223a333a7b733a393a22002a00737472696e67223b733a373a225265706f727473223b733a31323a22002a00617267756d656e7473223b613a303a7b7d733a31303a22002a006f7074696f6e73223b613a303a7b7d7d, 0x4f3a34383a2244727570616c5c436f72655c537472696e675472616e736c6174696f6e5c5472616e736c617461626c654d61726b7570223a333a7b733a393a22002a00737472696e67223b733a33343a2256696577207265706f7274732c20757064617465732c20616e64206572726f72732e223b733a31323a22002a00617267756d656e7473223b613a303a7b7d733a31303a22002a006f7074696f6e73223b613a303a7b7d7d, 'Drupal\\Core\\Menu\\MenuLinkDefault', 0x613a303a7b7d, 'system', 1, 1, 0, 5, 0x613a303a7b7d, 1, 2, 6, 55, 0, 0, 0, 0, 0, 0, 0, 'Drupal\\Core\\Menu\\Form\\MenuLinkDefaultForm'),
('admin', 56, 'dblog.overview', 'system.admin_reports', 'dblog.overview', '', 0x613a303a7b7d, '', 0x4f3a34383a2244727570616c5c436f72655c537472696e675472616e736c6174696f6e5c5472616e736c617461626c654d61726b7570223a333a7b733a393a22002a00737472696e67223b733a31393a22526563656e74206c6f67206d65737361676573223b733a31323a22002a00617267756d656e7473223b613a303a7b7d733a31303a22002a006f7074696f6e73223b613a303a7b7d7d, 0x4f3a34383a2244727570616c5c436f72655c537472696e675472616e736c6174696f6e5c5472616e736c617461626c654d61726b7570223a333a7b733a393a22002a00737472696e67223b733a34333a2256696577206576656e74732074686174206861766520726563656e746c79206265656e206c6f676765642e223b733a31323a22002a00617267756d656e7473223b613a303a7b7d733a31303a22002a006f7074696f6e73223b613a303a7b7d7d, 'Drupal\\Core\\Menu\\MenuLinkDefault', 0x613a303a7b7d, 'dblog', 1, 1, 0, -1, 0x613a303a7b7d, 0, 3, 6, 55, 56, 0, 0, 0, 0, 0, 0, 'Drupal\\Core\\Menu\\Form\\MenuLinkDefaultForm'),
('admin', 57, 'dblog.page_not_found', 'system.admin_reports', 'dblog.page_not_found', '', 0x613a303a7b7d, '', 0x4f3a34383a2244727570616c5c436f72655c537472696e675472616e736c6174696f6e5c5472616e736c617461626c654d61726b7570223a333a7b733a393a22002a00737472696e67223b733a32373a22546f70202770616765206e6f7420666f756e6427206572726f7273223b733a31323a22002a00617267756d656e7473223b613a303a7b7d733a31303a22002a006f7074696f6e73223b613a303a7b7d7d, 0x4f3a34383a2244727570616c5c436f72655c537472696e675472616e736c6174696f6e5c5472616e736c617461626c654d61726b7570223a333a7b733a393a22002a00737472696e67223b733a33363a2256696577202770616765206e6f7420666f756e6427206572726f7273202834303473292e223b733a31323a22002a00617267756d656e7473223b613a303a7b7d733a31303a22002a006f7074696f6e73223b613a303a7b7d7d, 'Drupal\\Core\\Menu\\MenuLinkDefault', 0x613a303a7b7d, 'dblog', 1, 1, 0, 0, 0x613a303a7b7d, 0, 3, 6, 55, 57, 0, 0, 0, 0, 0, 0, 'Drupal\\Core\\Menu\\Form\\MenuLinkDefaultForm'),
('admin', 58, 'dblog.access_denied', 'system.admin_reports', 'dblog.access_denied', '', 0x613a303a7b7d, '', 0x4f3a34383a2244727570616c5c436f72655c537472696e675472616e736c6174696f6e5c5472616e736c617461626c654d61726b7570223a333a7b733a393a22002a00737472696e67223b733a32363a22546f7020276163636573732064656e69656427206572726f7273223b733a31323a22002a00617267756d656e7473223b613a303a7b7d733a31303a22002a006f7074696f6e73223b613a303a7b7d7d, 0x4f3a34383a2244727570616c5c436f72655c537472696e675472616e736c6174696f6e5c5472616e736c617461626c654d61726b7570223a333a7b733a393a22002a00737472696e67223b733a33353a225669657720276163636573732064656e69656427206572726f7273202834303373292e223b733a31323a22002a00617267756d656e7473223b613a303a7b7d733a31303a22002a006f7074696f6e73223b613a303a7b7d7d, 'Drupal\\Core\\Menu\\MenuLinkDefault', 0x613a303a7b7d, 'dblog', 1, 1, 0, 0, 0x613a303a7b7d, 0, 3, 6, 55, 58, 0, 0, 0, 0, 0, 0, 'Drupal\\Core\\Menu\\Form\\MenuLinkDefaultForm'),
('admin', 59, 'entity.field_storage_config.collection', 'system.admin_reports', 'entity.field_storage_config.collection', '', 0x613a303a7b7d, '', 0x4f3a34383a2244727570616c5c436f72655c537472696e675472616e736c6174696f6e5c5472616e736c617461626c654d61726b7570223a333a7b733a393a22002a00737472696e67223b733a31303a224669656c64206c697374223b733a31323a22002a00617267756d656e7473223b613a303a7b7d733a31303a22002a006f7074696f6e73223b613a303a7b7d7d, 0x4f3a34383a2244727570616c5c436f72655c537472696e675472616e736c6174696f6e5c5472616e736c617461626c654d61726b7570223a333a7b733a393a22002a00737472696e67223b733a33393a224f76657276696577206f66206669656c6473206f6e20616c6c20656e746974792074797065732e223b733a31323a22002a00617267756d656e7473223b613a303a7b7d733a31303a22002a006f7074696f6e73223b613a303a7b7d7d, 'Drupal\\Core\\Menu\\MenuLinkDefault', 0x613a303a7b7d, 'field_ui', 1, 1, 0, 0, 0x613a303a7b7d, 0, 3, 6, 55, 59, 0, 0, 0, 0, 0, 0, 'Drupal\\Core\\Menu\\Form\\MenuLinkDefaultForm'),
('admin', 60, 'system.status', 'system.admin_reports', 'system.status', '', 0x613a303a7b7d, '', 0x4f3a34383a2244727570616c5c436f72655c537472696e675472616e736c6174696f6e5c5472616e736c617461626c654d61726b7570223a333a7b733a393a22002a00737472696e67223b733a31333a22537461747573207265706f7274223b733a31323a22002a00617267756d656e7473223b613a303a7b7d733a31303a22002a006f7074696f6e73223b613a303a7b7d7d, 0x4f3a34383a2244727570616c5c436f72655c537472696e675472616e736c6174696f6e5c5472616e736c617461626c654d61726b7570223a333a7b733a393a22002a00737472696e67223b733a34383a22476574206120737461747573207265706f72742061626f757420796f757220736974652773206f7065726174696f6e2e223b733a31323a22002a00617267756d656e7473223b613a303a7b7d733a31303a22002a006f7074696f6e73223b613a303a7b7d7d, 'Drupal\\Core\\Menu\\MenuLinkDefault', 0x613a303a7b7d, 'system', 1, 1, 0, -60, 0x613a303a7b7d, 0, 3, 6, 55, 60, 0, 0, 0, 0, 0, 0, 'Drupal\\Core\\Menu\\Form\\MenuLinkDefaultForm'),
('admin', 61, 'views_ui.reports_plugins', 'system.admin_reports', 'views_ui.reports_plugins', '', 0x613a303a7b7d, '', 0x4f3a34383a2244727570616c5c436f72655c537472696e675472616e736c6174696f6e5c5472616e736c617461626c654d61726b7570223a333a7b733a393a22002a00737472696e67223b733a31333a22566965777320706c7567696e73223b733a31323a22002a00617267756d656e7473223b613a303a7b7d733a31303a22002a006f7074696f6e73223b613a303a7b7d7d, 0x4f3a34383a2244727570616c5c436f72655c537472696e675472616e736c6174696f6e5c5472616e736c617461626c654d61726b7570223a333a7b733a393a22002a00737472696e67223b733a33383a224f76657276696577206f6620706c7567696e73207573656420696e20616c6c2076696577732e223b733a31323a22002a00617267756d656e7473223b613a303a7b7d733a31303a22002a006f7074696f6e73223b613a303a7b7d7d, 'Drupal\\Core\\Menu\\MenuLinkDefault', 0x613a303a7b7d, 'views_ui', 1, 1, 0, 0, 0x613a303a7b7d, 0, 3, 6, 55, 61, 0, 0, 0, 0, 0, 0, 'Drupal\\Core\\Menu\\Form\\MenuLinkDefaultForm');
INSERT INTO `menu_tree` (`menu_name`, `mlid`, `id`, `parent`, `route_name`, `route_param_key`, `route_parameters`, `url`, `title`, `description`, `class`, `options`, `provider`, `enabled`, `discovered`, `expanded`, `weight`, `metadata`, `has_children`, `depth`, `p1`, `p2`, `p3`, `p4`, `p5`, `p6`, `p7`, `p8`, `p9`, `form_class`) VALUES
('admin', 63, 'entity.user.collection', 'system.admin', 'entity.user.collection', '', 0x613a303a7b7d, '', 0x4f3a34383a2244727570616c5c436f72655c537472696e675472616e736c6174696f6e5c5472616e736c617461626c654d61726b7570223a333a7b733a393a22002a00737472696e67223b733a363a2250656f706c65223b733a31323a22002a00617267756d656e7473223b613a303a7b7d733a31303a22002a006f7074696f6e73223b613a303a7b7d7d, 0x4f3a34383a2244727570616c5c436f72655c537472696e675472616e736c6174696f6e5c5472616e736c617461626c654d61726b7570223a333a7b733a393a22002a00737472696e67223b733a34353a224d616e6167652075736572206163636f756e74732c20726f6c65732c20616e64207065726d697373696f6e732e223b733a31323a22002a00617267756d656e7473223b613a303a7b7d733a31303a22002a006f7074696f6e73223b613a303a7b7d7d, 'Drupal\\Core\\Menu\\MenuLinkDefault', 0x613a303a7b7d, 'user', 1, 1, 0, 4, 0x613a303a7b7d, 0, 2, 6, 63, 0, 0, 0, 0, 0, 0, 0, 'Drupal\\Core\\Menu\\Form\\MenuLinkDefaultForm'),
('account', 64, 'user.page', '', 'user.page', '', 0x613a303a7b7d, '', 0x4f3a34383a2244727570616c5c436f72655c537472696e675472616e736c6174696f6e5c5472616e736c617461626c654d61726b7570223a333a7b733a393a22002a00737472696e67223b733a31303a224d79206163636f756e74223b733a31323a22002a00617267756d656e7473223b613a303a7b7d733a31303a22002a006f7074696f6e73223b613a303a7b7d7d, 0x733a303a22223b, 'Drupal\\Core\\Menu\\MenuLinkDefault', 0x613a303a7b7d, 'user', 1, 1, 0, -10, 0x613a303a7b7d, 0, 1, 64, 0, 0, 0, 0, 0, 0, 0, 0, 'Drupal\\Core\\Menu\\Form\\MenuLinkDefaultForm'),
('account', 65, 'user.logout', '', '', '', 0x613a303a7b7d, '', 0x733a303a22223b, 0x733a303a22223b, 'Drupal\\user\\Plugin\\Menu\\LoginLogoutMenuLink', 0x613a303a7b7d, 'user', 1, 1, 0, 10, 0x613a303a7b7d, 0, 1, 65, 0, 0, 0, 0, 0, 0, 0, 0, 'Drupal\\Core\\Menu\\Form\\MenuLinkDefaultForm'),
('admin', 66, 'update.status', 'system.admin_reports', 'update.status', '', 0x613a303a7b7d, '', 0x4f3a34383a2244727570616c5c436f72655c537472696e675472616e736c6174696f6e5c5472616e736c617461626c654d61726b7570223a333a7b733a393a22002a00737472696e67223b733a31373a22417661696c61626c652075706461746573223b733a31323a22002a00617267756d656e7473223b613a303a7b7d733a31303a22002a006f7074696f6e73223b613a303a7b7d7d, 0x4f3a34383a2244727570616c5c436f72655c537472696e675472616e736c6174696f6e5c5472616e736c617461626c654d61726b7570223a333a7b733a393a22002a00737472696e67223b733a38323a22476574206120737461747573207265706f72742061626f757420617661696c61626c65207570646174657320666f7220796f757220696e7374616c6c6564206d6f64756c657320616e64207468656d65732e223b733a31323a22002a00617267756d656e7473223b613a303a7b7d733a31303a22002a006f7074696f6e73223b613a303a7b7d7d, 'Drupal\\Core\\Menu\\MenuLinkDefault', 0x613a303a7b7d, 'update', 1, 1, 0, -50, 0x613a303a7b7d, 0, 3, 6, 55, 66, 0, 0, 0, 0, 0, 0, 'Drupal\\Core\\Menu\\Form\\MenuLinkDefaultForm'),
('devel', 67, 'devel.admin_settings_link', '', 'devel.admin_settings', '', 0x613a303a7b7d, '', 0x4f3a34383a2244727570616c5c436f72655c537472696e675472616e736c6174696f6e5c5472616e736c617461626c654d61726b7570223a333a7b733a393a22002a00737472696e67223b733a31343a22446576656c2073657474696e6773223b733a31323a22002a00617267756d656e7473223b613a303a7b7d733a31303a22002a006f7074696f6e73223b613a303a7b7d7d, 0x4f3a34383a2244727570616c5c436f72655c537472696e675472616e736c6174696f6e5c5472616e736c617461626c654d61726b7570223a333a7b733a393a22002a00737472696e67223b733a3133313a2248656c7065722066756e6374696f6e732c2070616765732c20616e6420626c6f636b7320746f206173736973742044727570616c20646576656c6f706572732e2054686520646576656c20626c6f636b732063616e206265206d616e61676564207669612074686520626c6f636b2061646d696e697374726174696f6e20706167652e223b733a31323a22002a00617267756d656e7473223b613a303a7b7d733a31303a22002a006f7074696f6e73223b613a303a7b7d7d, 'Drupal\\Core\\Menu\\MenuLinkDefault', 0x613a303a7b7d, 'devel', 1, 1, 0, 0, 0x613a303a7b7d, 0, 1, 67, 0, 0, 0, 0, 0, 0, 0, 0, 'Drupal\\Core\\Menu\\Form\\MenuLinkDefaultForm'),
('devel', 68, 'devel.configs_list', '', 'devel.configs_list', '', 0x613a303a7b7d, '', 0x4f3a34383a2244727570616c5c436f72655c537472696e675472616e736c6174696f6e5c5472616e736c617461626c654d61726b7570223a333a7b733a393a22002a00737472696e67223b733a31333a22436f6e66696720656469746f72223b733a31323a22002a00617267756d656e7473223b613a303a7b7d733a31303a22002a006f7074696f6e73223b613a303a7b7d7d, 0x4f3a34383a2244727570616c5c436f72655c537472696e675472616e736c6174696f6e5c5472616e736c617461626c654d61726b7570223a333a7b733a393a22002a00737472696e67223b733a31393a224564697420636f6e66696775726174696f6e2e223b733a31323a22002a00617267756d656e7473223b613a303a7b7d733a31303a22002a006f7074696f6e73223b613a303a7b7d7d, 'Drupal\\Core\\Menu\\MenuLinkDefault', 0x613a303a7b7d, 'devel', 1, 1, 0, 0, 0x613a303a7b7d, 0, 1, 68, 0, 0, 0, 0, 0, 0, 0, 0, 'Drupal\\Core\\Menu\\Form\\MenuLinkDefaultForm'),
('devel', 69, 'devel.reinstall', '', 'devel.reinstall', '', 0x613a303a7b7d, '', 0x4f3a34383a2244727570616c5c436f72655c537472696e675472616e736c6174696f6e5c5472616e736c617461626c654d61726b7570223a333a7b733a393a22002a00737472696e67223b733a31373a225265696e7374616c6c204d6f64756c6573223b733a31323a22002a00617267756d656e7473223b613a303a7b7d733a31303a22002a006f7074696f6e73223b613a303a7b7d7d, 0x733a303a22223b, '\\Drupal\\devel\\Plugin\\Menu\\DestinationMenuLink', 0x613a303a7b7d, 'devel', 1, 1, 0, 0, 0x613a303a7b7d, 0, 1, 69, 0, 0, 0, 0, 0, 0, 0, 0, 'Drupal\\Core\\Menu\\Form\\MenuLinkDefaultForm'),
('devel', 70, 'devel.menu_rebuild', '', 'devel.menu_rebuild', '', 0x613a303a7b7d, '', 0x4f3a34383a2244727570616c5c436f72655c537472696e675472616e736c6174696f6e5c5472616e736c617461626c654d61726b7570223a333a7b733a393a22002a00737472696e67223b733a31323a2252656275696c64204d656e75223b733a31323a22002a00617267756d656e7473223b613a303a7b7d733a31303a22002a006f7074696f6e73223b613a303a7b7d7d, 0x733a303a22223b, '\\Drupal\\devel\\Plugin\\Menu\\DestinationMenuLink', 0x613a303a7b7d, 'devel', 1, 1, 0, 0, 0x613a303a7b7d, 0, 1, 70, 0, 0, 0, 0, 0, 0, 0, 0, 'Drupal\\Core\\Menu\\Form\\MenuLinkDefaultForm'),
('devel', 71, 'devel.state_system_page', '', 'devel.state_system_page', '', 0x613a303a7b7d, '', 0x4f3a34383a2244727570616c5c436f72655c537472696e675472616e736c6174696f6e5c5472616e736c617461626c654d61726b7570223a333a7b733a393a22002a00737472696e67223b733a31323a22537461746520656469746f72223b733a31323a22002a00617267756d656e7473223b613a303a7b7d733a31303a22002a006f7074696f6e73223b613a303a7b7d7d, 0x4f3a34383a2244727570616c5c436f72655c537472696e675472616e736c6174696f6e5c5472616e736c617461626c654d61726b7570223a333a7b733a393a22002a00737472696e67223b733a32353a22456469742073746174652073797374656d2076616c7565732e223b733a31323a22002a00617267756d656e7473223b613a303a7b7d733a31303a22002a006f7074696f6e73223b613a303a7b7d7d, 'Drupal\\Core\\Menu\\MenuLinkDefault', 0x613a303a7b7d, 'devel', 1, 1, 0, 0, 0x613a303a7b7d, 0, 1, 71, 0, 0, 0, 0, 0, 0, 0, 0, 'Drupal\\Core\\Menu\\Form\\MenuLinkDefaultForm'),
('devel', 72, 'devel.theme_registry', '', 'devel.theme_registry', '', 0x613a303a7b7d, '', 0x4f3a34383a2244727570616c5c436f72655c537472696e675472616e736c6174696f6e5c5472616e736c617461626c654d61726b7570223a333a7b733a393a22002a00737472696e67223b733a31343a225468656d65207265676973747279223b733a31323a22002a00617267756d656e7473223b613a303a7b7d733a31303a22002a006f7074696f6e73223b613a303a7b7d7d, 0x733a303a22223b, 'Drupal\\Core\\Menu\\MenuLinkDefault', 0x613a303a7b7d, 'devel', 1, 1, 0, 0, 0x613a303a7b7d, 0, 1, 72, 0, 0, 0, 0, 0, 0, 0, 0, 'Drupal\\Core\\Menu\\Form\\MenuLinkDefaultForm'),
('devel', 73, 'devel.entity_info_page', '', 'devel.entity_info_page', '', 0x613a303a7b7d, '', 0x4f3a34383a2244727570616c5c436f72655c537472696e675472616e736c6174696f6e5c5472616e736c617461626c654d61726b7570223a333a7b733a393a22002a00737472696e67223b733a31313a22456e7469747920496e666f223b733a31323a22002a00617267756d656e7473223b613a303a7b7d733a31303a22002a006f7074696f6e73223b613a303a7b7d7d, 0x733a303a22223b, 'Drupal\\Core\\Menu\\MenuLinkDefault', 0x613a303a7b7d, 'devel', 1, 1, 0, 0, 0x613a303a7b7d, 0, 1, 73, 0, 0, 0, 0, 0, 0, 0, 0, 'Drupal\\Core\\Menu\\Form\\MenuLinkDefaultForm'),
('devel', 74, 'devel.field_info_page', '', 'devel.field_info_page', '', 0x613a303a7b7d, '', 0x4f3a34383a2244727570616c5c436f72655c537472696e675472616e736c6174696f6e5c5472616e736c617461626c654d61726b7570223a333a7b733a393a22002a00737472696e67223b733a31303a224669656c6420496e666f223b733a31323a22002a00617267756d656e7473223b613a303a7b7d733a31303a22002a006f7074696f6e73223b613a303a7b7d7d, 0x733a303a22223b, 'Drupal\\Core\\Menu\\MenuLinkDefault', 0x613a303a7b7d, 'devel', 1, 1, 0, 0, 0x613a303a7b7d, 0, 1, 74, 0, 0, 0, 0, 0, 0, 0, 0, 'Drupal\\Core\\Menu\\Form\\MenuLinkDefaultForm'),
('devel', 75, 'devel.phpinfo', '', 'system.php', '', 0x613a303a7b7d, '', 0x4f3a34383a2244727570616c5c436f72655c537472696e675472616e736c6174696f6e5c5472616e736c617461626c654d61726b7570223a333a7b733a393a22002a00737472696e67223b733a393a22504850696e666f2829223b733a31323a22002a00617267756d656e7473223b613a303a7b7d733a31303a22002a006f7074696f6e73223b613a303a7b7d7d, 0x733a303a22223b, 'Drupal\\Core\\Menu\\MenuLinkDefault', 0x613a303a7b7d, 'devel', 1, 1, 0, 0, 0x613a303a7b7d, 0, 1, 75, 0, 0, 0, 0, 0, 0, 0, 0, 'Drupal\\Core\\Menu\\Form\\MenuLinkDefaultForm'),
('devel', 76, 'devel.session', '', 'devel.session', '', 0x613a303a7b7d, '', 0x4f3a34383a2244727570616c5c436f72655c537472696e675472616e736c6174696f6e5c5472616e736c617461626c654d61726b7570223a333a7b733a393a22002a00737472696e67223b733a31323a22566965772053657373696f6e223b733a31323a22002a00617267756d656e7473223b613a303a7b7d733a31303a22002a006f7074696f6e73223b613a303a7b7d7d, 0x733a303a22223b, 'Drupal\\Core\\Menu\\MenuLinkDefault', 0x613a303a7b7d, 'devel', 1, 1, 0, 0, 0x613a303a7b7d, 0, 1, 76, 0, 0, 0, 0, 0, 0, 0, 0, 'Drupal\\Core\\Menu\\Form\\MenuLinkDefaultForm'),
('devel', 77, 'devel.elements_page', '', 'devel.elements_page', '', 0x613a303a7b7d, '', 0x4f3a34383a2244727570616c5c436f72655c537472696e675472616e736c6174696f6e5c5472616e736c617461626c654d61726b7570223a333a7b733a393a22002a00737472696e67223b733a31323a22456c656d656e7420496e666f223b733a31323a22002a00617267756d656e7473223b613a303a7b7d733a31303a22002a006f7074696f6e73223b613a303a7b7d7d, 0x733a303a22223b, 'Drupal\\Core\\Menu\\MenuLinkDefault', 0x613a303a7b7d, 'devel', 1, 1, 0, 0, 0x613a303a7b7d, 0, 1, 77, 0, 0, 0, 0, 0, 0, 0, 0, 'Drupal\\Core\\Menu\\Form\\MenuLinkDefaultForm'),
('devel', 78, 'devel.cache_clear', '', 'devel.cache_clear', '', 0x613a303a7b7d, '', 0x4f3a34383a2244727570616c5c436f72655c537472696e675472616e736c6174696f6e5c5472616e736c617461626c654d61726b7570223a333a7b733a393a22002a00737472696e67223b733a31313a22436163686520636c656172223b733a31323a22002a00617267756d656e7473223b613a303a7b7d733a31303a22002a006f7074696f6e73223b613a303a7b7d7d, 0x733a303a22223b, '\\Drupal\\devel\\Plugin\\Menu\\DestinationMenuLink', 0x613a303a7b7d, 'devel', 1, 1, 0, 0, 0x613a303a7b7d, 0, 1, 78, 0, 0, 0, 0, 0, 0, 0, 0, 'Drupal\\Core\\Menu\\Form\\MenuLinkDefaultForm'),
('devel', 79, 'devel.run_cron', '', 'devel.run_cron', '', 0x613a303a7b7d, '', 0x4f3a34383a2244727570616c5c436f72655c537472696e675472616e736c6174696f6e5c5472616e736c617461626c654d61726b7570223a333a7b733a393a22002a00737472696e67223b733a383a2252756e2063726f6e223b733a31323a22002a00617267756d656e7473223b613a303a7b7d733a31303a22002a006f7074696f6e73223b613a303a7b7d7d, 0x733a303a22223b, '\\Drupal\\devel\\Plugin\\Menu\\DestinationMenuLink', 0x613a303a7b7d, 'devel', 1, 1, 0, 0, 0x613a303a7b7d, 0, 1, 79, 0, 0, 0, 0, 0, 0, 0, 0, 'Drupal\\Core\\Menu\\Form\\MenuLinkDefaultForm'),
('devel', 80, 'devel.switch_user', '', 'devel.switch_user', '', 0x613a303a7b7d, '', 0x4f3a34383a2244727570616c5c436f72655c537472696e675472616e736c6174696f6e5c5472616e736c617461626c654d61726b7570223a333a7b733a393a22002a00737472696e67223b733a31313a225377697463682075736572223b733a31323a22002a00617267756d656e7473223b613a303a7b7d733a31303a22002a006f7074696f6e73223b613a303a7b7d7d, 0x733a303a22223b, 'Drupal\\Core\\Menu\\MenuLinkDefault', 0x613a303a7b7d, 'devel', 1, 1, 0, 0, 0x613a303a7b7d, 0, 1, 80, 0, 0, 0, 0, 0, 0, 0, 0, 'Drupal\\Core\\Menu\\Form\\MenuLinkDefaultForm'),
('devel', 81, 'devel.container_info.service', '', 'devel.container_info.service', '', 0x613a303a7b7d, '', 0x4f3a34383a2244727570616c5c436f72655c537472696e675472616e736c6174696f6e5c5472616e736c617461626c654d61726b7570223a333a7b733a393a22002a00737472696e67223b733a31343a22436f6e7461696e657220496e666f223b733a31323a22002a00617267756d656e7473223b613a303a7b7d733a31303a22002a006f7074696f6e73223b613a303a7b7d7d, 0x733a303a22223b, 'Drupal\\Core\\Menu\\MenuLinkDefault', 0x613a303a7b7d, 'devel', 1, 1, 0, 0, 0x613a303a7b7d, 0, 1, 81, 0, 0, 0, 0, 0, 0, 0, 0, 'Drupal\\Core\\Menu\\Form\\MenuLinkDefaultForm'),
('devel', 82, 'devel.route_info', '', 'devel.route_info', '', 0x613a303a7b7d, '', 0x4f3a34383a2244727570616c5c436f72655c537472696e675472616e736c6174696f6e5c5472616e736c617461626c654d61726b7570223a333a7b733a393a22002a00737472696e67223b733a31313a22526f7574657320496e666f223b733a31323a22002a00617267756d656e7473223b613a303a7b7d733a31303a22002a006f7074696f6e73223b613a303a7b7d7d, 0x733a303a22223b, 'Drupal\\Core\\Menu\\MenuLinkDefault', 0x613a303a7b7d, 'devel', 1, 1, 0, 0, 0x613a303a7b7d, 0, 1, 82, 0, 0, 0, 0, 0, 0, 0, 0, 'Drupal\\Core\\Menu\\Form\\MenuLinkDefaultForm'),
('devel', 83, 'devel.route_info.item', '', 'devel.route_info.item', '', 0x613a303a7b7d, '', 0x4f3a34383a2244727570616c5c436f72655c537472696e675472616e736c6174696f6e5c5472616e736c617461626c654d61726b7570223a333a7b733a393a22002a00737472696e67223b733a31383a2243757272656e7420726f75746520696e666f223b733a31323a22002a00617267756d656e7473223b613a303a7b7d733a31303a22002a006f7074696f6e73223b613a303a7b7d7d, 0x733a303a22223b, '\\Drupal\\devel\\Plugin\\Menu\\RouteDetailMenuLink', 0x613a303a7b7d, 'devel', 1, 1, 0, 0, 0x613a303a7b7d, 0, 1, 83, 0, 0, 0, 0, 0, 0, 0, 0, 'Drupal\\Core\\Menu\\Form\\MenuLinkDefaultForm'),
('devel', 84, 'devel.event_info', '', 'devel.event_info', '', 0x613a303a7b7d, '', 0x4f3a34383a2244727570616c5c436f72655c537472696e675472616e736c6174696f6e5c5472616e736c617461626c654d61726b7570223a333a7b733a393a22002a00737472696e67223b733a31313a224576656e747320496e666f223b733a31323a22002a00617267756d656e7473223b613a303a7b7d733a31303a22002a006f7074696f6e73223b613a303a7b7d7d, 0x733a303a22223b, 'Drupal\\Core\\Menu\\MenuLinkDefault', 0x613a303a7b7d, 'devel', 1, 1, 0, 0, 0x613a303a7b7d, 0, 1, 84, 0, 0, 0, 0, 0, 0, 0, 0, 'Drupal\\Core\\Menu\\Form\\MenuLinkDefaultForm'),
('admin', 85, 'entity.taxonomy_vocabulary.collection', 'system.admin_structure', 'entity.taxonomy_vocabulary.collection', '', 0x613a303a7b7d, '', 0x4f3a34383a2244727570616c5c436f72655c537472696e675472616e736c6174696f6e5c5472616e736c617461626c654d61726b7570223a333a7b733a393a22002a00737472696e67223b733a383a225461786f6e6f6d79223b733a31323a22002a00617267756d656e7473223b613a303a7b7d733a31303a22002a006f7074696f6e73223b613a303a7b7d7d, 0x4f3a34383a2244727570616c5c436f72655c537472696e675472616e736c6174696f6e5c5472616e736c617461626c654d61726b7570223a333a7b733a393a22002a00737472696e67223b733a36373a224d616e6167652074616767696e672c2063617465676f72697a6174696f6e2c20616e6420636c617373696669636174696f6e206f6620796f757220636f6e74656e742e223b733a31323a22002a00617267756d656e7473223b613a303a7b7d733a31303a22002a006f7074696f6e73223b613a303a7b7d7d, 'Drupal\\Core\\Menu\\MenuLinkDefault', 0x613a303a7b7d, 'taxonomy', 1, 1, 0, 0, 0x613a303a7b7d, 0, 3, 6, 11, 85, 0, 0, 0, 0, 0, 0, 'Drupal\\Core\\Menu\\Form\\MenuLinkDefaultForm'),
('admin', 86, 'entity.webform.collection', 'system.admin_structure', 'entity.webform.collection', '', 0x613a303a7b7d, '', 0x4f3a34383a2244727570616c5c436f72655c537472696e675472616e736c6174696f6e5c5472616e736c617461626c654d61726b7570223a333a7b733a393a22002a00737472696e67223b733a383a22576562666f726d73223b733a31323a22002a00617267756d656e7473223b613a303a7b7d733a31303a22002a006f7074696f6e73223b613a303a7b7d7d, 0x4f3a34383a2244727570616c5c436f72655c537472696e675472616e736c6174696f6e5c5472616e736c617461626c654d61726b7570223a333a7b733a393a22002a00737472696e67223b733a33393a2243726561746520776562666f726d7320616e64206d616e616765207375626d697373696f6e732e223b733a31323a22002a00617267756d656e7473223b613a303a7b7d733a31303a22002a006f7074696f6e73223b613a303a7b7d7d, 'Drupal\\Core\\Menu\\MenuLinkDefault', 0x613a303a7b7d, 'webform', 1, 1, 0, 0, 0x613a303a7b7d, 0, 3, 6, 11, 86, 0, 0, 0, 0, 0, 0, 'Drupal\\Core\\Menu\\Form\\MenuLinkDefaultForm'),
('admin', 87, 'entity.paragraphs_type.collection', 'system.admin_structure', 'entity.paragraphs_type.collection', '', 0x613a303a7b7d, '', 0x4f3a34383a2244727570616c5c436f72655c537472696e675472616e736c6174696f6e5c5472616e736c617461626c654d61726b7570223a333a7b733a393a22002a00737472696e67223b733a31353a22506172616772617068207479706573223b733a31323a22002a00617267756d656e7473223b613a303a7b7d733a31303a22002a006f7074696f6e73223b613a303a7b7d7d, 0x4f3a34383a2244727570616c5c436f72655c537472696e675472616e736c6174696f6e5c5472616e736c617461626c654d61726b7570223a333a7b733a393a22002a00737472696e67223b733a33343a2243726561746520616e64206d616e616765205061726167726170682074797065732e223b733a31323a22002a00617267756d656e7473223b613a303a7b7d733a31303a22002a006f7074696f6e73223b613a303a7b7d7d, 'Drupal\\Core\\Menu\\MenuLinkDefault', 0x613a303a7b7d, 'paragraphs', 1, 1, 0, 0, 0x613a303a7b7d, 1, 3, 6, 11, 87, 0, 0, 0, 0, 0, 0, 'Drupal\\Core\\Menu\\Form\\MenuLinkDefaultForm'),
('admin', 88, 'paragraphs.type_add', 'entity.paragraphs_type.collection', 'paragraphs.type_add', '', 0x613a303a7b7d, '', 0x4f3a34383a2244727570616c5c436f72655c537472696e675472616e736c6174696f6e5c5472616e736c617461626c654d61726b7570223a333a7b733a393a22002a00737472696e67223b733a31383a22416464207061726167726170682074797065223b733a31323a22002a00617267756d656e7473223b613a303a7b7d733a31303a22002a006f7074696f6e73223b613a303a7b7d7d, 0x733a303a22223b, 'Drupal\\Core\\Menu\\MenuLinkDefault', 0x613a303a7b7d, 'paragraphs', 1, 1, 0, 0, 0x613a303a7b7d, 0, 4, 6, 11, 87, 88, 0, 0, 0, 0, 0, 'Drupal\\Core\\Menu\\Form\\MenuLinkDefaultForm'),
('admin', 89, 'crop.overview_types', 'system.admin_config_media', 'crop.overview_types', '', 0x613a303a7b7d, '', 0x4f3a34383a2244727570616c5c436f72655c537472696e675472616e736c6174696f6e5c5472616e736c617461626c654d61726b7570223a333a7b733a393a22002a00737472696e67223b733a31303a2243726f70207479706573223b733a31323a22002a00617267756d656e7473223b613a303a7b7d733a31303a22002a006f7074696f6e73223b613a303a7b7d7d, 0x4f3a34383a2244727570616c5c436f72655c537472696e675472616e736c6174696f6e5c5472616e736c617461626c654d61726b7570223a333a7b733a393a22002a00737472696e67223b733a31383a224d616e6167652063726f702074797065732e223b733a31323a22002a00617267756d656e7473223b613a303a7b7d733a31303a22002a006f7074696f6e73223b613a303a7b7d7d, 'Drupal\\Core\\Menu\\MenuLinkDefault', 0x613a303a7b7d, 'crop', 1, 1, 0, 0, 0x613a303a7b7d, 0, 4, 6, 25, 26, 89, 0, 0, 0, 0, 0, 'Drupal\\Core\\Menu\\Form\\MenuLinkDefaultForm'),
('admin', 90, 'image_widget_crop.crop_widget_settings', 'system.admin_config_media', 'image_widget_crop.crop_widget_settings', '', 0x613a303a7b7d, '', 0x4f3a34383a2244727570616c5c436f72655c537472696e675472616e736c6174696f6e5c5472616e736c617461626c654d61726b7570223a333a7b733a393a22002a00737472696e67223b733a32343a22496d61676557696467657443726f702073657474696e6773223b733a31323a22002a00617267756d656e7473223b613a303a7b7d733a31303a22002a006f7074696f6e73223b613a303a7b7d7d, 0x4f3a34383a2244727570616c5c436f72655c537472696e675472616e736c6174696f6e5c5472616e736c617461626c654d61726b7570223a333a7b733a393a22002a00737472696e67223b733a34363a22436f6e66696775726520636f6d6d6f6e2073657474696e677320666f7220496d61676557696467657443726f702e223b733a31323a22002a00617267756d656e7473223b613a303a7b7d733a31303a22002a006f7074696f6e73223b613a303a7b7d7d, 'Drupal\\Core\\Menu\\MenuLinkDefault', 0x613a303a7b7d, 'image_widget_crop', 1, 1, 0, 0, 0x613a303a7b7d, 0, 4, 6, 25, 26, 90, 0, 0, 0, 0, 0, 'Drupal\\Core\\Menu\\Form\\MenuLinkDefaultForm'),
('admin', 91, 'addtoany.admin_settings', 'system.admin_config_services', 'addtoany.admin_settings', '', 0x613a303a7b7d, '', 0x4f3a34383a2244727570616c5c436f72655c537472696e675472616e736c6174696f6e5c5472616e736c617461626c654d61726b7570223a333a7b733a393a22002a00737472696e67223b733a383a22416464546f416e79223b733a31323a22002a00617267756d656e7473223b613a303a7b7d733a31303a22002a006f7074696f6e73223b613a303a7b7d7d, 0x4f3a34383a2244727570616c5c436f72655c537472696e675472616e736c6174696f6e5c5472616e736c617461626c654d61726b7570223a333a7b733a393a22002a00737472696e67223b733a33333a22436f6e66696775726520416464546f416e7920736861726520627574746f6e732e223b733a31323a22002a00617267756d656e7473223b613a303a7b7d733a31303a22002a006f7074696f6e73223b613a303a7b7d7d, 'Drupal\\Core\\Menu\\MenuLinkDefault', 0x613a303a7b7d, 'addtoany', 1, 1, 0, 0, 0x613a303a7b7d, 0, 4, 6, 25, 30, 91, 0, 0, 0, 0, 0, 'Drupal\\Core\\Menu\\Form\\MenuLinkDefaultForm'),
('admin', 92, 'devel.admin_settings', 'system.admin_config_development', 'devel.admin_settings', '', 0x613a303a7b7d, '', 0x4f3a34383a2244727570616c5c436f72655c537472696e675472616e736c6174696f6e5c5472616e736c617461626c654d61726b7570223a333a7b733a393a22002a00737472696e67223b733a31343a22446576656c2073657474696e6773223b733a31323a22002a00617267756d656e7473223b613a303a7b7d733a31303a22002a006f7074696f6e73223b613a303a7b7d7d, 0x4f3a34383a2244727570616c5c436f72655c537472696e675472616e736c6174696f6e5c5472616e736c617461626c654d61726b7570223a333a7b733a393a22002a00737472696e67223b733a3133313a2248656c7065722066756e6374696f6e732c2070616765732c20616e6420626c6f636b7320746f206173736973742044727570616c20646576656c6f706572732e2054686520646576656c20626c6f636b732063616e206265206d616e61676564207669612074686520626c6f636b2061646d696e697374726174696f6e20706167652e223b733a31323a22002a00617267756d656e7473223b613a303a7b7d733a31303a22002a006f7074696f6e73223b613a303a7b7d7d, 'Drupal\\Core\\Menu\\MenuLinkDefault', 0x613a303a7b7d, 'devel', 1, 1, 0, 0, 0x613a303a7b7d, 0, 4, 6, 25, 33, 92, 0, 0, 0, 0, 0, 'Drupal\\Core\\Menu\\Form\\MenuLinkDefaultForm'),
('admin', 93, 'entity.metatag_defaults.collection', 'system.admin_config_search', 'entity.metatag_defaults.collection', '', 0x613a303a7b7d, '', 0x4f3a34383a2244727570616c5c436f72655c537472696e675472616e736c6174696f6e5c5472616e736c617461626c654d61726b7570223a333a7b733a393a22002a00737472696e67223b733a373a224d657461746167223b733a31323a22002a00617267756d656e7473223b613a303a7b7d733a31303a22002a006f7074696f6e73223b613a303a7b7d7d, 0x4f3a34383a2244727570616c5c436f72655c537472696e675472616e736c6174696f6e5c5472616e736c617461626c654d61726b7570223a333a7b733a393a22002a00737472696e67223b733a32373a22436f6e666967757265204d6574617461672064656661756c74732e223b733a31323a22002a00617267756d656e7473223b613a303a7b7d733a31303a22002a006f7074696f6e73223b613a303a7b7d7d, 'Drupal\\Core\\Menu\\MenuLinkDefault', 0x613a303a7b7d, 'metatag', 1, 1, 0, 0, 0x613a303a7b7d, 1, 4, 6, 25, 42, 93, 0, 0, 0, 0, 0, 'Drupal\\Core\\Menu\\Form\\MenuLinkDefaultForm'),
('admin', 94, 'metatag.settings', 'entity.metatag_defaults.collection', 'metatag.settings', '', 0x613a303a7b7d, '', 0x4f3a34383a2244727570616c5c436f72655c537472696e675472616e736c6174696f6e5c5472616e736c617461626c654d61726b7570223a333a7b733a393a22002a00737472696e67223b733a383a2253657474696e6773223b733a31323a22002a00617267756d656e7473223b613a303a7b7d733a31303a22002a006f7074696f6e73223b613a303a7b7d7d, 0x4f3a34383a2244727570616c5c436f72655c537472696e675472616e736c6174696f6e5c5472616e736c617461626c654d61726b7570223a333a7b733a393a22002a00737472696e67223b733a32373a22436f6e666967757265204d6574617461672064656661756c74732e223b733a31323a22002a00617267756d656e7473223b613a303a7b7d733a31303a22002a006f7074696f6e73223b613a303a7b7d7d, 'Drupal\\Core\\Menu\\MenuLinkDefault', 0x613a303a7b7d, 'metatag', 1, 1, 0, 0, 0x613a303a7b7d, 0, 5, 6, 25, 42, 93, 94, 0, 0, 0, 0, 'Drupal\\Core\\Menu\\Form\\MenuLinkDefaultForm'),
('admin', 95, 'simple_sitemap.sitemaps', 'system.admin_config_search', 'entity.simple_sitemap.collection', '', 0x613a303a7b7d, '', 0x4f3a34383a2244727570616c5c436f72655c537472696e675472616e736c6174696f6e5c5472616e736c617461626c654d61726b7570223a333a7b733a393a22002a00737472696e67223b733a31383a2253696d706c6520584d4c20536974656d6170223b733a31323a22002a00617267756d656e7473223b613a303a7b7d733a31303a22002a006f7074696f6e73223b613a303a7b7d7d, 0x4f3a34383a2244727570616c5c436f72655c537472696e675472616e736c6174696f6e5c5472616e736c617461626c654d61726b7570223a333a7b733a393a22002a00737472696e67223b733a35323a22436f6e6669677572652c2061646420636f6e74656e7420746f20616e642067656e657261746520584d4c20736974656d6170732e223b733a31323a22002a00617267756d656e7473223b613a303a7b7d733a31303a22002a006f7074696f6e73223b613a303a7b7d7d, 'Drupal\\Core\\Menu\\MenuLinkDefault', 0x613a303a7b7d, 'simple_sitemap', 1, 1, 0, 0, 0x613a303a7b7d, 1, 4, 6, 25, 42, 95, 0, 0, 0, 0, 0, 'Drupal\\Core\\Menu\\Form\\MenuLinkDefaultForm'),
('admin', 96, 'simple_sitemap.status', 'simple_sitemap.sitemaps', 'entity.simple_sitemap.collection', '', 0x613a303a7b7d, '', 0x4f3a34383a2244727570616c5c436f72655c537472696e675472616e736c6174696f6e5c5472616e736c617461626c654d61726b7570223a333a7b733a393a22002a00737472696e67223b733a383a22536974656d617073223b733a31323a22002a00617267756d656e7473223b613a303a7b7d733a31303a22002a006f7074696f6e73223b613a303a7b7d7d, 0x733a303a22223b, 'Drupal\\Core\\Menu\\MenuLinkDefault', 0x613a303a7b7d, 'simple_sitemap', 1, 1, 0, 0, 0x613a303a7b7d, 0, 5, 6, 25, 42, 95, 96, 0, 0, 0, 0, 'Drupal\\Core\\Menu\\Form\\MenuLinkDefaultForm'),
('admin', 97, 'simple_sitemap.inclusion', 'simple_sitemap.sitemaps', 'simple_sitemap.entities', '', 0x613a303a7b7d, '', 0x4f3a34383a2244727570616c5c436f72655c537472696e675472616e736c6174696f6e5c5472616e736c617461626c654d61726b7570223a333a7b733a393a22002a00737472696e67223b733a393a22496e636c7573696f6e223b733a31323a22002a00617267756d656e7473223b613a303a7b7d733a31303a22002a006f7074696f6e73223b613a303a7b7d7d, 0x733a303a22223b, 'Drupal\\Core\\Menu\\MenuLinkDefault', 0x613a303a7b7d, 'simple_sitemap', 1, 1, 0, 1, 0x613a303a7b7d, 0, 5, 6, 25, 42, 95, 97, 0, 0, 0, 0, 'Drupal\\Core\\Menu\\Form\\MenuLinkDefaultForm'),
('admin', 98, 'simple_sitemap.engines', 'simple_sitemap.sitemaps', 'simple_sitemap.engines.status', '', 0x613a303a7b7d, '', 0x4f3a34383a2244727570616c5c436f72655c537472696e675472616e736c6174696f6e5c5472616e736c617461626c654d61726b7570223a333a7b733a393a22002a00737472696e67223b733a31343a2253656172636820656e67696e6573223b733a31323a22002a00617267756d656e7473223b613a303a7b7d733a31303a22002a006f7074696f6e73223b613a303a7b7d7d, 0x733a303a22223b, 'Drupal\\Core\\Menu\\MenuLinkDefault', 0x613a303a7b7d, 'simple_sitemap_engines', 1, 1, 0, 2, 0x613a303a7b7d, 0, 5, 6, 25, 42, 95, 98, 0, 0, 0, 0, 'Drupal\\Core\\Menu\\Form\\MenuLinkDefaultForm'),
('admin', 99, 'entity_reference_revisions.delete_orphans', 'system.admin_config_system', 'entity_reference_revisions.delete_orphans', '', 0x613a303a7b7d, '', 0x4f3a34383a2244727570616c5c436f72655c537472696e675472616e736c6174696f6e5c5472616e736c617461626c654d61726b7570223a333a7b733a393a22002a00737472696e67223b733a33343a2244656c657465206f727068616e656420636f6d706f7369746520656e746974696573223b733a31323a22002a00617267756d656e7473223b613a303a7b7d733a31303a22002a006f7074696f6e73223b613a303a7b7d7d, 0x4f3a34383a2244727570616c5c436f72655c537472696e675472616e736c6174696f6e5c5472616e736c617461626c654d61726b7570223a333a7b733a393a22002a00737472696e67223b733a39303a2244656c657465207265766973696f6e73206f6620656e746974696573207468617420617265206e6f206c6f6e676572207573656420696e20456e74697479205265666572656e6365205265766973696f6e73206669656c64732e223b733a31323a22002a00617267756d656e7473223b613a303a7b7d733a31303a22002a006f7074696f6e73223b613a303a7b7d7d, 'Drupal\\Core\\Menu\\MenuLinkDefault', 0x613a303a7b7d, 'entity_reference_revisions', 1, 1, 0, 30, 0x613a303a7b7d, 0, 4, 6, 25, 45, 99, 0, 0, 0, 0, 0, 'Drupal\\Core\\Menu\\Form\\MenuLinkDefaultForm'),
('admin', 100, 'gin_login.configuration_form', 'system.admin_config_system', 'gin_login.configuration_form', '', 0x613a303a7b7d, '', 0x4f3a34383a2244727570616c5c436f72655c537472696e675472616e736c6174696f6e5c5472616e736c617461626c654d61726b7570223a333a7b733a393a22002a00737472696e67223b733a393a2247696e204c6f67696e223b733a31323a22002a00617267756d656e7473223b613a303a7b7d733a31303a22002a006f7074696f6e73223b613a303a7b7d7d, 0x4f3a34383a2244727570616c5c436f72655c537472696e675472616e736c6174696f6e5c5472616e736c617461626c654d61726b7570223a333a7b733a393a22002a00737472696e67223b733a31303a2247696e204c6f67696e2e223b733a31323a22002a00617267756d656e7473223b613a303a7b7d733a31303a22002a006f7074696f6e73223b613a303a7b7d7d, 'Drupal\\Core\\Menu\\MenuLinkDefault', 0x613a303a7b7d, 'gin_login', 1, 1, 0, 99, 0x613a303a7b7d, 0, 4, 6, 25, 45, 100, 0, 0, 0, 0, 0, 'Drupal\\Core\\Menu\\Form\\MenuLinkDefaultForm'),
('admin', 101, 'easy_breadcrumb.general_settings_form', 'system.admin_config_ui', 'easy_breadcrumb.general_settings_form', '', 0x613a303a7b7d, '', 0x4f3a34383a2244727570616c5c436f72655c537472696e675472616e736c6174696f6e5c5472616e736c617461626c654d61726b7570223a333a7b733a393a22002a00737472696e67223b733a31353a22456173792062726561646372756d62223b733a31323a22002a00617267756d656e7473223b613a303a7b7d733a31303a22002a006f7074696f6e73223b613a303a7b7d7d, 0x4f3a34383a2244727570616c5c436f72655c537472696e675472616e736c6174696f6e5c5472616e736c617461626c654d61726b7570223a333a7b733a393a22002a00737472696e67223b733a34383a22436f6e74726f6c732073657474696e677320666f7220746865206d6f64756c6520456173792042726561646372756d62223b733a31323a22002a00617267756d656e7473223b613a303a7b7d733a31303a22002a006f7074696f6e73223b613a303a7b7d7d, 'Drupal\\Core\\Menu\\MenuLinkDefault', 0x613a303a7b7d, 'easy_breadcrumb', 1, 1, 0, 0, 0x613a303a7b7d, 0, 4, 6, 25, 48, 101, 0, 0, 0, 0, 0, 'Drupal\\Core\\Menu\\Form\\MenuLinkDefaultForm'),
('admin', 102, 'extlink_admin.settings', 'system.admin_config_ui', 'extlink_admin.settings', '', 0x613a303a7b7d, '', 0x4f3a34383a2244727570616c5c436f72655c537472696e675472616e736c6174696f6e5c5472616e736c617461626c654d61726b7570223a333a7b733a393a22002a00737472696e67223b733a31343a2245787465726e616c204c696e6b73223b733a31323a22002a00617267756d656e7473223b613a303a7b7d733a31303a22002a006f7074696f6e73223b613a303a7b7d7d, 0x4f3a34383a2244727570616c5c436f72655c537472696e675472616e736c6174696f6e5c5472616e736c617461626c654d61726b7570223a333a7b733a393a22002a00737472696e67223b733a33353a2245787465726e616c204c696e6b732061646d696e697374726174696f6e20706167652e223b733a31323a22002a00617267756d656e7473223b613a303a7b7d733a31303a22002a006f7074696f6e73223b613a303a7b7d7d, 'Drupal\\Core\\Menu\\MenuLinkDefault', 0x613a303a7b7d, 'extlink', 1, 1, 0, 0, 0x613a303a7b7d, 0, 4, 6, 25, 48, 102, 0, 0, 0, 0, 0, 'Drupal\\Core\\Menu\\Form\\MenuLinkDefaultForm'),
('admin', 103, 'menu_link_weight.settings', 'system.admin_config_ui', 'menu_link_weight.settings', '', 0x613a303a7b7d, '', 0x4f3a34383a2244727570616c5c436f72655c537472696e675472616e736c6174696f6e5c5472616e736c617461626c654d61726b7570223a333a7b733a393a22002a00737472696e67223b733a31363a224d656e75204c696e6b20576569676874223b733a31323a22002a00617267756d656e7473223b613a303a7b7d733a31303a22002a006f7074696f6e73223b613a303a7b7d7d, 0x4f3a34383a2244727570616c5c436f72655c537472696e675472616e736c6174696f6e5c5472616e736c617461626c654d61726b7570223a333a7b733a393a22002a00737472696e67223b733a33313a224d656e75204c696e6b2057656967687420636f6e66696775726174696f6e2e223b733a31323a22002a00617267756d656e7473223b613a303a7b7d733a31303a22002a006f7074696f6e73223b613a303a7b7d7d, 'Drupal\\Core\\Menu\\MenuLinkDefault', 0x613a303a7b7d, 'menu_link_weight', 1, 1, 0, 0, 0x613a303a7b7d, 0, 4, 6, 25, 48, 103, 0, 0, 0, 0, 0, 'Drupal\\Core\\Menu\\Form\\MenuLinkDefaultForm'),
('admin', 104, 'entity.linkit_profile.collection', 'system.admin_config_content', 'entity.linkit_profile.collection', '', 0x613a303a7b7d, '', 0x4f3a34383a2244727570616c5c436f72655c537472696e675472616e736c6174696f6e5c5472616e736c617461626c654d61726b7570223a333a7b733a393a22002a00737472696e67223b733a363a224c696e6b6974223b733a31323a22002a00617267756d656e7473223b613a303a7b7d733a31303a22002a006f7074696f6e73223b613a303a7b7d7d, 0x4f3a34383a2244727570616c5c436f72655c537472696e675472616e736c6174696f6e5c5472616e736c617461626c654d61726b7570223a333a7b733a393a22002a00737472696e67223b733a32333a224d616e616765204c696e6b69742070726f66696c65732e223b733a31323a22002a00617267756d656e7473223b613a303a7b7d733a31303a22002a006f7074696f6e73223b613a303a7b7d7d, 'Drupal\\Core\\Menu\\MenuLinkDefault', 0x613a303a7b7d, 'linkit', 1, 1, 0, 0, 0x613a303a7b7d, 0, 4, 6, 25, 51, 104, 0, 0, 0, 0, 0, 'Drupal\\Core\\Menu\\Form\\MenuLinkDefaultForm'),
('admin', 105, 'quick_node_clone.config_menu', 'system.admin_config_content', 'quick_node_clone.settingsform', '', 0x613a303a7b7d, '', 0x4f3a34383a2244727570616c5c436f72655c537472696e675472616e736c6174696f6e5c5472616e736c617461626c654d61726b7570223a333a7b733a393a22002a00737472696e67223b733a32353a22517569636b204e6f646520436c6f6e652053657474696e6773223b733a31323a22002a00617267756d656e7473223b613a303a7b7d733a31303a22002a006f7074696f6e73223b613a303a7b7d7d, 0x4f3a34383a2244727570616c5c436f72655c537472696e675472616e736c6174696f6e5c5472616e736c617461626c654d61726b7570223a333a7b733a393a22002a00737472696e67223b733a37373a22436f6e6669677572652073657474696e67732072656c6174656420746f20636c6f6e696e67206e6f64657320776974682074686520517569636b204e6f646520436c6f6e65206d6f64756c652e223b733a31323a22002a00617267756d656e7473223b613a303a7b7d733a31303a22002a006f7074696f6e73223b613a303a7b7d7d, 'Drupal\\Core\\Menu\\MenuLinkDefault', 0x613a303a7b7d, 'quick_node_clone', 1, 1, 0, 0, 0x613a303a7b7d, 0, 4, 6, 25, 51, 105, 0, 0, 0, 0, 0, 'Drupal\\Core\\Menu\\Form\\MenuLinkDefaultForm'),
('admin', 106, 'paragraphs.settings', 'system.admin_config_content', 'paragraphs.settings', '', 0x613a303a7b7d, '', 0x4f3a34383a2244727570616c5c436f72655c537472696e675472616e736c6174696f6e5c5472616e736c617461626c654d61726b7570223a333a7b733a393a22002a00737472696e67223b733a31393a22506172616772617068732073657474696e6773223b733a31323a22002a00617267756d656e7473223b613a303a7b7d733a31303a22002a006f7074696f6e73223b613a303a7b7d7d, 0x733a303a22223b, 'Drupal\\Core\\Menu\\MenuLinkDefault', 0x613a303a7b7d, 'paragraphs', 1, 1, 0, 0, 0x613a303a7b7d, 0, 4, 6, 25, 51, 106, 0, 0, 0, 0, 0, 'Drupal\\Core\\Menu\\Form\\MenuLinkDefaultForm'),
('admin', 107, 'captcha.settings', 'user.admin_index', 'captcha_settings', '', 0x613a303a7b7d, '', 0x4f3a34383a2244727570616c5c436f72655c537472696e675472616e736c6174696f6e5c5472616e736c617461626c654d61726b7570223a333a7b733a393a22002a00737472696e67223b733a31363a22434150544348412073657474696e6773223b733a31323a22002a00617267756d656e7473223b613a303a7b7d733a31303a22002a006f7074696f6e73223b613a303a7b7d7d, 0x4f3a34383a2244727570616c5c436f72655c537472696e675472616e736c6174696f6e5c5472616e736c617461626c654d61726b7570223a333a7b733a393a22002a00737472696e67223b733a32373a2241646d696e697374657220434150544348412073657474696e6773223b733a31323a22002a00617267756d656e7473223b613a303a7b7d733a31303a22002a006f7074696f6e73223b613a303a7b7d7d, 'Drupal\\Core\\Menu\\MenuLinkDefault', 0x613a303a7b7d, 'captcha', 1, 1, 0, -1, 0x613a303a7b7d, 1, 4, 6, 25, 53, 107, 0, 0, 0, 0, 0, 'Drupal\\Core\\Menu\\Form\\MenuLinkDefaultForm'),
('admin', 108, 'captcha.examples', 'captcha.settings', 'captcha_examples', '', 0x613a303a7b7d, '', 0x4f3a34383a2244727570616c5c436f72655c537472696e675472616e736c6174696f6e5c5472616e736c617461626c654d61726b7570223a333a7b733a393a22002a00737472696e67223b733a31363a2243415054434841206578616d706c6573223b733a31323a22002a00617267756d656e7473223b613a303a7b7d733a31303a22002a006f7074696f6e73223b613a303a7b7d7d, 0x4f3a34383a2244727570616c5c436f72655c537472696e675472616e736c6174696f6e5c5472616e736c617461626c654d61726b7570223a333a7b733a393a22002a00737472696e67223b733a36343a224f76657276696577206f662074686520617661696c61626c652043415054434841206368616c6c656e67652074797065732077697468206578616d706c657327223b733a31323a22002a00617267756d656e7473223b613a303a7b7d733a31303a22002a006f7074696f6e73223b613a303a7b7d7d, 'Drupal\\Core\\Menu\\MenuLinkDefault', 0x613a303a7b7d, 'captcha', 1, 1, 0, 0, 0x613a303a7b7d, 0, 5, 6, 25, 53, 107, 108, 0, 0, 0, 0, 'Drupal\\Core\\Menu\\Form\\MenuLinkDefaultForm'),
('admin', 109, 'recaptcha.admin_settings_form', 'captcha.settings', 'recaptcha_v3.settings', '', 0x613a303a7b7d, '', 0x4f3a34383a2244727570616c5c436f72655c537472696e675472616e736c6174696f6e5c5472616e736c617461626c654d61726b7570223a333a7b733a393a22002a00737472696e67223b733a32313a227265434150544348412056332073657474696e6773223b733a31323a22002a00617267756d656e7473223b613a303a7b7d733a31303a22002a006f7074696f6e73223b613a303a7b7d7d, 0x4f3a34383a2244727570616c5c436f72655c537472696e675472616e736c6174696f6e5c5472616e736c617461626c654d61726b7570223a333a7b733a393a22002a00737472696e67223b733a34343a2241646d696e69737465722074686520476f6f676c65207265434150544348412056332073657474696e67732e223b733a31323a22002a00617267756d656e7473223b613a303a7b7d733a31303a22002a006f7074696f6e73223b613a303a7b7d7d, 'Drupal\\Core\\Menu\\MenuLinkDefault', 0x613a303a7b7d, 'recaptcha_v3', 1, 1, 0, 20, 0x613a303a7b7d, 0, 5, 6, 25, 53, 107, 109, 0, 0, 0, 0, 'Drupal\\Core\\Menu\\Form\\MenuLinkDefaultForm'),
('admin', 110, 'recaptcha.admin_actions', 'captcha.settings', 'entity.recaptcha_v3_action.collection', '', 0x613a303a7b7d, '', 0x4f3a34383a2244727570616c5c436f72655c537472696e675472616e736c6174696f6e5c5472616e736c617461626c654d61726b7570223a333a7b733a393a22002a00737472696e67223b733a32303a2272654341505443484120563320616374696f6e73223b733a31323a22002a00617267756d656e7473223b613a303a7b7d733a31303a22002a006f7074696f6e73223b613a303a7b7d7d, 0x4f3a34383a2244727570616c5c436f72655c537472696e675472616e736c6174696f6e5c5472616e736c617461626c654d61726b7570223a333a7b733a393a22002a00737472696e67223b733a34333a2241646d696e69737465722074686520476f6f676c652072654341505443484120563320616374696f6e732e223b733a31323a22002a00617267756d656e7473223b613a303a7b7d733a31303a22002a006f7074696f6e73223b613a303a7b7d7d, 'Drupal\\Core\\Menu\\MenuLinkDefault', 0x613a303a7b7d, 'recaptcha_v3', 1, 1, 0, 21, 0x613a303a7b7d, 0, 5, 6, 25, 53, 107, 110, 0, 0, 0, 0, 'Drupal\\Core\\Menu\\Form\\MenuLinkDefaultForm'),
('admin', 111, 'metatag.reports_plugins', 'system.admin_reports', 'metatag.reports_plugins', '', 0x613a303a7b7d, '', 0x4f3a34383a2244727570616c5c436f72655c537472696e675472616e736c6174696f6e5c5472616e736c617461626c654d61726b7570223a333a7b733a393a22002a00737472696e67223b733a31353a224d65746174616720706c7567696e73223b733a31323a22002a00617267756d656e7473223b613a303a7b7d733a31303a22002a006f7074696f6e73223b613a303a7b7d7d, 0x4f3a34383a2244727570616c5c436f72655c537472696e675472616e736c6174696f6e5c5472616e736c617461626c654d61726b7570223a333a7b733a393a22002a00737472696e67223b733a33363a224f76657276696577206f6620706c7567696e73207573656420696e206d6574617461672e223b733a31323a22002a00617267756d656e7473223b613a303a7b7d733a31303a22002a006f7074696f6e73223b613a303a7b7d7d, 'Drupal\\Core\\Menu\\MenuLinkDefault', 0x613a303a7b7d, 'metatag', 1, 1, 0, 0, 0x613a303a7b7d, 0, 3, 6, 55, 111, 0, 0, 0, 0, 0, 0, 'Drupal\\Core\\Menu\\Form\\MenuLinkDefaultForm'),
('admin', 112, 'webform.reports_plugins', 'system.admin_reports', 'webform.reports_plugins.elements', '', 0x613a303a7b7d, '', 0x4f3a34383a2244727570616c5c436f72655c537472696e675472616e736c6174696f6e5c5472616e736c617461626c654d61726b7570223a333a7b733a393a22002a00737472696e67223b733a31353a22576562666f726d20706c7567696e73223b733a31323a22002a00617267756d656e7473223b613a303a7b7d733a31303a22002a006f7074696f6e73223b613a303a7b7d7d, 0x4f3a34383a2244727570616c5c436f72655c537472696e675472616e736c6174696f6e5c5472616e736c617461626c654d61726b7570223a333a7b733a393a22002a00737472696e67223b733a34373a224f76657276696577206f6620706c7567696e7320757365642062792074686520576562666f726d206d6f64756c652e223b733a31323a22002a00617267756d656e7473223b613a303a7b7d733a31303a22002a006f7074696f6e73223b613a303a7b7d7d, 'Drupal\\Core\\Menu\\MenuLinkDefault', 0x613a303a7b7d, 'webform', 1, 1, 0, 0, 0x613a303a7b7d, 0, 3, 6, 55, 112, 0, 0, 0, 0, 0, 0, 'Drupal\\Core\\Menu\\Form\\MenuLinkDefaultForm'),
('main', 113, 'menu_link_content:f94c6ada-aca8-4f9b-84f8-3e271aac2e32', '', 'entity.node.canonical', 'node=10', 0x613a313a7b733a343a226e6f6465223b733a323a223130223b7d, '', 0x733a353a2241626f7574223b, NULL, 'Drupal\\menu_link_content\\Plugin\\Menu\\MenuLinkContent', 0x613a313a7b733a353a227175657279223b613a303a7b7d7d, 'menu_link_content', 1, 1, 0, -49, 0x613a313a7b733a393a22656e746974795f6964223b733a313a2231223b7d, 0, 1, 113, 0, 0, 0, 0, 0, 0, 0, 0, '\\Drupal\\menu_link_content\\Form\\MenuLinkContentForm'),
('main', 114, 'menu_link_content:27b8a887-f110-4b23-866f-9dd53d01429b', '', 'entity.node.canonical', 'node=12', 0x613a313a7b733a343a226e6f6465223b733a323a223132223b7d, '', 0x733a383a2250726f6a65637473223b, NULL, 'Drupal\\menu_link_content\\Plugin\\Menu\\MenuLinkContent', 0x613a313a7b733a353a227175657279223b613a303a7b7d7d, 'menu_link_content', 1, 1, 0, -48, 0x613a313a7b733a393a22656e746974795f6964223b733a313a2232223b7d, 0, 1, 114, 0, 0, 0, 0, 0, 0, 0, 0, '\\Drupal\\menu_link_content\\Form\\MenuLinkContentForm'),
('main', 115, 'menu_link_content:04d5111d-7c5b-4331-b8c5-5838fb33f906', '', 'entity.node.canonical', 'node=18', 0x613a313a7b733a343a226e6f6465223b733a323a223138223b7d, '', 0x733a383a2253747564656e7473223b, NULL, 'Drupal\\menu_link_content\\Plugin\\Menu\\MenuLinkContent', 0x613a313a7b733a353a227175657279223b613a303a7b7d7d, 'menu_link_content', 1, 1, 0, -47, 0x613a313a7b733a393a22656e746974795f6964223b733a313a2233223b7d, 0, 1, 115, 0, 0, 0, 0, 0, 0, 0, 0, '\\Drupal\\menu_link_content\\Form\\MenuLinkContentForm'),
('main', 116, 'menu_link_content:709a4a53-812e-4207-b862-0349d839f1a8', '', 'entity.node.canonical', 'node=25', 0x613a313a7b733a343a226e6f6465223b733a323a223235223b7d, '', 0x733a393a225265736f7572636573223b, NULL, 'Drupal\\menu_link_content\\Plugin\\Menu\\MenuLinkContent', 0x613a313a7b733a353a227175657279223b613a303a7b7d7d, 'menu_link_content', 1, 1, 0, -46, 0x613a313a7b733a393a22656e746974795f6964223b733a313a2234223b7d, 0, 1, 116, 0, 0, 0, 0, 0, 0, 0, 0, '\\Drupal\\menu_link_content\\Form\\MenuLinkContentForm'),
('main', 117, 'menu_link_content:247ca01a-5377-4b04-a2cd-8880193f9ff2', '', 'entity.node.canonical', 'node=17', 0x613a313a7b733a343a226e6f6465223b733a323a223137223b7d, '', 0x733a31343a224e65777320262055706461746573223b, NULL, 'Drupal\\menu_link_content\\Plugin\\Menu\\MenuLinkContent', 0x613a313a7b733a353a227175657279223b613a303a7b7d7d, 'menu_link_content', 1, 1, 0, -45, 0x613a313a7b733a393a22656e746974795f6964223b733a313a2235223b7d, 0, 1, 117, 0, 0, 0, 0, 0, 0, 0, 0, '\\Drupal\\menu_link_content\\Form\\MenuLinkContentForm'),
('main', 118, 'menu_link_content:79331fea-32bb-4ced-9050-ed95019ee1b1', '', 'entity.node.canonical', 'node=11', 0x613a313a7b733a343a226e6f6465223b733a323a223131223b7d, '', 0x733a373a22436f6e74616374223b, NULL, 'Drupal\\menu_link_content\\Plugin\\Menu\\MenuLinkContent', 0x613a313a7b733a353a227175657279223b613a303a7b7d7d, 'menu_link_content', 1, 1, 0, -44, 0x613a313a7b733a393a22656e746974795f6964223b733a313a2236223b7d, 0, 1, 118, 0, 0, 0, 0, 0, 0, 0, 0, '\\Drupal\\menu_link_content\\Form\\MenuLinkContentForm'),
('admin', 119, 'search_api.overview', 'system.admin_config_search', 'search_api.overview', '', 0x613a303a7b7d, '', 0x4f3a34383a2244727570616c5c436f72655c537472696e675472616e736c6174696f6e5c5472616e736c617461626c654d61726b7570223a333a7b733a393a22002a00737472696e67223b733a31303a2253656172636820415049223b733a31323a22002a00617267756d656e7473223b613a303a7b7d733a31303a22002a006f7074696f6e73223b613a303a7b7d7d, 0x4f3a34383a2244727570616c5c436f72655c537472696e675472616e736c6174696f6e5c5472616e736c617461626c654d61726b7570223a333a7b733a393a22002a00737472696e67223b733a34383a2243726561746520616e6420636f6e6669677572652073656172636820696e646578657320616e6420736572766572732e223b733a31323a22002a00617267756d656e7473223b613a303a7b7d733a31303a22002a006f7074696f6e73223b613a303a7b7d7d, 'Drupal\\Core\\Menu\\MenuLinkDefault', 0x613a303a7b7d, 'search_api', 1, 1, 0, 0, 0x613a303a7b7d, 0, 4, 6, 25, 42, 119, 0, 0, 0, 0, 0, 'Drupal\\Core\\Menu\\Form\\MenuLinkDefaultForm');

-- --------------------------------------------------------

--
-- Table structure for table `node`
--

CREATE TABLE `node` (
  `nid` int(10) UNSIGNED NOT NULL,
  `vid` int(10) UNSIGNED DEFAULT NULL,
  `type` varchar(32) CHARACTER SET ascii NOT NULL COMMENT 'The ID of the target entity.',
  `uuid` varchar(128) CHARACTER SET ascii NOT NULL,
  `langcode` varchar(12) CHARACTER SET ascii NOT NULL
) ENGINE=InnoDB DEFAULT CHARSET=utf8 COLLATE=utf8_unicode_ci COMMENT='The base table for node entities.';

--
-- Dumping data for table `node`
--

INSERT INTO `node` (`nid`, `vid`, `type`, `uuid`, `langcode`) VALUES
(1, 13, 'home_page', '47484158-25cc-4c7d-97c2-826107023b90', 'en'),
(2, 20, 'project', 'acdcf434-ec4a-4211-86e1-ce673b460981', 'en'),
(3, 21, 'project', '8d47ca7c-6ad1-48f6-8be6-2053dbd09aa3', 'en'),
(4, 22, 'project', 'ada21057-3881-4e9d-9837-53ce568b8e93', 'en'),
(5, 23, 'project', 'a56e4cc1-1b1f-409a-8d11-cc1b4afedca2', 'en'),
(6, 24, 'project', '3d7d838c-6da1-41f9-a8dc-ad5ad4d6c92c', 'en'),
(7, 25, 'project', '645752f9-063b-4757-9182-82bb0773b45f', 'en'),
(8, 26, 'project', '4e939b88-e635-4135-a7ca-3d836b3aa73f', 'en'),
(9, 52, 'project', '8ec9b9a2-47f3-454a-8a59-d760f3a17722', 'en'),
(10, 17, 'landing_page', 'b231c409-0aa8-4a32-b094-0ac531c5aaa4', 'en'),
(11, 19, 'landing_page', '38d693a7-9121-44cf-aa48-eff640607c61', 'en'),
(12, 28, 'landing_page', 'c46683a3-4db3-43d0-ae48-a772d0dbbb05', 'en'),
(13, 29, 'article', 'b7d81f1f-b912-4530-9fec-e910c107b972', 'en'),
(14, 30, 'article', '6421f0d8-e7cb-4027-a8ff-0b905dd84bed', 'en'),
(15, 31, 'article', '7016ce5d-87b5-4f54-a519-e3831e82cf5b', 'en'),
(16, 49, 'article', '5fbfc7e2-dae4-4033-a7aa-9e75c08b12c7', 'en'),
(17, 33, 'landing_page', '66f7eb9a-69dc-45c6-9fbc-ff483fee74ba', 'en'),
(18, 34, 'landing_page', '36ddd81d-37a7-44c8-970d-e80621b5a43f', 'en'),
(19, 35, 'resource_category', '6ab24472-a9b5-4027-8f0c-b834497c56f8', 'en'),
(20, 36, 'resource_category', '801029b1-16e7-4ef0-bf2c-15254334e687', 'en'),
(21, 37, 'resource_category', '91bfd681-08e8-4881-a26c-1cd7d84e949f', 'en'),
(22, 38, 'resource_category', '0bbd3268-585b-4fd4-aeed-19dee5782583', 'en'),
(23, 39, 'resource_category', '66932d02-3e44-4e00-aa20-05c1df46d131', 'en'),
(24, 53, 'resource_category', '73f1a31f-a8c6-44fe-af3c-091e71c54f24', 'en'),
(25, 42, 'landing_page', '8b9dab59-9de4-44cc-afd3-7d35e6730819', 'en'),
(26, 56, 'landing_page', '4ac53351-9086-4cd9-95a1-c027ccc8881e', 'en');

-- --------------------------------------------------------

--
-- Table structure for table `node_access`
--

CREATE TABLE `node_access` (
  `nid` int(10) UNSIGNED NOT NULL DEFAULT '0' COMMENT 'The "node".nid this record affects.',
  `langcode` varchar(12) CHARACTER SET ascii NOT NULL DEFAULT '' COMMENT 'The "language".langcode of this node.',
  `fallback` tinyint(3) UNSIGNED NOT NULL DEFAULT '1' COMMENT 'Boolean indicating whether this record should be used as a fallback if a language condition is not provided.',
  `gid` int(10) UNSIGNED NOT NULL DEFAULT '0' COMMENT 'The grant ID a user must possess in the specified realm to gain this row''s privileges on the node.',
  `realm` varchar(255) CHARACTER SET ascii NOT NULL DEFAULT '' COMMENT 'The realm in which the user must possess the grant ID. Modules can define one or more realms by implementing hook_node_grants().',
  `grant_view` tinyint(3) UNSIGNED NOT NULL DEFAULT '0' COMMENT 'Boolean indicating whether a user with the realm/grant pair can view this node.',
  `grant_update` tinyint(3) UNSIGNED NOT NULL DEFAULT '0' COMMENT 'Boolean indicating whether a user with the realm/grant pair can edit this node.',
  `grant_delete` tinyint(3) UNSIGNED NOT NULL DEFAULT '0' COMMENT 'Boolean indicating whether a user with the realm/grant pair can delete this node.'
) ENGINE=InnoDB DEFAULT CHARSET=utf8 COLLATE=utf8_unicode_ci COMMENT='Identifies which realm/grant pairs a user must possess in…';

--
-- Dumping data for table `node_access`
--

INSERT INTO `node_access` (`nid`, `langcode`, `fallback`, `gid`, `realm`, `grant_view`, `grant_update`, `grant_delete`) VALUES
(0, '', 1, 0, 'all', 1, 0, 0);

-- --------------------------------------------------------

--
-- Table structure for table `node_field_data`
--

CREATE TABLE `node_field_data` (
  `nid` int(10) UNSIGNED NOT NULL,
  `vid` int(10) UNSIGNED NOT NULL,
  `type` varchar(32) CHARACTER SET ascii NOT NULL COMMENT 'The ID of the target entity.',
  `langcode` varchar(12) CHARACTER SET ascii NOT NULL,
  `status` tinyint(4) NOT NULL,
  `uid` int(10) UNSIGNED NOT NULL COMMENT 'The ID of the target entity.',
  `title` varchar(255) COLLATE utf8_unicode_ci NOT NULL,
  `created` int(11) NOT NULL,
  `changed` int(11) NOT NULL,
  `promote` tinyint(4) NOT NULL,
  `sticky` tinyint(4) NOT NULL,
  `default_langcode` tinyint(4) NOT NULL,
  `revision_translation_affected` tinyint(4) DEFAULT NULL
) ENGINE=InnoDB DEFAULT CHARSET=utf8 COLLATE=utf8_unicode_ci COMMENT='The data table for node entities.';

--
-- Dumping data for table `node_field_data`
--

INSERT INTO `node_field_data` (`nid`, `vid`, `type`, `langcode`, `status`, `uid`, `title`, `created`, `changed`, `promote`, `sticky`, `default_langcode`, `revision_translation_affected`) VALUES
(1, 13, 'home_page', 'en', 1, 1, 'Our Primary Area of Research Focuses', 1719769278, 1719853329, 0, 0, 1, 1),
(2, 20, 'project', 'en', 1, 1, 'Title of Research Project', 1719847126, 1719947193, 0, 0, 1, 1),
(3, 21, 'project', 'en', 1, 1, 'Title of Research Project', 1719847305, 1719947196, 0, 0, 1, 1),
(4, 22, 'project', 'en', 1, 1, 'Title of Research Project', 1719847314, 1719947200, 0, 0, 1, 1),
(5, 23, 'project', 'en', 1, 1, 'Title of Research Project', 1719847319, 1719947203, 0, 0, 1, 1),
(6, 24, 'project', 'en', 1, 1, 'Title of Research Project', 1719847324, 1719947206, 0, 0, 1, 1),
(7, 25, 'project', 'en', 1, 1, 'Title of Research Project', 1719847328, 1719947210, 0, 0, 1, 1),
(8, 26, 'project', 'en', 1, 1, 'Title of Research Project', 1719847334, 1719947213, 0, 0, 1, 1),
(9, 52, 'project', 'en', 1, 1, 'Title of Research Project', 1719847339, 1719968777, 0, 0, 1, 1),
(10, 17, 'landing_page', 'en', 1, 1, 'About Us', 1719932846, 1719934383, 0, 0, 1, 1),
(11, 19, 'landing_page', 'en', 1, 1, 'Contact Us', 1719936570, 1719938153, 0, 0, 1, 1),
(12, 28, 'landing_page', 'en', 1, 1, 'Our Projects', 1719947452, 1719947517, 0, 0, 1, 1),
(13, 29, 'article', 'en', 1, 1, 'Title of News Post', 1719950618, 1719950636, 1, 0, 1, 1),
(14, 30, 'article', 'en', 1, 1, 'Title of News Post', 1719950640, 1719950643, 1, 0, 1, 1),
(15, 31, 'article', 'en', 1, 1, 'Title of News Post', 1719950645, 1719950647, 1, 0, 1, 1),
(16, 49, 'article', 'en', 1, 1, 'Title of News Post', 1719950649, 1719966178, 1, 0, 1, 1),
(17, 33, 'landing_page', 'en', 1, 1, 'News & Updates', 1719950849, 1719950870, 0, 0, 1, 1),
(18, 34, 'landing_page', 'en', 1, 1, 'Students', 1719957084, 1719957314, 0, 0, 1, 1),
(19, 35, 'resource_category', 'en', 1, 1, 'Category Title', 1719959804, 1719959816, 0, 0, 1, 1),
(20, 36, 'resource_category', 'en', 1, 1, 'Category Title', 1719959820, 1719959823, 0, 0, 1, 1),
(21, 37, 'resource_category', 'en', 1, 1, 'Category Title', 1719959825, 1719959827, 0, 0, 1, 1),
(22, 38, 'resource_category', 'en', 1, 1, 'Category Title', 1719959829, 1719959830, 0, 0, 1, 1),
(23, 39, 'resource_category', 'en', 1, 1, 'Category Title', 1719959833, 1719959834, 0, 0, 1, 1),
(24, 53, 'resource_category', 'en', 1, 1, 'Category Title', 1719959837, 1719970893, 0, 0, 1, 1),
(25, 42, 'landing_page', 'en', 1, 1, 'Resources', 1719960092, 1719961930, 0, 0, 1, 1),
(26, 56, 'landing_page', 'en', 1, 1, 'Search Now', 1720133826, 1720136452, 0, 0, 1, 1);

-- --------------------------------------------------------

--
-- Table structure for table `node_field_revision`
--

CREATE TABLE `node_field_revision` (
  `nid` int(10) UNSIGNED NOT NULL,
  `vid` int(10) UNSIGNED NOT NULL,
  `langcode` varchar(12) CHARACTER SET ascii NOT NULL,
  `status` tinyint(4) NOT NULL,
  `uid` int(10) UNSIGNED NOT NULL COMMENT 'The ID of the target entity.',
  `title` varchar(255) COLLATE utf8_unicode_ci DEFAULT NULL,
  `created` int(11) DEFAULT NULL,
  `changed` int(11) DEFAULT NULL,
  `promote` tinyint(4) DEFAULT NULL,
  `sticky` tinyint(4) DEFAULT NULL,
  `default_langcode` tinyint(4) NOT NULL,
  `revision_translation_affected` tinyint(4) DEFAULT NULL
) ENGINE=InnoDB DEFAULT CHARSET=utf8 COLLATE=utf8_unicode_ci COMMENT='The revision data table for node entities.';

--
-- Dumping data for table `node_field_revision`
--

INSERT INTO `node_field_revision` (`nid`, `vid`, `langcode`, `status`, `uid`, `title`, `created`, `changed`, `promote`, `sticky`, `default_langcode`, `revision_translation_affected`) VALUES
(1, 1, 'en', 1, 1, 'Our Primary Area of Research Focuses', 1719769278, 1719769377, 0, 0, 1, 1),
(1, 2, 'en', 1, 1, 'Our Primary Area of Research Focuses', 1719769278, 1719783905, 0, 0, 1, 1),
(2, 3, 'en', 1, 1, 'Title of Research Project', 1719847126, 1719847167, 0, 0, 1, 1),
(2, 4, 'en', 1, 1, 'Title of Research Project', 1719847126, 1719847300, 0, 0, 1, NULL),
(3, 5, 'en', 1, 1, 'Title of Research Project', 1719847305, 1719847309, 0, 0, 1, 1),
(4, 6, 'en', 1, 1, 'Title of Research Project', 1719847314, 1719847315, 0, 0, 1, 1),
(5, 7, 'en', 1, 1, 'Title of Research Project', 1719847319, 1719847320, 0, 0, 1, 1),
(6, 8, 'en', 1, 1, 'Title of Research Project', 1719847324, 1719847325, 0, 0, 1, 1),
(7, 9, 'en', 1, 1, 'Title of Research Project', 1719847328, 1719847330, 0, 0, 1, 1),
(8, 10, 'en', 1, 1, 'Title of Research Project', 1719847334, 1719847335, 0, 0, 1, 1),
(9, 11, 'en', 1, 1, 'Title of Research Project', 1719847339, 1719847341, 0, 0, 1, 1),
(1, 12, 'en', 1, 1, 'Our Primary Area of Research Focuses', 1719769278, 1719847701, 0, 0, 1, 1),
(1, 13, 'en', 1, 1, 'Our Primary Area of Research Focuses', 1719769278, 1719853329, 0, 0, 1, 1),
(10, 14, 'en', 1, 1, 'About Us', 1719932846, 1719932899, 0, 0, 1, 1),
(10, 15, 'en', 1, 1, 'About Us', 1719932846, 1719933193, 0, 0, 1, 1),
(10, 16, 'en', 1, 1, 'About Us', 1719932846, 1719933203, 0, 0, 1, NULL),
(10, 17, 'en', 1, 1, 'About Us', 1719932846, 1719934383, 0, 0, 1, 1),
(11, 18, 'en', 1, 1, 'Contact Us', 1719936570, 1719936659, 0, 0, 1, 1),
(11, 19, 'en', 1, 1, 'Contact Us', 1719936570, 1719938153, 0, 0, 1, 1),
(2, 20, 'en', 1, 1, 'Title of Research Project', 1719847126, 1719947193, 0, 0, 1, 1),
(3, 21, 'en', 1, 1, 'Title of Research Project', 1719847305, 1719947196, 0, 0, 1, 1),
(4, 22, 'en', 1, 1, 'Title of Research Project', 1719847314, 1719947200, 0, 0, 1, 1),
(5, 23, 'en', 1, 1, 'Title of Research Project', 1719847319, 1719947203, 0, 0, 1, 1),
(6, 24, 'en', 1, 1, 'Title of Research Project', 1719847324, 1719947206, 0, 0, 1, 1),
(7, 25, 'en', 1, 1, 'Title of Research Project', 1719847328, 1719947210, 0, 0, 1, 1),
(8, 26, 'en', 1, 1, 'Title of Research Project', 1719847334, 1719947213, 0, 0, 1, 1),
(9, 27, 'en', 1, 1, 'Title of Research Project', 1719847339, 1719947216, 0, 0, 1, 1),
(12, 28, 'en', 1, 1, 'Our Projects', 1719947452, 1719947517, 0, 0, 1, 1),
(13, 29, 'en', 1, 1, 'Title of News Post', 1719950618, 1719950636, 1, 0, 1, 1),
(14, 30, 'en', 1, 1, 'Title of News Post', 1719950640, 1719950643, 1, 0, 1, 1),
(15, 31, 'en', 1, 1, 'Title of News Post', 1719950645, 1719950647, 1, 0, 1, 1),
(16, 32, 'en', 1, 1, 'Title of News Post', 1719950649, 1719950650, 1, 0, 1, 1),
(17, 33, 'en', 1, 1, 'News & Updates', 1719950849, 1719950870, 0, 0, 1, 1),
(18, 34, 'en', 1, 1, 'Students', 1719957084, 1719957314, 0, 0, 1, 1),
(19, 35, 'en', 1, 1, 'Category Title', 1719959804, 1719959816, 0, 0, 1, 1),
(20, 36, 'en', 1, 1, 'Category Title', 1719959820, 1719959823, 0, 0, 1, 1),
(21, 37, 'en', 1, 1, 'Category Title', 1719959825, 1719959827, 0, 0, 1, 1),
(22, 38, 'en', 1, 1, 'Category Title', 1719959829, 1719959830, 0, 0, 1, 1),
(23, 39, 'en', 1, 1, 'Category Title', 1719959833, 1719959834, 0, 0, 1, 1),
(24, 40, 'en', 1, 1, 'Category Title', 1719959837, 1719959838, 0, 0, 1, 1),
(25, 41, 'en', 1, 1, 'Resources', 1719960092, 1719960152, 0, 0, 1, 1),
(25, 42, 'en', 1, 1, 'Resources', 1719960092, 1719961930, 0, 0, 1, 1),
(16, 43, 'en', 1, 1, 'Title of News Post', 1719950649, 1719965690, 1, 0, 1, 1),
(16, 44, 'en', 1, 1, 'Title of News Post', 1719950649, 1719965701, 1, 0, 1, 1),
(16, 45, 'en', 1, 1, 'Title of News Post', 1719950649, 1719965861, 1, 0, 1, 1),
(16, 46, 'en', 1, 1, 'Title of News Post', 1719950649, 1719965955, 1, 0, 1, 1),
(16, 47, 'en', 1, 1, 'Title of News Post', 1719950649, 1719966025, 1, 0, 1, 1),
(16, 48, 'en', 1, 1, 'Title of News Post', 1719950649, 1719966046, 1, 0, 1, 1),
(16, 49, 'en', 1, 1, 'Title of News Post', 1719950649, 1719966178, 1, 0, 1, 1),
(9, 50, 'en', 1, 1, 'Title of Research Project', 1719847339, 1719968433, 0, 0, 1, 1),
(9, 51, 'en', 1, 1, 'Title of Research Project', 1719847339, 1719968628, 0, 0, 1, 1),
(9, 52, 'en', 1, 1, 'Title of Research Project', 1719847339, 1719968777, 0, 0, 1, 1),
(24, 53, 'en', 1, 1, 'Category Title', 1719959837, 1719970893, 0, 0, 1, 1),
(26, 54, 'en', 1, 1, 'Search Now', 1720133826, 1720133953, 0, 0, 1, 1),
(26, 55, 'en', 1, 1, 'Search Now', 1720133826, 1720134574, 0, 0, 1, 1),
(26, 56, 'en', 1, 1, 'Search Now', 1720133826, 1720136452, 0, 0, 1, 1);

-- --------------------------------------------------------

--
-- Table structure for table `node_revision`
--

CREATE TABLE `node_revision` (
  `nid` int(10) UNSIGNED NOT NULL,
  `vid` int(10) UNSIGNED NOT NULL,
  `langcode` varchar(12) CHARACTER SET ascii NOT NULL,
  `revision_uid` int(10) UNSIGNED DEFAULT NULL COMMENT 'The ID of the target entity.',
  `revision_timestamp` int(11) DEFAULT NULL,
  `revision_log` longtext COLLATE utf8_unicode_ci,
  `revision_default` tinyint(4) DEFAULT NULL
) ENGINE=InnoDB DEFAULT CHARSET=utf8 COLLATE=utf8_unicode_ci COMMENT='The revision table for node entities.';

--
-- Dumping data for table `node_revision`
--

INSERT INTO `node_revision` (`nid`, `vid`, `langcode`, `revision_uid`, `revision_timestamp`, `revision_log`, `revision_default`) VALUES
(1, 1, 'en', 1, 1719769377, NULL, 1),
(1, 2, 'en', 1, 1719783905, NULL, 1),
(2, 3, 'en', 1, 1719847167, NULL, 1),
(2, 4, 'en', 1, 1719847300, NULL, 1),
(3, 5, 'en', 1, 1719847309, NULL, 1),
(4, 6, 'en', 1, 1719847315, NULL, 1),
(5, 7, 'en', 1, 1719847320, NULL, 1),
(6, 8, 'en', 1, 1719847325, NULL, 1),
(7, 9, 'en', 1, 1719847330, NULL, 1),
(8, 10, 'en', 1, 1719847335, NULL, 1),
(9, 11, 'en', 1, 1719847341, NULL, 1),
(1, 12, 'en', 1, 1719847701, NULL, 1),
(1, 13, 'en', 1, 1719853329, NULL, 1),
(10, 14, 'en', 1, 1719932899, NULL, 1),
(10, 15, 'en', 1, 1719933193, NULL, 1),
(10, 16, 'en', 1, 1719933203, NULL, 1),
(10, 17, 'en', 1, 1719934383, NULL, 1),
(11, 18, 'en', 1, 1719936659, NULL, 1),
(11, 19, 'en', 1, 1719938153, NULL, 1),
(2, 20, 'en', 1, 1719947193, NULL, 1),
(3, 21, 'en', 1, 1719947196, NULL, 1),
(4, 22, 'en', 1, 1719947200, NULL, 1),
(5, 23, 'en', 1, 1719947203, NULL, 1),
(6, 24, 'en', 1, 1719947206, NULL, 1),
(7, 25, 'en', 1, 1719947210, NULL, 1),
(8, 26, 'en', 1, 1719947213, NULL, 1),
(9, 27, 'en', 1, 1719947216, NULL, 1),
(12, 28, 'en', 1, 1719947517, NULL, 1),
(13, 29, 'en', 1, 1719950636, NULL, 1),
(14, 30, 'en', 1, 1719950643, NULL, 1),
(15, 31, 'en', 1, 1719950647, NULL, 1),
(16, 32, 'en', 1, 1719950650, NULL, 1),
(17, 33, 'en', 1, 1719950870, NULL, 1),
(18, 34, 'en', 1, 1719957314, NULL, 1),
(19, 35, 'en', 1, 1719959816, NULL, 1),
(20, 36, 'en', 1, 1719959823, NULL, 1),
(21, 37, 'en', 1, 1719959827, NULL, 1),
(22, 38, 'en', 1, 1719959830, NULL, 1),
(23, 39, 'en', 1, 1719959834, NULL, 1),
(24, 40, 'en', 1, 1719959838, NULL, 1),
(25, 41, 'en', 1, 1719960152, NULL, 1),
(25, 42, 'en', 1, 1719961930, NULL, 1),
(16, 43, 'en', 1, 1719965690, NULL, 1),
(16, 44, 'en', 1, 1719965701, NULL, 1),
(16, 45, 'en', 1, 1719965861, NULL, 1),
(16, 46, 'en', 1, 1719965955, NULL, 1),
(16, 47, 'en', 1, 1719966025, NULL, 1),
(16, 48, 'en', 1, 1719966046, NULL, 1),
(16, 49, 'en', 1, 1719966178, NULL, 1),
(9, 50, 'en', 1, 1719968433, NULL, 1),
(9, 51, 'en', 1, 1719968628, NULL, 1),
(9, 52, 'en', 1, 1719968777, NULL, 1),
(24, 53, 'en', 1, 1719970893, NULL, 1),
(26, 54, 'en', 1, 1720133953, NULL, 1),
(26, 55, 'en', 1, 1720134574, NULL, 1),
(26, 56, 'en', 1, 1720136452, NULL, 1);

-- --------------------------------------------------------

--
-- Table structure for table `node_revision__body`
--

CREATE TABLE `node_revision__body` (
  `bundle` varchar(128) CHARACTER SET ascii NOT NULL DEFAULT '' COMMENT 'The field instance bundle to which this row belongs, used when deleting a field instance',
  `deleted` tinyint(4) NOT NULL DEFAULT '0' COMMENT 'A boolean indicating whether this data item has been deleted',
  `entity_id` int(10) UNSIGNED NOT NULL COMMENT 'The entity id this data is attached to',
  `revision_id` int(10) UNSIGNED NOT NULL COMMENT 'The entity revision id this data is attached to',
  `langcode` varchar(32) CHARACTER SET ascii NOT NULL DEFAULT '' COMMENT 'The language code for this data item.',
  `delta` int(10) UNSIGNED NOT NULL COMMENT 'The sequence number for this data item, used for multi-value fields',
  `body_value` longtext COLLATE utf8_unicode_ci NOT NULL,
  `body_summary` longtext COLLATE utf8_unicode_ci,
  `body_format` varchar(255) CHARACTER SET ascii DEFAULT NULL
) ENGINE=InnoDB DEFAULT CHARSET=utf8 COLLATE=utf8_unicode_ci COMMENT='Revision archive storage for node field body.';

-- --------------------------------------------------------

--
-- Table structure for table `node_revision__field_authors`
--

CREATE TABLE `node_revision__field_authors` (
  `bundle` varchar(128) CHARACTER SET ascii NOT NULL DEFAULT '' COMMENT 'The field instance bundle to which this row belongs, used when deleting a field instance',
  `deleted` tinyint(4) NOT NULL DEFAULT '0' COMMENT 'A boolean indicating whether this data item has been deleted',
  `entity_id` int(10) UNSIGNED NOT NULL COMMENT 'The entity id this data is attached to',
  `revision_id` int(10) UNSIGNED NOT NULL COMMENT 'The entity revision id this data is attached to',
  `langcode` varchar(32) CHARACTER SET ascii NOT NULL DEFAULT '' COMMENT 'The language code for this data item.',
  `delta` int(10) UNSIGNED NOT NULL COMMENT 'The sequence number for this data item, used for multi-value fields',
  `field_authors_value` varchar(255) COLLATE utf8_unicode_ci NOT NULL
) ENGINE=InnoDB DEFAULT CHARSET=utf8 COLLATE=utf8_unicode_ci COMMENT='Revision archive storage for node field field_authors.';

--
-- Dumping data for table `node_revision__field_authors`
--

INSERT INTO `node_revision__field_authors` (`bundle`, `deleted`, `entity_id`, `revision_id`, `langcode`, `delta`, `field_authors_value`) VALUES
('project', 0, 9, 52, 'en', 0, 'Name Here'),
('project', 0, 9, 52, 'en', 1, 'Name Here');

-- --------------------------------------------------------

--
-- Table structure for table `node_revision__field_bnr_bg`
--

CREATE TABLE `node_revision__field_bnr_bg` (
  `bundle` varchar(128) CHARACTER SET ascii NOT NULL DEFAULT '' COMMENT 'The field instance bundle to which this row belongs, used when deleting a field instance',
  `deleted` tinyint(4) NOT NULL DEFAULT '0' COMMENT 'A boolean indicating whether this data item has been deleted',
  `entity_id` int(10) UNSIGNED NOT NULL COMMENT 'The entity id this data is attached to',
  `revision_id` int(10) UNSIGNED NOT NULL COMMENT 'The entity revision id this data is attached to',
  `langcode` varchar(32) CHARACTER SET ascii NOT NULL DEFAULT '' COMMENT 'The language code for this data item.',
  `delta` int(10) UNSIGNED NOT NULL COMMENT 'The sequence number for this data item, used for multi-value fields',
  `field_bnr_bg_target_id` int(10) UNSIGNED NOT NULL COMMENT 'The ID of the file entity.',
  `field_bnr_bg_alt` varchar(512) COLLATE utf8_unicode_ci DEFAULT NULL COMMENT 'Alternative image text, for the image''s ''alt'' attribute.',
  `field_bnr_bg_title` varchar(1024) COLLATE utf8_unicode_ci DEFAULT NULL COMMENT 'Image title text, for the image''s ''title'' attribute.',
  `field_bnr_bg_width` int(10) UNSIGNED DEFAULT NULL COMMENT 'The width of the image in pixels.',
  `field_bnr_bg_height` int(10) UNSIGNED DEFAULT NULL COMMENT 'The height of the image in pixels.'
) ENGINE=InnoDB DEFAULT CHARSET=utf8 COLLATE=utf8_unicode_ci COMMENT='Revision archive storage for node field field_bnr_bg.';

-- --------------------------------------------------------

--
-- Table structure for table `node_revision__field_bnr_buttons`
--

CREATE TABLE `node_revision__field_bnr_buttons` (
  `bundle` varchar(128) CHARACTER SET ascii NOT NULL DEFAULT '' COMMENT 'The field instance bundle to which this row belongs, used when deleting a field instance',
  `deleted` tinyint(4) NOT NULL DEFAULT '0' COMMENT 'A boolean indicating whether this data item has been deleted',
  `entity_id` int(10) UNSIGNED NOT NULL COMMENT 'The entity id this data is attached to',
  `revision_id` int(10) UNSIGNED NOT NULL COMMENT 'The entity revision id this data is attached to',
  `langcode` varchar(32) CHARACTER SET ascii NOT NULL DEFAULT '' COMMENT 'The language code for this data item.',
  `delta` int(10) UNSIGNED NOT NULL COMMENT 'The sequence number for this data item, used for multi-value fields',
  `field_bnr_buttons_target_id` int(10) UNSIGNED NOT NULL COMMENT 'The ID of the target entity.',
  `field_bnr_buttons_target_revision_id` int(10) UNSIGNED NOT NULL COMMENT 'The revision ID of the target entity.'
) ENGINE=InnoDB DEFAULT CHARSET=utf8 COLLATE=utf8_unicode_ci COMMENT='Revision archive storage for node field field_bnr_buttons.';

--
-- Dumping data for table `node_revision__field_bnr_buttons`
--

INSERT INTO `node_revision__field_bnr_buttons` (`bundle`, `deleted`, `entity_id`, `revision_id`, `langcode`, `delta`, `field_bnr_buttons_target_id`, `field_bnr_buttons_target_revision_id`) VALUES
('home_page', 0, 1, 1, 'en', 0, 1, 1),
('home_page', 0, 1, 1, 'en', 1, 2, 2),
('home_page', 0, 1, 2, 'en', 0, 1, 4),
('home_page', 0, 1, 2, 'en', 1, 2, 5),
('home_page', 0, 1, 12, 'en', 0, 1, 10),
('home_page', 0, 1, 12, 'en', 1, 2, 11),
('home_page', 0, 1, 13, 'en', 0, 1, 18),
('home_page', 0, 1, 13, 'en', 1, 2, 19);

-- --------------------------------------------------------

--
-- Table structure for table `node_revision__field_bnr_callout`
--

CREATE TABLE `node_revision__field_bnr_callout` (
  `bundle` varchar(128) CHARACTER SET ascii NOT NULL DEFAULT '' COMMENT 'The field instance bundle to which this row belongs, used when deleting a field instance',
  `deleted` tinyint(4) NOT NULL DEFAULT '0' COMMENT 'A boolean indicating whether this data item has been deleted',
  `entity_id` int(10) UNSIGNED NOT NULL COMMENT 'The entity id this data is attached to',
  `revision_id` int(10) UNSIGNED NOT NULL COMMENT 'The entity revision id this data is attached to',
  `langcode` varchar(32) CHARACTER SET ascii NOT NULL DEFAULT '' COMMENT 'The language code for this data item.',
  `delta` int(10) UNSIGNED NOT NULL COMMENT 'The sequence number for this data item, used for multi-value fields',
  `field_bnr_callout_target_id` int(10) UNSIGNED NOT NULL COMMENT 'The ID of the target entity.',
  `field_bnr_callout_target_revision_id` int(10) UNSIGNED NOT NULL COMMENT 'The revision ID of the target entity.'
) ENGINE=InnoDB DEFAULT CHARSET=utf8 COLLATE=utf8_unicode_ci COMMENT='Revision archive storage for node field field_bnr_callout.';

--
-- Dumping data for table `node_revision__field_bnr_callout`
--

INSERT INTO `node_revision__field_bnr_callout` (`bundle`, `deleted`, `entity_id`, `revision_id`, `langcode`, `delta`, `field_bnr_callout_target_id`, `field_bnr_callout_target_revision_id`) VALUES
('home_page', 0, 1, 1, 'en', 0, 3, 3),
('home_page', 0, 1, 2, 'en', 0, 3, 6),
('home_page', 0, 1, 12, 'en', 0, 3, 12),
('home_page', 0, 1, 13, 'en', 0, 3, 20),
('landing_page', 0, 10, 14, 'en', 0, 24, 41),
('landing_page', 0, 10, 15, 'en', 0, 24, 42),
('landing_page', 0, 10, 16, 'en', 0, 24, 49),
('landing_page', 0, 10, 17, 'en', 0, 24, 56),
('landing_page', 0, 11, 18, 'en', 0, 31, 63),
('landing_page', 0, 11, 19, 'en', 0, 31, 64),
('landing_page', 0, 12, 28, 'en', 0, 36, 69),
('landing_page', 0, 17, 33, 'en', 0, 38, 71),
('landing_page', 0, 18, 34, 'en', 0, 40, 73),
('landing_page', 0, 25, 41, 'en', 0, 49, 82),
('landing_page', 0, 25, 42, 'en', 0, 49, 84),
('landing_page', 0, 26, 54, 'en', 0, 102, 198),
('landing_page', 0, 26, 55, 'en', 0, 102, 199),
('landing_page', 0, 26, 56, 'en', 0, 102, 201);

-- --------------------------------------------------------

--
-- Table structure for table `node_revision__field_bnr_subtext`
--

CREATE TABLE `node_revision__field_bnr_subtext` (
  `bundle` varchar(128) CHARACTER SET ascii NOT NULL DEFAULT '' COMMENT 'The field instance bundle to which this row belongs, used when deleting a field instance',
  `deleted` tinyint(4) NOT NULL DEFAULT '0' COMMENT 'A boolean indicating whether this data item has been deleted',
  `entity_id` int(10) UNSIGNED NOT NULL COMMENT 'The entity id this data is attached to',
  `revision_id` int(10) UNSIGNED NOT NULL COMMENT 'The entity revision id this data is attached to',
  `langcode` varchar(32) CHARACTER SET ascii NOT NULL DEFAULT '' COMMENT 'The language code for this data item.',
  `delta` int(10) UNSIGNED NOT NULL COMMENT 'The sequence number for this data item, used for multi-value fields',
  `field_bnr_subtext_value` longtext COLLATE utf8_unicode_ci NOT NULL,
  `field_bnr_subtext_format` varchar(255) CHARACTER SET ascii DEFAULT NULL
) ENGINE=InnoDB DEFAULT CHARSET=utf8 COLLATE=utf8_unicode_ci COMMENT='Revision archive storage for node field field_bnr_subtext.';

--
-- Dumping data for table `node_revision__field_bnr_subtext`
--

INSERT INTO `node_revision__field_bnr_subtext` (`bundle`, `deleted`, `entity_id`, `revision_id`, `langcode`, `delta`, `field_bnr_subtext_value`, `field_bnr_subtext_format`) VALUES
('home_page', 0, 1, 1, 'en', 0, '<p>Understanding how users of assistive technology participate in their occupations and within their communities.</p>', 'limited_html'),
('home_page', 0, 1, 2, 'en', 0, '<p>Understanding how users of assistive technology participate in their occupations and within their communities.</p>', 'limited_html'),
('home_page', 0, 1, 12, 'en', 0, '<p>Understanding how users of assistive technology participate in their occupations and within their communities.</p>', 'limited_html'),
('home_page', 0, 1, 13, 'en', 0, '<p>Understanding how users of assistive technology participate in their occupations and within their communities.</p>', 'limited_html'),
('landing_page', 0, 10, 14, 'en', 0, '<p>Understanding how users of assistive technology participate in their occupations and within their communities.</p>', 'limited_html'),
('landing_page', 0, 10, 15, 'en', 0, '<p>Understanding how users of assistive technology participate in their occupations and within their communities.</p>', 'limited_html'),
('landing_page', 0, 10, 16, 'en', 0, '<p>Understanding how users of assistive technology participate in their occupations and within their communities.</p>', 'limited_html'),
('landing_page', 0, 10, 17, 'en', 0, '<p>Understanding how users of assistive technology participate in their occupations and within their communities.</p>', 'limited_html'),
('landing_page', 0, 11, 18, 'en', 0, '<p>Understanding how users of assistive technology participate in their occupations and within their communities.</p>', 'limited_html'),
('landing_page', 0, 11, 19, 'en', 0, '<p>Understanding how users of assistive technology participate in their occupations and within their communities.</p>', 'limited_html'),
('landing_page', 0, 12, 28, 'en', 0, '<p>Understanding how users of assistive technology participate in their occupations and within their communities.</p>', 'limited_html'),
('article', 0, 16, 43, 'en', 0, '<p>Understanding how users of assistive technology participate in their occupations and within their communities.</p>', 'limited_html'),
('article', 0, 16, 44, 'en', 0, '<p>Understanding how users of assistive technology participate in their occupations and within their communities.</p>', 'limited_html'),
('article', 0, 16, 45, 'en', 0, '<p>Understanding how users of assistive technology participate in their occupations and within their communities.</p>', 'limited_html'),
('article', 0, 16, 46, 'en', 0, '<p>Understanding how users of assistive technology participate in their occupations and within their communities.</p>', 'limited_html'),
('article', 0, 16, 47, 'en', 0, '<p>Understanding how users of assistive technology participate in their occupations and within their communities.</p>', 'limited_html'),
('article', 0, 16, 48, 'en', 0, '<p>Understanding how users of assistive technology participate in their occupations and within their communities.</p>', 'limited_html'),
('article', 0, 16, 49, 'en', 0, '<p>Understanding how users of assistive technology participate in their occupations and within their communities.</p>', 'limited_html'),
('landing_page', 0, 17, 33, 'en', 0, '<p>Understanding how users of assistive technology participate in their occupations and within their communities.</p>', 'limited_html'),
('landing_page', 0, 18, 34, 'en', 0, '<p>Understanding how users of assistive technology participate in their occupations and within their communities.</p>', 'limited_html'),
('resource_category', 0, 24, 53, 'en', 0, '<p>Understanding how users of assistive technology participate in their occupations and within their communities.</p>', 'limited_html'),
('landing_page', 0, 25, 41, 'en', 0, '<p>Understanding how users of assistive technology participate in their occupations and within their communities.</p>', 'limited_html'),
('landing_page', 0, 25, 42, 'en', 0, '<p>Understanding how users of assistive technology participate in their occupations and within their communities.</p>', 'limited_html'),
('landing_page', 0, 26, 54, 'en', 0, '<p>Understanding how users of assistive technology participate in their occupations and within their communities.</p>', 'limited_html'),
('landing_page', 0, 26, 55, 'en', 0, '<p>Understanding how users of assistive technology participate in their occupations and within their communities.</p>', 'limited_html'),
('landing_page', 0, 26, 56, 'en', 0, '<p>Understanding how users of assistive technology participate in their occupations and within their communities.</p>', 'limited_html');

-- --------------------------------------------------------

--
-- Table structure for table `node_revision__field_hs1`
--

CREATE TABLE `node_revision__field_hs1` (
  `bundle` varchar(128) CHARACTER SET ascii NOT NULL DEFAULT '' COMMENT 'The field instance bundle to which this row belongs, used when deleting a field instance',
  `deleted` tinyint(4) NOT NULL DEFAULT '0' COMMENT 'A boolean indicating whether this data item has been deleted',
  `entity_id` int(10) UNSIGNED NOT NULL COMMENT 'The entity id this data is attached to',
  `revision_id` int(10) UNSIGNED NOT NULL COMMENT 'The entity revision id this data is attached to',
  `langcode` varchar(32) CHARACTER SET ascii NOT NULL DEFAULT '' COMMENT 'The language code for this data item.',
  `delta` int(10) UNSIGNED NOT NULL COMMENT 'The sequence number for this data item, used for multi-value fields',
  `field_hs1_target_id` int(10) UNSIGNED NOT NULL COMMENT 'The ID of the target entity.',
  `field_hs1_target_revision_id` int(10) UNSIGNED NOT NULL COMMENT 'The revision ID of the target entity.'
) ENGINE=InnoDB DEFAULT CHARSET=utf8 COLLATE=utf8_unicode_ci COMMENT='Revision archive storage for node field field_hs1.';

--
-- Dumping data for table `node_revision__field_hs1`
--

INSERT INTO `node_revision__field_hs1` (`bundle`, `deleted`, `entity_id`, `revision_id`, `langcode`, `delta`, `field_hs1_target_id`, `field_hs1_target_revision_id`) VALUES
('home_page', 0, 1, 2, 'en', 0, 6, 9),
('home_page', 0, 1, 12, 'en', 0, 6, 15),
('home_page', 0, 1, 13, 'en', 0, 6, 23);

-- --------------------------------------------------------

--
-- Table structure for table `node_revision__field_hs2`
--

CREATE TABLE `node_revision__field_hs2` (
  `bundle` varchar(128) CHARACTER SET ascii NOT NULL DEFAULT '' COMMENT 'The field instance bundle to which this row belongs, used when deleting a field instance',
  `deleted` tinyint(4) NOT NULL DEFAULT '0' COMMENT 'A boolean indicating whether this data item has been deleted',
  `entity_id` int(10) UNSIGNED NOT NULL COMMENT 'The entity id this data is attached to',
  `revision_id` int(10) UNSIGNED NOT NULL COMMENT 'The entity revision id this data is attached to',
  `langcode` varchar(32) CHARACTER SET ascii NOT NULL DEFAULT '' COMMENT 'The language code for this data item.',
  `delta` int(10) UNSIGNED NOT NULL COMMENT 'The sequence number for this data item, used for multi-value fields',
  `field_hs2_target_id` int(10) UNSIGNED NOT NULL COMMENT 'The ID of the target entity.',
  `field_hs2_target_revision_id` int(10) UNSIGNED NOT NULL COMMENT 'The revision ID of the target entity.'
) ENGINE=InnoDB DEFAULT CHARSET=utf8 COLLATE=utf8_unicode_ci COMMENT='Revision archive storage for node field field_hs2.';

--
-- Dumping data for table `node_revision__field_hs2`
--

INSERT INTO `node_revision__field_hs2` (`bundle`, `deleted`, `entity_id`, `revision_id`, `langcode`, `delta`, `field_hs2_target_id`, `field_hs2_target_revision_id`) VALUES
('home_page', 0, 1, 12, 'en', 0, 8, 17),
('home_page', 0, 1, 13, 'en', 0, 8, 25);

-- --------------------------------------------------------

--
-- Table structure for table `node_revision__field_hs3`
--

CREATE TABLE `node_revision__field_hs3` (
  `bundle` varchar(128) CHARACTER SET ascii NOT NULL DEFAULT '' COMMENT 'The field instance bundle to which this row belongs, used when deleting a field instance',
  `deleted` tinyint(4) NOT NULL DEFAULT '0' COMMENT 'A boolean indicating whether this data item has been deleted',
  `entity_id` int(10) UNSIGNED NOT NULL COMMENT 'The entity id this data is attached to',
  `revision_id` int(10) UNSIGNED NOT NULL COMMENT 'The entity revision id this data is attached to',
  `langcode` varchar(32) CHARACTER SET ascii NOT NULL DEFAULT '' COMMENT 'The language code for this data item.',
  `delta` int(10) UNSIGNED NOT NULL COMMENT 'The sequence number for this data item, used for multi-value fields',
  `field_hs3_target_id` int(10) UNSIGNED NOT NULL COMMENT 'The ID of the target entity.',
  `field_hs3_target_revision_id` int(10) UNSIGNED NOT NULL COMMENT 'The revision ID of the target entity.'
) ENGINE=InnoDB DEFAULT CHARSET=utf8 COLLATE=utf8_unicode_ci COMMENT='Revision archive storage for node field field_hs3.';

--
-- Dumping data for table `node_revision__field_hs3`
--

INSERT INTO `node_revision__field_hs3` (`bundle`, `deleted`, `entity_id`, `revision_id`, `langcode`, `delta`, `field_hs3_target_id`, `field_hs3_target_revision_id`) VALUES
('home_page', 0, 1, 13, 'en', 0, 14, 31);

-- --------------------------------------------------------

--
-- Table structure for table `node_revision__field_image`
--

CREATE TABLE `node_revision__field_image` (
  `bundle` varchar(128) CHARACTER SET ascii NOT NULL DEFAULT '' COMMENT 'The field instance bundle to which this row belongs, used when deleting a field instance',
  `deleted` tinyint(4) NOT NULL DEFAULT '0' COMMENT 'A boolean indicating whether this data item has been deleted',
  `entity_id` int(10) UNSIGNED NOT NULL COMMENT 'The entity id this data is attached to',
  `revision_id` int(10) UNSIGNED NOT NULL COMMENT 'The entity revision id this data is attached to',
  `langcode` varchar(32) CHARACTER SET ascii NOT NULL DEFAULT '' COMMENT 'The language code for this data item.',
  `delta` int(10) UNSIGNED NOT NULL COMMENT 'The sequence number for this data item, used for multi-value fields',
  `field_image_target_id` int(10) UNSIGNED NOT NULL COMMENT 'The ID of the file entity.',
  `field_image_alt` varchar(512) COLLATE utf8_unicode_ci DEFAULT NULL COMMENT 'Alternative image text, for the image''s ''alt'' attribute.',
  `field_image_title` varchar(1024) COLLATE utf8_unicode_ci DEFAULT NULL COMMENT 'Image title text, for the image''s ''title'' attribute.',
  `field_image_width` int(10) UNSIGNED DEFAULT NULL COMMENT 'The width of the image in pixels.',
  `field_image_height` int(10) UNSIGNED DEFAULT NULL COMMENT 'The height of the image in pixels.'
) ENGINE=InnoDB DEFAULT CHARSET=utf8 COLLATE=utf8_unicode_ci COMMENT='Revision archive storage for node field field_image.';

--
-- Dumping data for table `node_revision__field_image`
--

INSERT INTO `node_revision__field_image` (`bundle`, `deleted`, `entity_id`, `revision_id`, `langcode`, `delta`, `field_image_target_id`, `field_image_alt`, `field_image_title`, `field_image_width`, `field_image_height`) VALUES
('project', 0, 2, 3, 'en', 0, 10, 'Person on laptop', '', 2000, 1333),
('project', 0, 2, 4, 'en', 0, 10, 'Person on laptop', '', 2000, 1333),
('project', 0, 2, 20, 'en', 0, 10, 'Person on laptop', '', 2000, 1333),
('project', 0, 3, 5, 'en', 0, 10, 'Person on laptop', '', 2000, 1333),
('project', 0, 3, 21, 'en', 0, 10, 'Person on laptop', '', 2000, 1333),
('project', 0, 4, 6, 'en', 0, 10, 'Person on laptop', '', 2000, 1333),
('project', 0, 4, 22, 'en', 0, 10, 'Person on laptop', '', 2000, 1333),
('project', 0, 5, 7, 'en', 0, 10, 'Person on laptop', '', 2000, 1333),
('project', 0, 5, 23, 'en', 0, 10, 'Person on laptop', '', 2000, 1333),
('project', 0, 6, 8, 'en', 0, 10, 'Person on laptop', '', 2000, 1333),
('project', 0, 6, 24, 'en', 0, 10, 'Person on laptop', '', 2000, 1333),
('project', 0, 7, 9, 'en', 0, 10, 'Person on laptop', '', 2000, 1333),
('project', 0, 7, 25, 'en', 0, 10, 'Person on laptop', '', 2000, 1333),
('project', 0, 8, 10, 'en', 0, 10, 'Person on laptop', '', 2000, 1333),
('project', 0, 8, 26, 'en', 0, 10, 'Person on laptop', '', 2000, 1333),
('project', 0, 9, 11, 'en', 0, 10, 'Person on laptop', '', 2000, 1333),
('project', 0, 9, 27, 'en', 0, 10, 'Person on laptop', '', 2000, 1333),
('project', 0, 9, 50, 'en', 0, 10, 'Person on laptop', '', 2000, 1333),
('project', 0, 9, 51, 'en', 0, 10, 'Person on laptop', '', 2000, 1333),
('project', 0, 9, 52, 'en', 0, 10, 'Person on laptop', '', 2000, 1333),
('article', 0, 13, 29, 'en', 0, 27, 'image', '', 2000, 1333),
('article', 0, 14, 30, 'en', 0, 27, 'image', '', 2000, 1333),
('article', 0, 15, 31, 'en', 0, 27, 'image', '', 2000, 1333),
('article', 0, 16, 32, 'en', 0, 27, 'image', '', 2000, 1333),
('article', 0, 16, 43, 'en', 0, 27, 'image', '', 2000, 1333),
('article', 0, 16, 44, 'en', 0, 27, 'image', '', 2000, 1333),
('article', 0, 16, 45, 'en', 0, 27, 'image', '', 2000, 1333),
('article', 0, 16, 46, 'en', 0, 27, 'image', '', 2000, 1333),
('article', 0, 16, 47, 'en', 0, 27, 'image', '', 2000, 1333),
('article', 0, 16, 48, 'en', 0, 27, 'image', '', 2000, 1333),
('article', 0, 16, 49, 'en', 0, 27, 'image', '', 2000, 1333),
('resource_category', 0, 19, 35, 'en', 0, 32, 'image', '', 1050, 700),
('resource_category', 0, 20, 36, 'en', 0, 32, 'image', '', 1050, 700),
('resource_category', 0, 21, 37, 'en', 0, 32, 'image', '', 1050, 700),
('resource_category', 0, 22, 38, 'en', 0, 32, 'image', '', 1050, 700),
('resource_category', 0, 23, 39, 'en', 0, 32, 'image', '', 1050, 700),
('resource_category', 0, 24, 40, 'en', 0, 32, 'image', '', 1050, 700),
('resource_category', 0, 24, 53, 'en', 0, 32, 'image', '', 1050, 700);

-- --------------------------------------------------------

--
-- Table structure for table `node_revision__field_links`
--

CREATE TABLE `node_revision__field_links` (
  `bundle` varchar(128) CHARACTER SET ascii NOT NULL DEFAULT '' COMMENT 'The field instance bundle to which this row belongs, used when deleting a field instance',
  `deleted` tinyint(4) NOT NULL DEFAULT '0' COMMENT 'A boolean indicating whether this data item has been deleted',
  `entity_id` int(10) UNSIGNED NOT NULL COMMENT 'The entity id this data is attached to',
  `revision_id` int(10) UNSIGNED NOT NULL COMMENT 'The entity revision id this data is attached to',
  `langcode` varchar(32) CHARACTER SET ascii NOT NULL DEFAULT '' COMMENT 'The language code for this data item.',
  `delta` int(10) UNSIGNED NOT NULL COMMENT 'The sequence number for this data item, used for multi-value fields',
  `field_links_uri` varchar(2048) COLLATE utf8_unicode_ci DEFAULT NULL COMMENT 'The URI of the link.',
  `field_links_title` varchar(255) COLLATE utf8_unicode_ci DEFAULT NULL COMMENT 'The link text.',
  `field_links_options` longblob COMMENT 'Serialized array of options for the link.'
) ENGINE=InnoDB DEFAULT CHARSET=utf8 COLLATE=utf8_unicode_ci COMMENT='Revision archive storage for node field field_links.';

--
-- Dumping data for table `node_revision__field_links`
--

INSERT INTO `node_revision__field_links` (`bundle`, `deleted`, `entity_id`, `revision_id`, `langcode`, `delta`, `field_links_uri`, `field_links_title`, `field_links_options`) VALUES
('project', 0, 9, 52, 'en', 0, 'https://google.ca', 'Visit Website', 0x613a303a7b7d),
('project', 0, 9, 52, 'en', 1, 'https://google.ca', 'Visit Website', 0x613a303a7b7d);

-- --------------------------------------------------------

--
-- Table structure for table `node_revision__field_page_content`
--

CREATE TABLE `node_revision__field_page_content` (
  `bundle` varchar(128) CHARACTER SET ascii NOT NULL DEFAULT '' COMMENT 'The field instance bundle to which this row belongs, used when deleting a field instance',
  `deleted` tinyint(4) NOT NULL DEFAULT '0' COMMENT 'A boolean indicating whether this data item has been deleted',
  `entity_id` int(10) UNSIGNED NOT NULL COMMENT 'The entity id this data is attached to',
  `revision_id` int(10) UNSIGNED NOT NULL COMMENT 'The entity revision id this data is attached to',
  `langcode` varchar(32) CHARACTER SET ascii NOT NULL DEFAULT '' COMMENT 'The language code for this data item.',
  `delta` int(10) UNSIGNED NOT NULL COMMENT 'The sequence number for this data item, used for multi-value fields',
  `field_page_content_target_id` int(10) UNSIGNED NOT NULL COMMENT 'The ID of the target entity.',
  `field_page_content_target_revision_id` int(10) UNSIGNED NOT NULL COMMENT 'The revision ID of the target entity.'
) ENGINE=InnoDB DEFAULT CHARSET=utf8 COLLATE=utf8_unicode_ci COMMENT='Revision archive storage for node field field_page_content.';

--
-- Dumping data for table `node_revision__field_page_content`
--

INSERT INTO `node_revision__field_page_content` (`bundle`, `deleted`, `entity_id`, `revision_id`, `langcode`, `delta`, `field_page_content_target_id`, `field_page_content_target_revision_id`) VALUES
('project', 0, 9, 50, 'en', 0, 71, 147),
('project', 0, 9, 50, 'en', 1, 72, 148),
('project', 0, 9, 51, 'en', 0, 71, 149),
('project', 0, 9, 51, 'en', 1, 72, 150),
('project', 0, 9, 51, 'en', 2, 73, 151),
('project', 0, 9, 51, 'en', 3, 74, 152),
('project', 0, 9, 51, 'en', 4, 75, 153),
('project', 0, 9, 51, 'en', 5, 76, 154),
('project', 0, 9, 51, 'en', 6, 77, 155),
('project', 0, 9, 51, 'en', 7, 78, 156),
('project', 0, 9, 51, 'en', 8, 79, 157),
('project', 0, 9, 51, 'en', 9, 80, 158),
('project', 0, 9, 51, 'en', 10, 81, 159),
('project', 0, 9, 51, 'en', 11, 82, 160),
('project', 0, 9, 51, 'en', 12, 83, 161),
('project', 0, 9, 51, 'en', 13, 84, 162),
('project', 0, 9, 51, 'en', 14, 87, 165),
('project', 0, 9, 51, 'en', 15, 88, 166),
('project', 0, 9, 52, 'en', 0, 71, 167),
('project', 0, 9, 52, 'en', 1, 72, 168),
('project', 0, 9, 52, 'en', 2, 73, 169),
('project', 0, 9, 52, 'en', 3, 74, 170),
('project', 0, 9, 52, 'en', 4, 75, 171),
('project', 0, 9, 52, 'en', 5, 76, 172),
('project', 0, 9, 52, 'en', 6, 77, 173),
('project', 0, 9, 52, 'en', 7, 78, 174),
('project', 0, 9, 52, 'en', 8, 79, 175),
('project', 0, 9, 52, 'en', 9, 80, 176),
('project', 0, 9, 52, 'en', 10, 81, 177),
('project', 0, 9, 52, 'en', 11, 82, 178),
('project', 0, 9, 52, 'en', 12, 83, 179),
('project', 0, 9, 52, 'en', 13, 84, 180),
('project', 0, 9, 52, 'en', 14, 87, 183),
('project', 0, 9, 52, 'en', 15, 88, 184),
('landing_page', 0, 10, 15, 'en', 0, 30, 48),
('landing_page', 0, 10, 16, 'en', 0, 30, 55),
('landing_page', 0, 10, 17, 'en', 0, 30, 62),
('landing_page', 0, 11, 19, 'en', 0, 35, 68),
('landing_page', 0, 12, 28, 'en', 0, 37, 70),
('article', 0, 16, 43, 'en', 0, 52, 87),
('article', 0, 16, 44, 'en', 0, 52, 88),
('article', 0, 16, 44, 'en', 1, 53, 89),
('article', 0, 16, 45, 'en', 0, 52, 90),
('article', 0, 16, 45, 'en', 1, 53, 91),
('article', 0, 16, 45, 'en', 2, 54, 92),
('article', 0, 16, 45, 'en', 3, 55, 93),
('article', 0, 16, 45, 'en', 4, 56, 94),
('article', 0, 16, 46, 'en', 0, 52, 95),
('article', 0, 16, 46, 'en', 1, 53, 96),
('article', 0, 16, 46, 'en', 2, 54, 97),
('article', 0, 16, 46, 'en', 3, 55, 98),
('article', 0, 16, 46, 'en', 4, 57, 99),
('article', 0, 16, 46, 'en', 5, 56, 100),
('article', 0, 16, 46, 'en', 6, 58, 101),
('article', 0, 16, 46, 'en', 7, 59, 102),
('article', 0, 16, 47, 'en', 0, 52, 103),
('article', 0, 16, 47, 'en', 1, 53, 104),
('article', 0, 16, 47, 'en', 2, 54, 105),
('article', 0, 16, 47, 'en', 3, 55, 106),
('article', 0, 16, 47, 'en', 4, 57, 107),
('article', 0, 16, 47, 'en', 5, 56, 108),
('article', 0, 16, 47, 'en', 6, 58, 109),
('article', 0, 16, 47, 'en', 7, 59, 110),
('article', 0, 16, 47, 'en', 8, 60, 111),
('article', 0, 16, 47, 'en', 9, 61, 112),
('article', 0, 16, 47, 'en', 10, 62, 113),
('article', 0, 16, 47, 'en', 11, 63, 114),
('article', 0, 16, 48, 'en', 0, 52, 115),
('article', 0, 16, 48, 'en', 1, 53, 116),
('article', 0, 16, 48, 'en', 2, 54, 117),
('article', 0, 16, 48, 'en', 3, 55, 118),
('article', 0, 16, 48, 'en', 4, 57, 119),
('article', 0, 16, 48, 'en', 5, 56, 120),
('article', 0, 16, 48, 'en', 6, 58, 121),
('article', 0, 16, 48, 'en', 7, 59, 122),
('article', 0, 16, 48, 'en', 8, 60, 123),
('article', 0, 16, 48, 'en', 9, 61, 124),
('article', 0, 16, 48, 'en', 10, 62, 125),
('article', 0, 16, 48, 'en', 11, 63, 126),
('article', 0, 16, 48, 'en', 12, 64, 127),
('article', 0, 16, 49, 'en', 0, 52, 128),
('article', 0, 16, 49, 'en', 1, 53, 129),
('article', 0, 16, 49, 'en', 2, 54, 130),
('article', 0, 16, 49, 'en', 3, 55, 131),
('article', 0, 16, 49, 'en', 4, 57, 132),
('article', 0, 16, 49, 'en', 5, 56, 133),
('article', 0, 16, 49, 'en', 6, 58, 134),
('article', 0, 16, 49, 'en', 7, 59, 135),
('article', 0, 16, 49, 'en', 8, 60, 136),
('article', 0, 16, 49, 'en', 9, 61, 137),
('article', 0, 16, 49, 'en', 10, 62, 138),
('article', 0, 16, 49, 'en', 11, 63, 139),
('article', 0, 16, 49, 'en', 12, 64, 140),
('article', 0, 16, 49, 'en', 13, 65, 141),
('article', 0, 16, 49, 'en', 14, 69, 145),
('article', 0, 16, 49, 'en', 15, 70, 146),
('landing_page', 0, 17, 33, 'en', 0, 39, 72),
('landing_page', 0, 18, 34, 'en', 0, 48, 81),
('resource_category', 0, 24, 53, 'en', 0, 101, 197),
('landing_page', 0, 25, 41, 'en', 0, 50, 83),
('landing_page', 0, 25, 42, 'en', 0, 51, 85),
('landing_page', 0, 25, 42, 'en', 1, 50, 86),
('landing_page', 0, 26, 55, 'en', 0, 103, 200),
('landing_page', 0, 26, 56, 'en', 0, 103, 202);

-- --------------------------------------------------------

--
-- Table structure for table `node_revision__field_pdf`
--

CREATE TABLE `node_revision__field_pdf` (
  `bundle` varchar(128) CHARACTER SET ascii NOT NULL DEFAULT '' COMMENT 'The field instance bundle to which this row belongs, used when deleting a field instance',
  `deleted` tinyint(4) NOT NULL DEFAULT '0' COMMENT 'A boolean indicating whether this data item has been deleted',
  `entity_id` int(10) UNSIGNED NOT NULL COMMENT 'The entity id this data is attached to',
  `revision_id` int(10) UNSIGNED NOT NULL COMMENT 'The entity revision id this data is attached to',
  `langcode` varchar(32) CHARACTER SET ascii NOT NULL DEFAULT '' COMMENT 'The language code for this data item.',
  `delta` int(10) UNSIGNED NOT NULL COMMENT 'The sequence number for this data item, used for multi-value fields',
  `field_pdf_target_id` int(10) UNSIGNED NOT NULL COMMENT 'The ID of the file entity.',
  `field_pdf_display` tinyint(3) UNSIGNED DEFAULT '1' COMMENT 'Flag to control whether this file should be displayed when viewing content.',
  `field_pdf_description` text COLLATE utf8_unicode_ci COMMENT 'A description of the file.'
) ENGINE=InnoDB DEFAULT CHARSET=utf8 COLLATE=utf8_unicode_ci COMMENT='Revision archive storage for node field field_pdf.';

--
-- Dumping data for table `node_revision__field_pdf`
--

INSERT INTO `node_revision__field_pdf` (`bundle`, `deleted`, `entity_id`, `revision_id`, `langcode`, `delta`, `field_pdf_target_id`, `field_pdf_display`, `field_pdf_description`) VALUES
('project', 0, 9, 52, 'en', 0, 74, 1, 'Download PDF File');

-- --------------------------------------------------------

--
-- Table structure for table `node_revision__field_status`
--

CREATE TABLE `node_revision__field_status` (
  `bundle` varchar(128) CHARACTER SET ascii NOT NULL DEFAULT '' COMMENT 'The field instance bundle to which this row belongs, used when deleting a field instance',
  `deleted` tinyint(4) NOT NULL DEFAULT '0' COMMENT 'A boolean indicating whether this data item has been deleted',
  `entity_id` int(10) UNSIGNED NOT NULL COMMENT 'The entity id this data is attached to',
  `revision_id` int(10) UNSIGNED NOT NULL COMMENT 'The entity revision id this data is attached to',
  `langcode` varchar(32) CHARACTER SET ascii NOT NULL DEFAULT '' COMMENT 'The language code for this data item.',
  `delta` int(10) UNSIGNED NOT NULL COMMENT 'The sequence number for this data item, used for multi-value fields',
  `field_status_value` varchar(255) COLLATE utf8_unicode_ci NOT NULL
) ENGINE=InnoDB DEFAULT CHARSET=utf8 COLLATE=utf8_unicode_ci COMMENT='Revision archive storage for node field field_status.';

--
-- Dumping data for table `node_revision__field_status`
--

INSERT INTO `node_revision__field_status` (`bundle`, `deleted`, `entity_id`, `revision_id`, `langcode`, `delta`, `field_status_value`) VALUES
('project', 0, 2, 20, 'en', 0, 'current'),
('project', 0, 3, 21, 'en', 0, 'past'),
('project', 0, 4, 22, 'en', 0, 'current'),
('project', 0, 5, 23, 'en', 0, 'past'),
('project', 0, 6, 24, 'en', 0, 'current'),
('project', 0, 7, 25, 'en', 0, 'past'),
('project', 0, 8, 26, 'en', 0, 'current'),
('project', 0, 9, 27, 'en', 0, 'past'),
('project', 0, 9, 50, 'en', 0, 'past'),
('project', 0, 9, 51, 'en', 0, 'past'),
('project', 0, 9, 52, 'en', 0, 'past');

-- --------------------------------------------------------

--
-- Table structure for table `node__body`
--

CREATE TABLE `node__body` (
  `bundle` varchar(128) CHARACTER SET ascii NOT NULL DEFAULT '' COMMENT 'The field instance bundle to which this row belongs, used when deleting a field instance',
  `deleted` tinyint(4) NOT NULL DEFAULT '0' COMMENT 'A boolean indicating whether this data item has been deleted',
  `entity_id` int(10) UNSIGNED NOT NULL COMMENT 'The entity id this data is attached to',
  `revision_id` int(10) UNSIGNED NOT NULL COMMENT 'The entity revision id this data is attached to',
  `langcode` varchar(32) CHARACTER SET ascii NOT NULL DEFAULT '' COMMENT 'The language code for this data item.',
  `delta` int(10) UNSIGNED NOT NULL COMMENT 'The sequence number for this data item, used for multi-value fields',
  `body_value` longtext COLLATE utf8_unicode_ci NOT NULL,
  `body_summary` longtext COLLATE utf8_unicode_ci,
  `body_format` varchar(255) CHARACTER SET ascii DEFAULT NULL
) ENGINE=InnoDB DEFAULT CHARSET=utf8 COLLATE=utf8_unicode_ci COMMENT='Data storage for node field body.';

-- --------------------------------------------------------

--
-- Table structure for table `node__field_authors`
--

CREATE TABLE `node__field_authors` (
  `bundle` varchar(128) CHARACTER SET ascii NOT NULL DEFAULT '' COMMENT 'The field instance bundle to which this row belongs, used when deleting a field instance',
  `deleted` tinyint(4) NOT NULL DEFAULT '0' COMMENT 'A boolean indicating whether this data item has been deleted',
  `entity_id` int(10) UNSIGNED NOT NULL COMMENT 'The entity id this data is attached to',
  `revision_id` int(10) UNSIGNED NOT NULL COMMENT 'The entity revision id this data is attached to',
  `langcode` varchar(32) CHARACTER SET ascii NOT NULL DEFAULT '' COMMENT 'The language code for this data item.',
  `delta` int(10) UNSIGNED NOT NULL COMMENT 'The sequence number for this data item, used for multi-value fields',
  `field_authors_value` varchar(255) COLLATE utf8_unicode_ci NOT NULL
) ENGINE=InnoDB DEFAULT CHARSET=utf8 COLLATE=utf8_unicode_ci COMMENT='Data storage for node field field_authors.';

--
-- Dumping data for table `node__field_authors`
--

INSERT INTO `node__field_authors` (`bundle`, `deleted`, `entity_id`, `revision_id`, `langcode`, `delta`, `field_authors_value`) VALUES
('project', 0, 9, 52, 'en', 0, 'Name Here'),
('project', 0, 9, 52, 'en', 1, 'Name Here');

-- --------------------------------------------------------

--
-- Table structure for table `node__field_bnr_bg`
--

CREATE TABLE `node__field_bnr_bg` (
  `bundle` varchar(128) CHARACTER SET ascii NOT NULL DEFAULT '' COMMENT 'The field instance bundle to which this row belongs, used when deleting a field instance',
  `deleted` tinyint(4) NOT NULL DEFAULT '0' COMMENT 'A boolean indicating whether this data item has been deleted',
  `entity_id` int(10) UNSIGNED NOT NULL COMMENT 'The entity id this data is attached to',
  `revision_id` int(10) UNSIGNED NOT NULL COMMENT 'The entity revision id this data is attached to',
  `langcode` varchar(32) CHARACTER SET ascii NOT NULL DEFAULT '' COMMENT 'The language code for this data item.',
  `delta` int(10) UNSIGNED NOT NULL COMMENT 'The sequence number for this data item, used for multi-value fields',
  `field_bnr_bg_target_id` int(10) UNSIGNED NOT NULL COMMENT 'The ID of the file entity.',
  `field_bnr_bg_alt` varchar(512) COLLATE utf8_unicode_ci DEFAULT NULL COMMENT 'Alternative image text, for the image''s ''alt'' attribute.',
  `field_bnr_bg_title` varchar(1024) COLLATE utf8_unicode_ci DEFAULT NULL COMMENT 'Image title text, for the image''s ''title'' attribute.',
  `field_bnr_bg_width` int(10) UNSIGNED DEFAULT NULL COMMENT 'The width of the image in pixels.',
  `field_bnr_bg_height` int(10) UNSIGNED DEFAULT NULL COMMENT 'The height of the image in pixels.'
) ENGINE=InnoDB DEFAULT CHARSET=utf8 COLLATE=utf8_unicode_ci COMMENT='Data storage for node field field_bnr_bg.';

-- --------------------------------------------------------

--
-- Table structure for table `node__field_bnr_buttons`
--

CREATE TABLE `node__field_bnr_buttons` (
  `bundle` varchar(128) CHARACTER SET ascii NOT NULL DEFAULT '' COMMENT 'The field instance bundle to which this row belongs, used when deleting a field instance',
  `deleted` tinyint(4) NOT NULL DEFAULT '0' COMMENT 'A boolean indicating whether this data item has been deleted',
  `entity_id` int(10) UNSIGNED NOT NULL COMMENT 'The entity id this data is attached to',
  `revision_id` int(10) UNSIGNED NOT NULL COMMENT 'The entity revision id this data is attached to',
  `langcode` varchar(32) CHARACTER SET ascii NOT NULL DEFAULT '' COMMENT 'The language code for this data item.',
  `delta` int(10) UNSIGNED NOT NULL COMMENT 'The sequence number for this data item, used for multi-value fields',
  `field_bnr_buttons_target_id` int(10) UNSIGNED NOT NULL COMMENT 'The ID of the target entity.',
  `field_bnr_buttons_target_revision_id` int(10) UNSIGNED NOT NULL COMMENT 'The revision ID of the target entity.'
) ENGINE=InnoDB DEFAULT CHARSET=utf8 COLLATE=utf8_unicode_ci COMMENT='Data storage for node field field_bnr_buttons.';

--
-- Dumping data for table `node__field_bnr_buttons`
--

INSERT INTO `node__field_bnr_buttons` (`bundle`, `deleted`, `entity_id`, `revision_id`, `langcode`, `delta`, `field_bnr_buttons_target_id`, `field_bnr_buttons_target_revision_id`) VALUES
('home_page', 0, 1, 13, 'en', 0, 1, 18),
('home_page', 0, 1, 13, 'en', 1, 2, 19);

-- --------------------------------------------------------

--
-- Table structure for table `node__field_bnr_callout`
--

CREATE TABLE `node__field_bnr_callout` (
  `bundle` varchar(128) CHARACTER SET ascii NOT NULL DEFAULT '' COMMENT 'The field instance bundle to which this row belongs, used when deleting a field instance',
  `deleted` tinyint(4) NOT NULL DEFAULT '0' COMMENT 'A boolean indicating whether this data item has been deleted',
  `entity_id` int(10) UNSIGNED NOT NULL COMMENT 'The entity id this data is attached to',
  `revision_id` int(10) UNSIGNED NOT NULL COMMENT 'The entity revision id this data is attached to',
  `langcode` varchar(32) CHARACTER SET ascii NOT NULL DEFAULT '' COMMENT 'The language code for this data item.',
  `delta` int(10) UNSIGNED NOT NULL COMMENT 'The sequence number for this data item, used for multi-value fields',
  `field_bnr_callout_target_id` int(10) UNSIGNED NOT NULL COMMENT 'The ID of the target entity.',
  `field_bnr_callout_target_revision_id` int(10) UNSIGNED NOT NULL COMMENT 'The revision ID of the target entity.'
) ENGINE=InnoDB DEFAULT CHARSET=utf8 COLLATE=utf8_unicode_ci COMMENT='Data storage for node field field_bnr_callout.';

--
-- Dumping data for table `node__field_bnr_callout`
--

INSERT INTO `node__field_bnr_callout` (`bundle`, `deleted`, `entity_id`, `revision_id`, `langcode`, `delta`, `field_bnr_callout_target_id`, `field_bnr_callout_target_revision_id`) VALUES
('home_page', 0, 1, 13, 'en', 0, 3, 20),
('landing_page', 0, 10, 17, 'en', 0, 24, 56),
('landing_page', 0, 11, 19, 'en', 0, 31, 64),
('landing_page', 0, 12, 28, 'en', 0, 36, 69),
('landing_page', 0, 17, 33, 'en', 0, 38, 71),
('landing_page', 0, 18, 34, 'en', 0, 40, 73),
('landing_page', 0, 25, 42, 'en', 0, 49, 84),
('landing_page', 0, 26, 56, 'en', 0, 102, 201);

-- --------------------------------------------------------

--
-- Table structure for table `node__field_bnr_subtext`
--

CREATE TABLE `node__field_bnr_subtext` (
  `bundle` varchar(128) CHARACTER SET ascii NOT NULL DEFAULT '' COMMENT 'The field instance bundle to which this row belongs, used when deleting a field instance',
  `deleted` tinyint(4) NOT NULL DEFAULT '0' COMMENT 'A boolean indicating whether this data item has been deleted',
  `entity_id` int(10) UNSIGNED NOT NULL COMMENT 'The entity id this data is attached to',
  `revision_id` int(10) UNSIGNED NOT NULL COMMENT 'The entity revision id this data is attached to',
  `langcode` varchar(32) CHARACTER SET ascii NOT NULL DEFAULT '' COMMENT 'The language code for this data item.',
  `delta` int(10) UNSIGNED NOT NULL COMMENT 'The sequence number for this data item, used for multi-value fields',
  `field_bnr_subtext_value` longtext COLLATE utf8_unicode_ci NOT NULL,
  `field_bnr_subtext_format` varchar(255) CHARACTER SET ascii DEFAULT NULL
) ENGINE=InnoDB DEFAULT CHARSET=utf8 COLLATE=utf8_unicode_ci COMMENT='Data storage for node field field_bnr_subtext.';

--
-- Dumping data for table `node__field_bnr_subtext`
--

INSERT INTO `node__field_bnr_subtext` (`bundle`, `deleted`, `entity_id`, `revision_id`, `langcode`, `delta`, `field_bnr_subtext_value`, `field_bnr_subtext_format`) VALUES
('home_page', 0, 1, 13, 'en', 0, '<p>Understanding how users of assistive technology participate in their occupations and within their communities.</p>', 'limited_html'),
('landing_page', 0, 10, 17, 'en', 0, '<p>Understanding how users of assistive technology participate in their occupations and within their communities.</p>', 'limited_html'),
('landing_page', 0, 11, 19, 'en', 0, '<p>Understanding how users of assistive technology participate in their occupations and within their communities.</p>', 'limited_html'),
('landing_page', 0, 12, 28, 'en', 0, '<p>Understanding how users of assistive technology participate in their occupations and within their communities.</p>', 'limited_html'),
('article', 0, 16, 49, 'en', 0, '<p>Understanding how users of assistive technology participate in their occupations and within their communities.</p>', 'limited_html'),
('landing_page', 0, 17, 33, 'en', 0, '<p>Understanding how users of assistive technology participate in their occupations and within their communities.</p>', 'limited_html'),
('landing_page', 0, 18, 34, 'en', 0, '<p>Understanding how users of assistive technology participate in their occupations and within their communities.</p>', 'limited_html'),
('resource_category', 0, 24, 53, 'en', 0, '<p>Understanding how users of assistive technology participate in their occupations and within their communities.</p>', 'limited_html'),
('landing_page', 0, 25, 42, 'en', 0, '<p>Understanding how users of assistive technology participate in their occupations and within their communities.</p>', 'limited_html'),
('landing_page', 0, 26, 56, 'en', 0, '<p>Understanding how users of assistive technology participate in their occupations and within their communities.</p>', 'limited_html');

-- --------------------------------------------------------

--
-- Table structure for table `node__field_hs1`
--

CREATE TABLE `node__field_hs1` (
  `bundle` varchar(128) CHARACTER SET ascii NOT NULL DEFAULT '' COMMENT 'The field instance bundle to which this row belongs, used when deleting a field instance',
  `deleted` tinyint(4) NOT NULL DEFAULT '0' COMMENT 'A boolean indicating whether this data item has been deleted',
  `entity_id` int(10) UNSIGNED NOT NULL COMMENT 'The entity id this data is attached to',
  `revision_id` int(10) UNSIGNED NOT NULL COMMENT 'The entity revision id this data is attached to',
  `langcode` varchar(32) CHARACTER SET ascii NOT NULL DEFAULT '' COMMENT 'The language code for this data item.',
  `delta` int(10) UNSIGNED NOT NULL COMMENT 'The sequence number for this data item, used for multi-value fields',
  `field_hs1_target_id` int(10) UNSIGNED NOT NULL COMMENT 'The ID of the target entity.',
  `field_hs1_target_revision_id` int(10) UNSIGNED NOT NULL COMMENT 'The revision ID of the target entity.'
) ENGINE=InnoDB DEFAULT CHARSET=utf8 COLLATE=utf8_unicode_ci COMMENT='Data storage for node field field_hs1.';

--
-- Dumping data for table `node__field_hs1`
--

INSERT INTO `node__field_hs1` (`bundle`, `deleted`, `entity_id`, `revision_id`, `langcode`, `delta`, `field_hs1_target_id`, `field_hs1_target_revision_id`) VALUES
('home_page', 0, 1, 13, 'en', 0, 6, 23);

-- --------------------------------------------------------

--
-- Table structure for table `node__field_hs2`
--

CREATE TABLE `node__field_hs2` (
  `bundle` varchar(128) CHARACTER SET ascii NOT NULL DEFAULT '' COMMENT 'The field instance bundle to which this row belongs, used when deleting a field instance',
  `deleted` tinyint(4) NOT NULL DEFAULT '0' COMMENT 'A boolean indicating whether this data item has been deleted',
  `entity_id` int(10) UNSIGNED NOT NULL COMMENT 'The entity id this data is attached to',
  `revision_id` int(10) UNSIGNED NOT NULL COMMENT 'The entity revision id this data is attached to',
  `langcode` varchar(32) CHARACTER SET ascii NOT NULL DEFAULT '' COMMENT 'The language code for this data item.',
  `delta` int(10) UNSIGNED NOT NULL COMMENT 'The sequence number for this data item, used for multi-value fields',
  `field_hs2_target_id` int(10) UNSIGNED NOT NULL COMMENT 'The ID of the target entity.',
  `field_hs2_target_revision_id` int(10) UNSIGNED NOT NULL COMMENT 'The revision ID of the target entity.'
) ENGINE=InnoDB DEFAULT CHARSET=utf8 COLLATE=utf8_unicode_ci COMMENT='Data storage for node field field_hs2.';

--
-- Dumping data for table `node__field_hs2`
--

INSERT INTO `node__field_hs2` (`bundle`, `deleted`, `entity_id`, `revision_id`, `langcode`, `delta`, `field_hs2_target_id`, `field_hs2_target_revision_id`) VALUES
('home_page', 0, 1, 13, 'en', 0, 8, 25);

-- --------------------------------------------------------

--
-- Table structure for table `node__field_hs3`
--

CREATE TABLE `node__field_hs3` (
  `bundle` varchar(128) CHARACTER SET ascii NOT NULL DEFAULT '' COMMENT 'The field instance bundle to which this row belongs, used when deleting a field instance',
  `deleted` tinyint(4) NOT NULL DEFAULT '0' COMMENT 'A boolean indicating whether this data item has been deleted',
  `entity_id` int(10) UNSIGNED NOT NULL COMMENT 'The entity id this data is attached to',
  `revision_id` int(10) UNSIGNED NOT NULL COMMENT 'The entity revision id this data is attached to',
  `langcode` varchar(32) CHARACTER SET ascii NOT NULL DEFAULT '' COMMENT 'The language code for this data item.',
  `delta` int(10) UNSIGNED NOT NULL COMMENT 'The sequence number for this data item, used for multi-value fields',
  `field_hs3_target_id` int(10) UNSIGNED NOT NULL COMMENT 'The ID of the target entity.',
  `field_hs3_target_revision_id` int(10) UNSIGNED NOT NULL COMMENT 'The revision ID of the target entity.'
) ENGINE=InnoDB DEFAULT CHARSET=utf8 COLLATE=utf8_unicode_ci COMMENT='Data storage for node field field_hs3.';

--
-- Dumping data for table `node__field_hs3`
--

INSERT INTO `node__field_hs3` (`bundle`, `deleted`, `entity_id`, `revision_id`, `langcode`, `delta`, `field_hs3_target_id`, `field_hs3_target_revision_id`) VALUES
('home_page', 0, 1, 13, 'en', 0, 14, 31);

-- --------------------------------------------------------

--
-- Table structure for table `node__field_image`
--

CREATE TABLE `node__field_image` (
  `bundle` varchar(128) CHARACTER SET ascii NOT NULL DEFAULT '' COMMENT 'The field instance bundle to which this row belongs, used when deleting a field instance',
  `deleted` tinyint(4) NOT NULL DEFAULT '0' COMMENT 'A boolean indicating whether this data item has been deleted',
  `entity_id` int(10) UNSIGNED NOT NULL COMMENT 'The entity id this data is attached to',
  `revision_id` int(10) UNSIGNED NOT NULL COMMENT 'The entity revision id this data is attached to',
  `langcode` varchar(32) CHARACTER SET ascii NOT NULL DEFAULT '' COMMENT 'The language code for this data item.',
  `delta` int(10) UNSIGNED NOT NULL COMMENT 'The sequence number for this data item, used for multi-value fields',
  `field_image_target_id` int(10) UNSIGNED NOT NULL COMMENT 'The ID of the file entity.',
  `field_image_alt` varchar(512) COLLATE utf8_unicode_ci DEFAULT NULL COMMENT 'Alternative image text, for the image''s ''alt'' attribute.',
  `field_image_title` varchar(1024) COLLATE utf8_unicode_ci DEFAULT NULL COMMENT 'Image title text, for the image''s ''title'' attribute.',
  `field_image_width` int(10) UNSIGNED DEFAULT NULL COMMENT 'The width of the image in pixels.',
  `field_image_height` int(10) UNSIGNED DEFAULT NULL COMMENT 'The height of the image in pixels.'
) ENGINE=InnoDB DEFAULT CHARSET=utf8 COLLATE=utf8_unicode_ci COMMENT='Data storage for node field field_image.';

--
-- Dumping data for table `node__field_image`
--

INSERT INTO `node__field_image` (`bundle`, `deleted`, `entity_id`, `revision_id`, `langcode`, `delta`, `field_image_target_id`, `field_image_alt`, `field_image_title`, `field_image_width`, `field_image_height`) VALUES
('project', 0, 2, 20, 'en', 0, 10, 'Person on laptop', '', 2000, 1333),
('project', 0, 3, 21, 'en', 0, 10, 'Person on laptop', '', 2000, 1333),
('project', 0, 4, 22, 'en', 0, 10, 'Person on laptop', '', 2000, 1333),
('project', 0, 5, 23, 'en', 0, 10, 'Person on laptop', '', 2000, 1333),
('project', 0, 6, 24, 'en', 0, 10, 'Person on laptop', '', 2000, 1333),
('project', 0, 7, 25, 'en', 0, 10, 'Person on laptop', '', 2000, 1333),
('project', 0, 8, 26, 'en', 0, 10, 'Person on laptop', '', 2000, 1333),
('project', 0, 9, 52, 'en', 0, 10, 'Person on laptop', '', 2000, 1333),
('article', 0, 13, 29, 'en', 0, 27, 'image', '', 2000, 1333),
('article', 0, 14, 30, 'en', 0, 27, 'image', '', 2000, 1333),
('article', 0, 15, 31, 'en', 0, 27, 'image', '', 2000, 1333),
('article', 0, 16, 49, 'en', 0, 27, 'image', '', 2000, 1333),
('resource_category', 0, 19, 35, 'en', 0, 32, 'image', '', 1050, 700),
('resource_category', 0, 20, 36, 'en', 0, 32, 'image', '', 1050, 700),
('resource_category', 0, 21, 37, 'en', 0, 32, 'image', '', 1050, 700),
('resource_category', 0, 22, 38, 'en', 0, 32, 'image', '', 1050, 700),
('resource_category', 0, 23, 39, 'en', 0, 32, 'image', '', 1050, 700),
('resource_category', 0, 24, 53, 'en', 0, 32, 'image', '', 1050, 700);

-- --------------------------------------------------------

--
-- Table structure for table `node__field_links`
--

CREATE TABLE `node__field_links` (
  `bundle` varchar(128) CHARACTER SET ascii NOT NULL DEFAULT '' COMMENT 'The field instance bundle to which this row belongs, used when deleting a field instance',
  `deleted` tinyint(4) NOT NULL DEFAULT '0' COMMENT 'A boolean indicating whether this data item has been deleted',
  `entity_id` int(10) UNSIGNED NOT NULL COMMENT 'The entity id this data is attached to',
  `revision_id` int(10) UNSIGNED NOT NULL COMMENT 'The entity revision id this data is attached to',
  `langcode` varchar(32) CHARACTER SET ascii NOT NULL DEFAULT '' COMMENT 'The language code for this data item.',
  `delta` int(10) UNSIGNED NOT NULL COMMENT 'The sequence number for this data item, used for multi-value fields',
  `field_links_uri` varchar(2048) COLLATE utf8_unicode_ci DEFAULT NULL COMMENT 'The URI of the link.',
  `field_links_title` varchar(255) COLLATE utf8_unicode_ci DEFAULT NULL COMMENT 'The link text.',
  `field_links_options` longblob COMMENT 'Serialized array of options for the link.'
) ENGINE=InnoDB DEFAULT CHARSET=utf8 COLLATE=utf8_unicode_ci COMMENT='Data storage for node field field_links.';

--
-- Dumping data for table `node__field_links`
--

INSERT INTO `node__field_links` (`bundle`, `deleted`, `entity_id`, `revision_id`, `langcode`, `delta`, `field_links_uri`, `field_links_title`, `field_links_options`) VALUES
('project', 0, 9, 52, 'en', 0, 'https://google.ca', 'Visit Website', 0x613a303a7b7d),
('project', 0, 9, 52, 'en', 1, 'https://google.ca', 'Visit Website', 0x613a303a7b7d);

-- --------------------------------------------------------

--
-- Table structure for table `node__field_page_content`
--

CREATE TABLE `node__field_page_content` (
  `bundle` varchar(128) CHARACTER SET ascii NOT NULL DEFAULT '' COMMENT 'The field instance bundle to which this row belongs, used when deleting a field instance',
  `deleted` tinyint(4) NOT NULL DEFAULT '0' COMMENT 'A boolean indicating whether this data item has been deleted',
  `entity_id` int(10) UNSIGNED NOT NULL COMMENT 'The entity id this data is attached to',
  `revision_id` int(10) UNSIGNED NOT NULL COMMENT 'The entity revision id this data is attached to',
  `langcode` varchar(32) CHARACTER SET ascii NOT NULL DEFAULT '' COMMENT 'The language code for this data item.',
  `delta` int(10) UNSIGNED NOT NULL COMMENT 'The sequence number for this data item, used for multi-value fields',
  `field_page_content_target_id` int(10) UNSIGNED NOT NULL COMMENT 'The ID of the target entity.',
  `field_page_content_target_revision_id` int(10) UNSIGNED NOT NULL COMMENT 'The revision ID of the target entity.'
) ENGINE=InnoDB DEFAULT CHARSET=utf8 COLLATE=utf8_unicode_ci COMMENT='Data storage for node field field_page_content.';

--
-- Dumping data for table `node__field_page_content`
--

INSERT INTO `node__field_page_content` (`bundle`, `deleted`, `entity_id`, `revision_id`, `langcode`, `delta`, `field_page_content_target_id`, `field_page_content_target_revision_id`) VALUES
('project', 0, 9, 52, 'en', 0, 71, 167),
('project', 0, 9, 52, 'en', 1, 72, 168),
('project', 0, 9, 52, 'en', 2, 73, 169),
('project', 0, 9, 52, 'en', 3, 74, 170),
('project', 0, 9, 52, 'en', 4, 75, 171),
('project', 0, 9, 52, 'en', 5, 76, 172),
('project', 0, 9, 52, 'en', 6, 77, 173),
('project', 0, 9, 52, 'en', 7, 78, 174),
('project', 0, 9, 52, 'en', 8, 79, 175),
('project', 0, 9, 52, 'en', 9, 80, 176),
('project', 0, 9, 52, 'en', 10, 81, 177),
('project', 0, 9, 52, 'en', 11, 82, 178),
('project', 0, 9, 52, 'en', 12, 83, 179),
('project', 0, 9, 52, 'en', 13, 84, 180),
('project', 0, 9, 52, 'en', 14, 87, 183),
('project', 0, 9, 52, 'en', 15, 88, 184),
('landing_page', 0, 10, 17, 'en', 0, 30, 62),
('landing_page', 0, 11, 19, 'en', 0, 35, 68),
('landing_page', 0, 12, 28, 'en', 0, 37, 70),
('article', 0, 16, 49, 'en', 0, 52, 128),
('article', 0, 16, 49, 'en', 1, 53, 129),
('article', 0, 16, 49, 'en', 2, 54, 130),
('article', 0, 16, 49, 'en', 3, 55, 131),
('article', 0, 16, 49, 'en', 4, 57, 132),
('article', 0, 16, 49, 'en', 5, 56, 133),
('article', 0, 16, 49, 'en', 6, 58, 134),
('article', 0, 16, 49, 'en', 7, 59, 135),
('article', 0, 16, 49, 'en', 8, 60, 136),
('article', 0, 16, 49, 'en', 9, 61, 137),
('article', 0, 16, 49, 'en', 10, 62, 138),
('article', 0, 16, 49, 'en', 11, 63, 139),
('article', 0, 16, 49, 'en', 12, 64, 140),
('article', 0, 16, 49, 'en', 13, 65, 141),
('article', 0, 16, 49, 'en', 14, 69, 145),
('article', 0, 16, 49, 'en', 15, 70, 146),
('landing_page', 0, 17, 33, 'en', 0, 39, 72),
('landing_page', 0, 18, 34, 'en', 0, 48, 81),
('resource_category', 0, 24, 53, 'en', 0, 101, 197),
('landing_page', 0, 25, 42, 'en', 0, 51, 85),
('landing_page', 0, 25, 42, 'en', 1, 50, 86),
('landing_page', 0, 26, 56, 'en', 0, 103, 202);

-- --------------------------------------------------------

--
-- Table structure for table `node__field_pdf`
--

CREATE TABLE `node__field_pdf` (
  `bundle` varchar(128) CHARACTER SET ascii NOT NULL DEFAULT '' COMMENT 'The field instance bundle to which this row belongs, used when deleting a field instance',
  `deleted` tinyint(4) NOT NULL DEFAULT '0' COMMENT 'A boolean indicating whether this data item has been deleted',
  `entity_id` int(10) UNSIGNED NOT NULL COMMENT 'The entity id this data is attached to',
  `revision_id` int(10) UNSIGNED NOT NULL COMMENT 'The entity revision id this data is attached to',
  `langcode` varchar(32) CHARACTER SET ascii NOT NULL DEFAULT '' COMMENT 'The language code for this data item.',
  `delta` int(10) UNSIGNED NOT NULL COMMENT 'The sequence number for this data item, used for multi-value fields',
  `field_pdf_target_id` int(10) UNSIGNED NOT NULL COMMENT 'The ID of the file entity.',
  `field_pdf_display` tinyint(3) UNSIGNED DEFAULT '1' COMMENT 'Flag to control whether this file should be displayed when viewing content.',
  `field_pdf_description` text COLLATE utf8_unicode_ci COMMENT 'A description of the file.'
) ENGINE=InnoDB DEFAULT CHARSET=utf8 COLLATE=utf8_unicode_ci COMMENT='Data storage for node field field_pdf.';

--
-- Dumping data for table `node__field_pdf`
--

INSERT INTO `node__field_pdf` (`bundle`, `deleted`, `entity_id`, `revision_id`, `langcode`, `delta`, `field_pdf_target_id`, `field_pdf_display`, `field_pdf_description`) VALUES
('project', 0, 9, 52, 'en', 0, 74, 1, 'Download PDF File');

-- --------------------------------------------------------

--
-- Table structure for table `node__field_status`
--

CREATE TABLE `node__field_status` (
  `bundle` varchar(128) CHARACTER SET ascii NOT NULL DEFAULT '' COMMENT 'The field instance bundle to which this row belongs, used when deleting a field instance',
  `deleted` tinyint(4) NOT NULL DEFAULT '0' COMMENT 'A boolean indicating whether this data item has been deleted',
  `entity_id` int(10) UNSIGNED NOT NULL COMMENT 'The entity id this data is attached to',
  `revision_id` int(10) UNSIGNED NOT NULL COMMENT 'The entity revision id this data is attached to',
  `langcode` varchar(32) CHARACTER SET ascii NOT NULL DEFAULT '' COMMENT 'The language code for this data item.',
  `delta` int(10) UNSIGNED NOT NULL COMMENT 'The sequence number for this data item, used for multi-value fields',
  `field_status_value` varchar(255) COLLATE utf8_unicode_ci NOT NULL
) ENGINE=InnoDB DEFAULT CHARSET=utf8 COLLATE=utf8_unicode_ci COMMENT='Data storage for node field field_status.';

--
-- Dumping data for table `node__field_status`
--

INSERT INTO `node__field_status` (`bundle`, `deleted`, `entity_id`, `revision_id`, `langcode`, `delta`, `field_status_value`) VALUES
('project', 0, 2, 20, 'en', 0, 'current'),
('project', 0, 3, 21, 'en', 0, 'past'),
('project', 0, 4, 22, 'en', 0, 'current'),
('project', 0, 5, 23, 'en', 0, 'past'),
('project', 0, 6, 24, 'en', 0, 'current'),
('project', 0, 7, 25, 'en', 0, 'past'),
('project', 0, 8, 26, 'en', 0, 'current'),
('project', 0, 9, 52, 'en', 0, 'past');

-- --------------------------------------------------------

--
-- Table structure for table `paragraphs_item`
--

CREATE TABLE `paragraphs_item` (
  `id` int(10) UNSIGNED NOT NULL,
  `revision_id` int(10) UNSIGNED DEFAULT NULL,
  `type` varchar(32) CHARACTER SET ascii NOT NULL COMMENT 'The ID of the target entity.',
  `uuid` varchar(128) CHARACTER SET ascii NOT NULL,
  `langcode` varchar(12) CHARACTER SET ascii NOT NULL
) ENGINE=InnoDB DEFAULT CHARSET=utf8 COLLATE=utf8_unicode_ci COMMENT='The base table for paragraph entities.';

--
-- Dumping data for table `paragraphs_item`
--

INSERT INTO `paragraphs_item` (`id`, `revision_id`, `type`, `uuid`, `langcode`) VALUES
(1, 18, 'icon_button', '6e0aa8c8-aad8-4138-b820-370b74ff3a8f', 'en'),
(2, 19, 'icon_button', '80f9aa92-48db-4158-86d7-b2dc258190b0', 'en'),
(3, 20, 'image_button', 'ce46523f-7668-4c80-b571-871dcc12d1f8', 'en'),
(4, 21, 'card_callout', '6e16c668-e7a5-4a4d-9bbf-b484f649acc6', 'en'),
(5, 22, 'card_callout', '5aa3475b-cd7d-482e-a186-e0b88c352b62', 'en'),
(6, 23, 'hero_style_1', '913c734b-735a-4d83-9cd8-ccd00fb1623e', 'en'),
(7, 24, 'icon_button', '164be7c2-b5c6-4c0a-9829-eefec9616a1b', 'en'),
(8, 25, 'recent_projects', '38dfa795-eee5-42c8-bc1f-cc2575895671', 'en'),
(9, 26, 'ticker_item', '0456dbef-da1d-47f9-b860-3844d31ea119', 'en'),
(10, 27, 'ticker_item', 'fa979886-3dc9-4c11-97df-9f457c9d64bb', 'en'),
(11, 28, 'ticker_item', '86b4ca5f-5225-49cb-83e3-3627886373d1', 'en'),
(12, 29, 'ticker_item', '45a53ecc-49a3-4076-b947-22a15dd78bf2', 'en'),
(13, 30, 'ticker_item', 'e3966802-d031-4e0f-b25f-46de0bebded9', 'en'),
(14, 31, 'ticker', '94abddcf-bb94-474a-aca2-5d0487273a81', 'en'),
(15, 32, 'logo', '2615c190-5fdd-4030-bad4-9772792f3e2b', 'en'),
(16, 33, 'logo', '353bfe28-c216-460e-8fba-5178d89d5c28', 'en'),
(17, 34, 'logo', 'db3f475c-a3f4-42ec-86d0-4323a7117138', 'en'),
(18, 35, 'logo', '17e04f7d-b150-4602-af9a-8905b36cf0e0', 'en'),
(19, 36, 'logo', '28ed159b-8504-474f-8dc9-a1a792d1ae0e', 'en'),
(20, 37, 'logo', '8ed314e3-7de2-4fd5-9490-ba8f4f45339b', 'en'),
(21, 38, 'logo', 'e45cdd5d-c2f2-4aea-aac3-15a1c5cb0a80', 'en'),
(22, 39, 'icon_button', 'ccfe59df-2b8d-4445-bb3e-6124f899e3ff', 'en'),
(23, 40, 'icon_button', '8132afe5-d2f0-469d-9acc-8fa6c5b352d9', 'en'),
(24, 56, 'image_button', '57f2f0d1-e631-46d6-bbc9-cc5bfb655d4e', 'en'),
(25, 57, 'expandable_text_image', '74fdd270-be1f-4f31-aeb1-5fde055f2c59', 'en'),
(26, 58, 'images_row', '603f2446-8606-465c-ad9f-2da6f954b6bb', 'en'),
(27, 59, 'hero_style_2', '7048c401-a97d-490a-bb3f-06fb953cad17', 'en'),
(28, 60, 'expandable_text_image', '940e5997-dda3-43e3-be14-e1e0e8091df4', 'en'),
(29, 61, 'hero_style_3', '78f1cdb1-5f92-4504-8dbe-d1c7f2547c82', 'en'),
(30, 62, 'pt1', '35c63539-a1a7-4b18-b31d-306ac03eab53', 'en'),
(31, 64, 'image_button', '9c81e218-a065-43bb-8bb5-9c2fae381fc0', 'en'),
(32, 65, 'blurb', 'ceed1447-949e-4f18-922c-94c155db000c', 'en'),
(33, 66, 'blurb', 'fbf61f6e-39e0-4668-ae11-9cc2a6e20b69', 'en'),
(34, 67, 'blurb', 'f0121819-cb4b-4cd6-8b29-c49e4b38bdf6', 'en'),
(35, 68, 'webform', '330d42ee-8a25-427c-a29e-e9b6ff5fe690', 'en'),
(36, 69, 'image_button', 'fc08778f-a4a0-4114-8a1e-3473ae55a182', 'en'),
(37, 70, 'projects', '40231e26-31fa-4dfa-ad38-059dd502dca3', 'en'),
(38, 71, 'image_button', '31855434-8885-419b-a4c5-a8ead78d2f64', 'en'),
(39, 72, 'articles', '410c4e65-cd87-494e-9376-49ee73906486', 'en'),
(40, 73, 'image_button', 'e81d7a6d-e5c7-4622-b2ad-c5a757e988d5', 'en'),
(41, 74, 'hero_style_4', '751c3b2d-a48b-4d01-82c8-7e3471bdfecc', 'en'),
(42, 75, 'icon_button', '989cb166-0c6c-4390-afa2-01f56f543d2b', 'en'),
(43, 76, 'hero_style_5', '5f2795f1-90f1-4d3a-88c5-ca920a3ee843', 'en'),
(44, 77, 'expandable_text_image', '7911de62-ade4-49a0-ba8e-355773761ae8', 'en'),
(45, 78, 'expandable_text_image', '0fa9ca3a-013c-4a4e-bd02-372c860584eb', 'en'),
(46, 79, 'expandable_text_image', 'dd7385a9-02fe-454c-927b-08c5b68091ce', 'en'),
(47, 80, 'expandable_text_image', '00e4d6c5-ef3f-4d65-a66b-0e1039f0f67e', 'en'),
(48, 81, 'pt2', 'fce97566-5483-4d9a-b844-423dc5946612', 'en'),
(49, 84, 'image_button', 'e5624068-d6f4-4bb3-9a46-0d9068042273', 'en'),
(50, 86, 'resource_categories', '379db7f0-44b7-41d2-9a9f-77b3e08e30a5', 'en'),
(51, 85, 'hero_style_4', '114b396c-5263-4d51-a6bd-ac612936e508', 'en'),
(52, 128, 'text_image', 'e53d5624-4785-40df-a8fc-7c49281c8c08', 'en'),
(53, 129, 'text_image', '79ef71be-1752-4d06-b14d-7828360fa645', 'en'),
(54, 130, 'text', 'e1741a30-c627-436c-b373-0686a1190197', 'en'),
(55, 131, 'image', 'c8dd3f8a-206c-4458-9e50-8967aac99dde', 'en'),
(56, 133, 'images_row', '908144d6-d294-4871-8063-20b9a0a4f072', 'en'),
(57, 132, 'text', 'cfaeb100-eb7f-4ac0-94ae-dc9bcd7ef163', 'en'),
(58, 134, 'text', 'e853a5e8-f84d-484e-bbb8-25048d8db664', 'en'),
(59, 135, 'image_carousel', 'f8a326eb-ab98-4a22-b2e4-01d21367804e', 'en'),
(60, 136, 'text', 'b95ac4e7-d6f3-4f20-89fb-08b13d143763', 'en'),
(61, 137, 'video', 'cf36a508-1eac-489f-a861-02c83e12bb6a', 'en'),
(62, 138, 'text', '8cc79fbc-5e6b-40fe-a220-c6426c31196b', 'en'),
(63, 139, 'pull_quote', 'c36e216a-c2da-4655-9985-89aa5c001594', 'en'),
(64, 140, 'text', '7af24044-fce3-44cf-9578-50bc28c60b6d', 'en'),
(65, 141, 'text', 'a0c4b2e0-6dcf-43d1-8505-991d8fafcd8c', 'en'),
(66, 142, 'link', '6e1de908-61f4-49df-9406-4d5df725185b', 'en'),
(67, 143, 'link', 'b8d316f8-a3d9-4f89-a15a-3d05bc0fede3', 'en'),
(68, 144, 'file', '8f638fde-892c-416d-a10f-33cceccea5ac', 'en'),
(69, 145, 'links_files', 'db34ac71-1f47-48ca-915a-66e55fdb185d', 'en'),
(70, 146, 'text', '67a89aa1-c3a9-4398-b4c2-a1829f1ece90', 'en'),
(71, 167, 'text_image', '942d921a-7d38-4cbe-9592-9d0fcd3f23e3', 'en'),
(72, 168, 'text_image', 'efca4f2f-941e-4dd3-bdbf-0b716476134e', 'en'),
(73, 169, 'text', '98a09937-4289-476f-b618-682fd0068127', 'en'),
(74, 170, 'image', '05e7156d-68fb-4291-a741-7a43e3592a62', 'en'),
(75, 171, 'text', '4d1a1b0f-3611-40c8-b8cb-a32926f379f7', 'en'),
(76, 172, 'images_row', 'd61823c4-9386-4d8d-819d-2c09c7330a05', 'en'),
(77, 173, 'text', 'f753a37f-9cbc-47e6-8045-01d6e1b45e6a', 'en'),
(78, 174, 'image_carousel', '22462816-5cd1-4577-b1df-0518fe945f11', 'en'),
(79, 175, 'text', '4fc0c1a2-41bb-4874-8c43-2f50f11f9a05', 'en'),
(80, 176, 'video', '149d3027-c2aa-4aac-82a5-d7cecabd23ce', 'en'),
(81, 177, 'text', '3bee32c0-0e23-47e4-8d77-0722c8cabc28', 'en'),
(82, 178, 'pull_quote', '891bcc96-a388-4187-ab4c-5e3b64ae6c2a', 'en'),
(83, 179, 'text', '71c8c361-6755-468e-bf91-d693418771ea', 'en'),
(84, 180, 'text', 'da2aa3a5-d950-4fa5-8d9d-ef46210250fb', 'en'),
(85, 181, 'link', '6838142d-13dd-4b93-acbe-05bc8110b29e', 'en'),
(86, 182, 'link', 'f3684b50-81f4-4978-b2b5-24e890086bdd', 'en'),
(87, 183, 'links_files', '8e54a1a2-73e6-43b5-b1e4-624ca53090c2', 'en'),
(88, 184, 'text', 'aa0fd982-b233-4412-86a8-b8b68efa0d32', 'en'),
(89, 185, 'link', 'cc14c198-4466-45bb-be46-4d2d6aaff548', 'en'),
(90, 186, 'link', '9bab5c18-670a-4e14-ae2d-2f3c54d819c1', 'en'),
(91, 187, 'link', 'ba397c36-17cd-4f24-8ae0-f8b3e9584aad', 'en'),
(92, 188, 'resource_section', 'f566011d-458e-492a-9bc3-7990be9323dc', 'en'),
(93, 189, 'link', '9b3c8ab5-6685-47b4-9875-6b920531ab03', 'en'),
(94, 190, 'link', '4b72b60d-1d90-4996-8264-105e20bf81d3', 'en'),
(95, 191, 'link', '48d65fe3-4f83-484f-96a1-099706404b4b', 'en'),
(96, 192, 'resource_section', '3dcf63af-56ea-4780-a473-ea3d1ceff7fb', 'en'),
(97, 193, 'link', 'faa3ce08-f31f-442b-b844-e97e687f3a3c', 'en'),
(98, 194, 'link', '2b5252d7-5a4d-4dd0-bb04-8be285b33a08', 'en'),
(99, 195, 'link', '3fb1c34e-639f-4ee5-b2dc-18a7b80ce887', 'en'),
(100, 196, 'resource_section', 'e36283e7-89d8-4ed0-8f6f-3de5670da583', 'en'),
(101, 197, 'resources', 'cb86e9f4-0ca4-4b0f-a8f7-215f53867cbb', 'en'),
(102, 201, 'image_button', 'e932c825-eb2e-4238-ab77-4baed794d149', 'en'),
(103, 202, 'view', '541148ef-e895-4978-a966-5255627f2110', 'en');

-- --------------------------------------------------------

--
-- Table structure for table `paragraphs_item_field_data`
--

CREATE TABLE `paragraphs_item_field_data` (
  `id` int(10) UNSIGNED NOT NULL,
  `revision_id` int(10) UNSIGNED NOT NULL,
  `type` varchar(32) CHARACTER SET ascii NOT NULL COMMENT 'The ID of the target entity.',
  `langcode` varchar(12) CHARACTER SET ascii NOT NULL,
  `status` tinyint(4) NOT NULL,
  `created` int(11) DEFAULT NULL,
  `parent_id` varchar(255) CHARACTER SET ascii DEFAULT NULL,
  `parent_type` varchar(32) CHARACTER SET ascii DEFAULT NULL,
  `parent_field_name` varchar(32) CHARACTER SET ascii DEFAULT NULL,
  `behavior_settings` longtext COLLATE utf8_unicode_ci,
  `default_langcode` tinyint(4) NOT NULL,
  `revision_translation_affected` tinyint(4) DEFAULT NULL
) ENGINE=InnoDB DEFAULT CHARSET=utf8 COLLATE=utf8_unicode_ci COMMENT='The data table for paragraph entities.';

--
-- Dumping data for table `paragraphs_item_field_data`
--

INSERT INTO `paragraphs_item_field_data` (`id`, `revision_id`, `type`, `langcode`, `status`, `created`, `parent_id`, `parent_type`, `parent_field_name`, `behavior_settings`, `default_langcode`, `revision_translation_affected`) VALUES
(1, 18, 'icon_button', 'en', 1, 1719769312, '1', 'node', 'field_bnr_buttons', 'a:0:{}', 1, NULL),
(2, 19, 'icon_button', 'en', 1, 1719769319, '1', 'node', 'field_bnr_buttons', 'a:0:{}', 1, NULL),
(3, 20, 'image_button', 'en', 1, 1719769312, '1', 'node', 'field_bnr_callout', 'a:0:{}', 1, NULL),
(4, 21, 'card_callout', 'en', 1, 1719783798, '6', 'paragraph', 'field_hero_style_1_cards', 'a:0:{}', 1, NULL),
(5, 22, 'card_callout', 'en', 1, 1719783798, '6', 'paragraph', 'field_hero_style_1_cards', 'a:0:{}', 1, NULL),
(6, 23, 'hero_style_1', 'en', 1, 1719783798, '1', 'node', 'field_hs1', 'a:0:{}', 1, NULL),
(7, 24, 'icon_button', 'en', 1, 1719847608, '8', 'paragraph', 'field_icon_button', 'a:0:{}', 1, NULL),
(8, 25, 'recent_projects', 'en', 1, 1719847608, '1', 'node', 'field_hs2', 'a:0:{}', 1, NULL),
(9, 26, 'ticker_item', 'en', 1, 1719853289, '14', 'paragraph', 'field_p', 'a:0:{}', 1, 1),
(10, 27, 'ticker_item', 'en', 1, 1719853289, '14', 'paragraph', 'field_p', 'a:0:{}', 1, 1),
(11, 28, 'ticker_item', 'en', 1, 1719853289, '14', 'paragraph', 'field_p', 'a:0:{}', 1, 1),
(12, 29, 'ticker_item', 'en', 1, 1719853289, '14', 'paragraph', 'field_p', 'a:0:{}', 1, 1),
(13, 30, 'ticker_item', 'en', 1, 1719853289, '14', 'paragraph', 'field_p', 'a:0:{}', 1, 1),
(14, 31, 'ticker', 'en', 1, 1719853289, '1', 'node', 'field_hs3', 'a:0:{}', 1, 1),
(15, 32, 'logo', 'en', 1, 1719855264, '1', 'block_content', 'field_p', 'a:0:{}', 1, 1),
(16, 33, 'logo', 'en', 1, 1719855264, '1', 'block_content', 'field_p', 'a:0:{}', 1, 1),
(17, 34, 'logo', 'en', 1, 1719855264, '1', 'block_content', 'field_p', 'a:0:{}', 1, 1),
(18, 35, 'logo', 'en', 1, 1719855264, '1', 'block_content', 'field_p', 'a:0:{}', 1, 1),
(19, 36, 'logo', 'en', 1, 1719855264, '1', 'block_content', 'field_p', 'a:0:{}', 1, 1),
(20, 37, 'logo', 'en', 1, 1719855264, '1', 'block_content', 'field_p', 'a:0:{}', 1, 1),
(21, 38, 'logo', 'en', 1, 1719855264, '1', 'block_content', 'field_p', 'a:0:{}', 1, 1),
(22, 39, 'icon_button', 'en', 1, 1719857891, '2', 'block_content', 'field_buttons', 'a:0:{}', 1, 1),
(23, 40, 'icon_button', 'en', 1, 1719857891, '2', 'block_content', 'field_buttons', 'a:0:{}', 1, 1),
(24, 56, 'image_button', 'en', 1, 1719932876, '10', 'node', 'field_bnr_callout', 'a:0:{}', 1, NULL),
(25, 57, 'expandable_text_image', 'en', 1, 1719932980, '30', 'paragraph', 'field_pt1_s1', 'a:0:{}', 1, NULL),
(26, 58, 'images_row', 'en', 1, 1719932980, '30', 'paragraph', 'field_pt1_s2', 'a:0:{}', 1, 1),
(27, 59, 'hero_style_2', 'en', 1, 1719932980, '30', 'paragraph', 'field_pt1_s3', 'a:0:{}', 1, NULL),
(28, 60, 'expandable_text_image', 'en', 1, 1719932980, '30', 'paragraph', 'field_pt1_s4', 'a:0:{}', 1, NULL),
(29, 61, 'hero_style_3', 'en', 1, 1719932980, '30', 'paragraph', 'field_pt1_s5', 'a:0:{}', 1, NULL),
(30, 62, 'pt1', 'en', 1, 1719932980, '10', 'node', 'field_page_content', 'a:0:{}', 1, 1),
(31, 64, 'image_button', 'en', 1, 1719936593, '11', 'node', 'field_bnr_callout', 'a:0:{}', 1, NULL),
(32, 65, 'blurb', 'en', 1, 1719938057, '35', 'paragraph', 'field_p_3', 'a:0:{}', 1, 1),
(33, 66, 'blurb', 'en', 1, 1719938110, '35', 'paragraph', 'field_p_3', 'a:0:{}', 1, 1),
(34, 67, 'blurb', 'en', 1, 1719938131, '35', 'paragraph', 'field_p_3', 'a:0:{}', 1, 1),
(35, 68, 'webform', 'en', 1, 1719938057, '11', 'node', 'field_page_content', 'a:0:{}', 1, 1),
(36, 69, 'image_button', 'en', 1, 1719947477, '12', 'node', 'field_bnr_callout', 'a:0:{}', 1, 1),
(37, 70, 'projects', 'en', 1, 1719947514, '12', 'node', 'field_page_content', 'a:0:{}', 1, 1),
(38, 71, 'image_button', 'en', 1, 1719947477, '17', 'node', 'field_bnr_callout', 'a:0:{}', 1, 1),
(39, 72, 'articles', 'en', 1, 1719950868, '17', 'node', 'field_page_content', 'a:0:{}', 1, 1),
(40, 73, 'image_button', 'en', 1, 1719947477, '18', 'node', 'field_bnr_callout', 'a:0:{}', 1, 1),
(41, 74, 'hero_style_4', 'en', 1, 1719957122, '48', 'paragraph', 'field_pt2_s1', 'a:0:{}', 1, 1),
(42, 75, 'icon_button', 'en', 1, 1719957122, '43', 'paragraph', 'field_icon_button', 'a:0:{}', 1, 1),
(43, 76, 'hero_style_5', 'en', 1, 1719957122, '48', 'paragraph', 'field_pt2_s2', 'a:0:{}', 1, 1),
(44, 77, 'expandable_text_image', 'en', 1, 1719957122, '48', 'paragraph', 'field_pt2_s3', 'a:0:{}', 1, 1),
(45, 78, 'expandable_text_image', 'en', 1, 1719957122, '48', 'paragraph', 'field_pt2_s3', 'a:0:{}', 1, 1),
(46, 79, 'expandable_text_image', 'en', 1, 1719957122, '48', 'paragraph', 'field_pt2_s3', 'a:0:{}', 1, 1),
(47, 80, 'expandable_text_image', 'en', 1, 1719957122, '48', 'paragraph', 'field_pt2_s3', 'a:0:{}', 1, 1),
(48, 81, 'pt2', 'en', 1, 1719957122, '18', 'node', 'field_page_content', 'a:0:{}', 1, 1),
(49, 84, 'image_button', 'en', 1, 1719947477, '25', 'node', 'field_bnr_callout', 'a:0:{}', 1, NULL),
(50, 86, 'resource_categories', 'en', 1, 1719960150, '25', 'node', 'field_page_content', 'a:0:{}', 1, NULL),
(51, 85, 'hero_style_4', 'en', 1, 1719961877, '25', 'node', 'field_page_content', 'a:0:{}', 1, 1),
(52, 128, 'text_image', 'en', 1, 1719965666, '16', 'node', 'field_page_content', 'a:0:{}', 1, NULL),
(53, 129, 'text_image', 'en', 1, 1719965666, '16', 'node', 'field_page_content', 'a:0:{}', 1, NULL),
(54, 130, 'text', 'en', 1, 1719965814, '16', 'node', 'field_page_content', 'a:0:{}', 1, NULL),
(55, 131, 'image', 'en', 1, 1719965826, '16', 'node', 'field_page_content', 'a:0:{}', 1, NULL),
(56, 133, 'images_row', 'en', 1, 1719965844, '16', 'node', 'field_page_content', 'a:0:{}', 1, NULL),
(57, 132, 'text', 'en', 1, 1719965900, '16', 'node', 'field_page_content', 'a:0:{}', 1, NULL),
(58, 134, 'text', 'en', 1, 1719965916, '16', 'node', 'field_page_content', 'a:0:{}', 1, NULL),
(59, 135, 'image_carousel', 'en', 1, 1719965926, '16', 'node', 'field_page_content', 'a:0:{}', 1, NULL),
(60, 136, 'text', 'en', 1, 1719965984, '16', 'node', 'field_page_content', 'a:0:{}', 1, NULL),
(61, 137, 'video', 'en', 1, 1719965991, '16', 'node', 'field_page_content', 'a:0:{}', 1, NULL),
(62, 138, 'text', 'en', 1, 1719966002, '16', 'node', 'field_page_content', 'a:0:{}', 1, NULL),
(63, 139, 'pull_quote', 'en', 1, 1719966010, '16', 'node', 'field_page_content', 'a:0:{}', 1, NULL),
(64, 140, 'text', 'en', 1, 1719966032, '16', 'node', 'field_page_content', 'a:0:{}', 1, NULL),
(65, 141, 'text', 'en', 1, 1719966053, '16', 'node', 'field_page_content', 'a:0:{}', 1, 1),
(66, 142, 'link', 'en', 1, 1719966062, '69', 'paragraph', 'field_p', 'a:0:{}', 1, 1),
(67, 143, 'link', 'en', 1, 1719966062, '69', 'paragraph', 'field_p', 'a:0:{}', 1, 1),
(68, 144, 'file', 'en', 1, 1719966075, '69', 'paragraph', 'field_p', 'a:0:{}', 1, 1),
(69, 145, 'links_files', 'en', 1, 1719966061, '16', 'node', 'field_page_content', 'a:0:{}', 1, 1),
(70, 146, 'text', 'en', 1, 1719966162, '16', 'node', 'field_page_content', 'a:0:{}', 1, 1),
(71, 167, 'text_image', 'en', 1, 1719968396, '9', 'node', 'field_page_content', 'a:0:{}', 1, NULL),
(72, 168, 'text_image', 'en', 1, 1719968396, '9', 'node', 'field_page_content', 'a:0:{}', 1, NULL),
(73, 169, 'text', 'en', 1, 1719968439, '9', 'node', 'field_page_content', 'a:0:{}', 1, NULL),
(74, 170, 'image', 'en', 1, 1719968448, '9', 'node', 'field_page_content', 'a:0:{}', 1, NULL),
(75, 171, 'text', 'en', 1, 1719968472, '9', 'node', 'field_page_content', 'a:0:{}', 1, NULL),
(76, 172, 'images_row', 'en', 1, 1719968481, '9', 'node', 'field_page_content', 'a:0:{}', 1, NULL),
(77, 173, 'text', 'en', 1, 1719968495, '9', 'node', 'field_page_content', 'a:0:{}', 1, NULL),
(78, 174, 'image_carousel', 'en', 1, 1719968503, '9', 'node', 'field_page_content', 'a:0:{}', 1, NULL),
(79, 175, 'text', 'en', 1, 1719968525, '9', 'node', 'field_page_content', 'a:0:{}', 1, NULL),
(80, 176, 'video', 'en', 1, 1719968532, '9', 'node', 'field_page_content', 'a:0:{}', 1, NULL),
(81, 177, 'text', 'en', 1, 1719968551, '9', 'node', 'field_page_content', 'a:0:{}', 1, NULL),
(82, 178, 'pull_quote', 'en', 1, 1719968558, '9', 'node', 'field_page_content', 'a:0:{}', 1, NULL),
(83, 179, 'text', 'en', 1, 1719968577, '9', 'node', 'field_page_content', 'a:0:{}', 1, NULL),
(84, 180, 'text', 'en', 1, 1719968610, '9', 'node', 'field_page_content', 'a:0:{}', 1, NULL),
(85, 181, 'link', 'en', 1, 1719968587, '87', 'paragraph', 'field_p', 'a:0:{}', 1, NULL),
(86, 182, 'link', 'en', 1, 1719968587, '87', 'paragraph', 'field_p', 'a:0:{}', 1, NULL),
(87, 183, 'links_files', 'en', 1, 1719968584, '9', 'node', 'field_page_content', 'a:0:{}', 1, NULL),
(88, 184, 'text', 'en', 1, 1719968604, '9', 'node', 'field_page_content', 'a:0:{}', 1, NULL),
(89, 185, 'link', 'en', 1, 1719970865, '92', 'paragraph', 'field_p', 'a:0:{}', 1, 1),
(90, 186, 'link', 'en', 1, 1719970865, '92', 'paragraph', 'field_p', 'a:0:{}', 1, 1),
(91, 187, 'link', 'en', 1, 1719970865, '92', 'paragraph', 'field_p', 'a:0:{}', 1, 1),
(92, 188, 'resource_section', 'en', 1, 1719970858, '101', 'paragraph', 'field_p', 'a:0:{}', 1, 1),
(93, 189, 'link', 'en', 1, 1719970865, '96', 'paragraph', 'field_p', 'a:0:{}', 1, 1),
(94, 190, 'link', 'en', 1, 1719970865, '96', 'paragraph', 'field_p', 'a:0:{}', 1, 1),
(95, 191, 'link', 'en', 1, 1719970865, '96', 'paragraph', 'field_p', 'a:0:{}', 1, 1),
(96, 192, 'resource_section', 'en', 1, 1719970858, '101', 'paragraph', 'field_p', 'a:0:{}', 1, 1),
(97, 193, 'link', 'en', 1, 1719970865, '100', 'paragraph', 'field_p', 'a:0:{}', 1, 1),
(98, 194, 'link', 'en', 1, 1719970865, '100', 'paragraph', 'field_p', 'a:0:{}', 1, 1),
(99, 195, 'link', 'en', 1, 1719970865, '100', 'paragraph', 'field_p', 'a:0:{}', 1, 1),
(100, 196, 'resource_section', 'en', 1, 1719970858, '101', 'paragraph', 'field_p', 'a:0:{}', 1, 1),
(101, 197, 'resources', 'en', 1, 1719970858, '24', 'node', 'field_page_content', 'a:0:{}', 1, 1),
(102, 201, 'image_button', 'en', 1, 1720133911, '26', 'node', 'field_bnr_callout', 'a:0:{}', 1, NULL),
(103, 202, 'view', 'en', 1, 1720134561, '26', 'node', 'field_page_content', 'a:0:{}', 1, 1);

-- --------------------------------------------------------

--
-- Table structure for table `paragraphs_item_revision`
--

CREATE TABLE `paragraphs_item_revision` (
  `id` int(10) UNSIGNED NOT NULL,
  `revision_id` int(10) UNSIGNED NOT NULL,
  `langcode` varchar(12) CHARACTER SET ascii NOT NULL,
  `revision_default` tinyint(4) DEFAULT NULL
) ENGINE=InnoDB DEFAULT CHARSET=utf8 COLLATE=utf8_unicode_ci COMMENT='The revision table for paragraph entities.';

--
-- Dumping data for table `paragraphs_item_revision`
--

INSERT INTO `paragraphs_item_revision` (`id`, `revision_id`, `langcode`, `revision_default`) VALUES
(1, 1, 'en', 1),
(2, 2, 'en', 1),
(3, 3, 'en', 1),
(1, 4, 'en', 1),
(2, 5, 'en', 1),
(3, 6, 'en', 1),
(4, 7, 'en', 1),
(5, 8, 'en', 1),
(6, 9, 'en', 1),
(1, 10, 'en', 1),
(2, 11, 'en', 1),
(3, 12, 'en', 1),
(4, 13, 'en', 1),
(5, 14, 'en', 1),
(6, 15, 'en', 1),
(7, 16, 'en', 1),
(8, 17, 'en', 1),
(1, 18, 'en', 1),
(2, 19, 'en', 1),
(3, 20, 'en', 1),
(4, 21, 'en', 1),
(5, 22, 'en', 1),
(6, 23, 'en', 1),
(7, 24, 'en', 1),
(8, 25, 'en', 1),
(9, 26, 'en', 1),
(10, 27, 'en', 1),
(11, 28, 'en', 1),
(12, 29, 'en', 1),
(13, 30, 'en', 1),
(14, 31, 'en', 1),
(15, 32, 'en', 1),
(16, 33, 'en', 1),
(17, 34, 'en', 1),
(18, 35, 'en', 1),
(19, 36, 'en', 1),
(20, 37, 'en', 1),
(21, 38, 'en', 1),
(22, 39, 'en', 1),
(23, 40, 'en', 1),
(24, 41, 'en', 1),
(24, 42, 'en', 1),
(25, 43, 'en', 1),
(26, 44, 'en', 1),
(27, 45, 'en', 1),
(28, 46, 'en', 1),
(29, 47, 'en', 1),
(30, 48, 'en', 1),
(24, 49, 'en', 1),
(25, 50, 'en', 1),
(26, 51, 'en', 1),
(27, 52, 'en', 1),
(28, 53, 'en', 1),
(29, 54, 'en', 1),
(30, 55, 'en', 1),
(24, 56, 'en', 1),
(25, 57, 'en', 1),
(26, 58, 'en', 1),
(27, 59, 'en', 1),
(28, 60, 'en', 1),
(29, 61, 'en', 1),
(30, 62, 'en', 1),
(31, 63, 'en', 1),
(31, 64, 'en', 1),
(32, 65, 'en', 1),
(33, 66, 'en', 1),
(34, 67, 'en', 1),
(35, 68, 'en', 1),
(36, 69, 'en', 1),
(37, 70, 'en', 1),
(38, 71, 'en', 1),
(39, 72, 'en', 1),
(40, 73, 'en', 1),
(41, 74, 'en', 1),
(42, 75, 'en', 1),
(43, 76, 'en', 1),
(44, 77, 'en', 1),
(45, 78, 'en', 1),
(46, 79, 'en', 1),
(47, 80, 'en', 1),
(48, 81, 'en', 1),
(49, 82, 'en', 1),
(50, 83, 'en', 1),
(49, 84, 'en', 1),
(51, 85, 'en', 1),
(50, 86, 'en', 1),
(52, 87, 'en', 1),
(52, 88, 'en', 1),
(53, 89, 'en', 1),
(52, 90, 'en', 1),
(53, 91, 'en', 1),
(54, 92, 'en', 1),
(55, 93, 'en', 1),
(56, 94, 'en', 1),
(52, 95, 'en', 1),
(53, 96, 'en', 1),
(54, 97, 'en', 1),
(55, 98, 'en', 1),
(57, 99, 'en', 1),
(56, 100, 'en', 1),
(58, 101, 'en', 1),
(59, 102, 'en', 1),
(52, 103, 'en', 1),
(53, 104, 'en', 1),
(54, 105, 'en', 1),
(55, 106, 'en', 1),
(57, 107, 'en', 1),
(56, 108, 'en', 1),
(58, 109, 'en', 1),
(59, 110, 'en', 1),
(60, 111, 'en', 1),
(61, 112, 'en', 1),
(62, 113, 'en', 1),
(63, 114, 'en', 1),
(52, 115, 'en', 1),
(53, 116, 'en', 1),
(54, 117, 'en', 1),
(55, 118, 'en', 1),
(57, 119, 'en', 1),
(56, 120, 'en', 1),
(58, 121, 'en', 1),
(59, 122, 'en', 1),
(60, 123, 'en', 1),
(61, 124, 'en', 1),
(62, 125, 'en', 1),
(63, 126, 'en', 1),
(64, 127, 'en', 1),
(52, 128, 'en', 1),
(53, 129, 'en', 1),
(54, 130, 'en', 1),
(55, 131, 'en', 1),
(57, 132, 'en', 1),
(56, 133, 'en', 1),
(58, 134, 'en', 1),
(59, 135, 'en', 1),
(60, 136, 'en', 1),
(61, 137, 'en', 1),
(62, 138, 'en', 1),
(63, 139, 'en', 1),
(64, 140, 'en', 1),
(65, 141, 'en', 1),
(66, 142, 'en', 1),
(67, 143, 'en', 1),
(68, 144, 'en', 1),
(69, 145, 'en', 1),
(70, 146, 'en', 1),
(71, 147, 'en', 1),
(72, 148, 'en', 1),
(71, 149, 'en', 1),
(72, 150, 'en', 1),
(73, 151, 'en', 1),
(74, 152, 'en', 1),
(75, 153, 'en', 1),
(76, 154, 'en', 1),
(77, 155, 'en', 1),
(78, 156, 'en', 1),
(79, 157, 'en', 1),
(80, 158, 'en', 1),
(81, 159, 'en', 1),
(82, 160, 'en', 1),
(83, 161, 'en', 1),
(84, 162, 'en', 1),
(85, 163, 'en', 1),
(86, 164, 'en', 1),
(87, 165, 'en', 1),
(88, 166, 'en', 1),
(71, 167, 'en', 1),
(72, 168, 'en', 1),
(73, 169, 'en', 1),
(74, 170, 'en', 1),
(75, 171, 'en', 1),
(76, 172, 'en', 1),
(77, 173, 'en', 1),
(78, 174, 'en', 1),
(79, 175, 'en', 1),
(80, 176, 'en', 1),
(81, 177, 'en', 1),
(82, 178, 'en', 1),
(83, 179, 'en', 1),
(84, 180, 'en', 1),
(85, 181, 'en', 1),
(86, 182, 'en', 1),
(87, 183, 'en', 1),
(88, 184, 'en', 1),
(89, 185, 'en', 1),
(90, 186, 'en', 1),
(91, 187, 'en', 1),
(92, 188, 'en', 1),
(93, 189, 'en', 1),
(94, 190, 'en', 1),
(95, 191, 'en', 1),
(96, 192, 'en', 1),
(97, 193, 'en', 1),
(98, 194, 'en', 1),
(99, 195, 'en', 1),
(100, 196, 'en', 1),
(101, 197, 'en', 1),
(102, 198, 'en', 1),
(102, 199, 'en', 1),
(103, 200, 'en', 1),
(102, 201, 'en', 1),
(103, 202, 'en', 1);

-- --------------------------------------------------------

--
-- Table structure for table `paragraphs_item_revision_field_data`
--

CREATE TABLE `paragraphs_item_revision_field_data` (
  `id` int(10) UNSIGNED NOT NULL,
  `revision_id` int(10) UNSIGNED NOT NULL,
  `langcode` varchar(12) CHARACTER SET ascii NOT NULL,
  `status` tinyint(4) NOT NULL,
  `created` int(11) DEFAULT NULL,
  `parent_id` varchar(255) CHARACTER SET ascii DEFAULT NULL,
  `parent_type` varchar(32) CHARACTER SET ascii DEFAULT NULL,
  `parent_field_name` varchar(32) CHARACTER SET ascii DEFAULT NULL,
  `behavior_settings` longtext COLLATE utf8_unicode_ci,
  `default_langcode` tinyint(4) NOT NULL,
  `revision_translation_affected` tinyint(4) DEFAULT NULL
) ENGINE=InnoDB DEFAULT CHARSET=utf8 COLLATE=utf8_unicode_ci COMMENT='The revision data table for paragraph entities.';

--
-- Dumping data for table `paragraphs_item_revision_field_data`
--

INSERT INTO `paragraphs_item_revision_field_data` (`id`, `revision_id`, `langcode`, `status`, `created`, `parent_id`, `parent_type`, `parent_field_name`, `behavior_settings`, `default_langcode`, `revision_translation_affected`) VALUES
(1, 1, 'en', 1, 1719769312, '1', 'node', 'field_bnr_buttons', 'a:0:{}', 1, 1),
(2, 2, 'en', 1, 1719769319, '1', 'node', 'field_bnr_buttons', 'a:0:{}', 1, 1),
(3, 3, 'en', 1, 1719769312, '1', 'node', 'field_bnr_callout', 'a:0:{}', 1, 1),
(1, 4, 'en', 1, 1719769312, '1', 'node', 'field_bnr_buttons', 'a:0:{}', 1, NULL),
(2, 5, 'en', 1, 1719769319, '1', 'node', 'field_bnr_buttons', 'a:0:{}', 1, NULL),
(3, 6, 'en', 1, 1719769312, '1', 'node', 'field_bnr_callout', 'a:0:{}', 1, NULL),
(4, 7, 'en', 1, 1719783798, '6', 'paragraph', 'field_hero_style_1_cards', 'a:0:{}', 1, 1),
(5, 8, 'en', 1, 1719783798, '6', 'paragraph', 'field_hero_style_1_cards', 'a:0:{}', 1, 1),
(6, 9, 'en', 1, 1719783798, '1', 'node', 'field_hs1', 'a:0:{}', 1, 1),
(1, 10, 'en', 1, 1719769312, '1', 'node', 'field_bnr_buttons', 'a:0:{}', 1, NULL),
(2, 11, 'en', 1, 1719769319, '1', 'node', 'field_bnr_buttons', 'a:0:{}', 1, NULL),
(3, 12, 'en', 1, 1719769312, '1', 'node', 'field_bnr_callout', 'a:0:{}', 1, NULL),
(4, 13, 'en', 1, 1719783798, '6', 'paragraph', 'field_hero_style_1_cards', 'a:0:{}', 1, NULL),
(5, 14, 'en', 1, 1719783798, '6', 'paragraph', 'field_hero_style_1_cards', 'a:0:{}', 1, NULL),
(6, 15, 'en', 1, 1719783798, '1', 'node', 'field_hs1', 'a:0:{}', 1, NULL),
(7, 16, 'en', 1, 1719847608, '8', 'paragraph', 'field_icon_button', 'a:0:{}', 1, 1),
(8, 17, 'en', 1, 1719847608, '1', 'node', 'field_hs2', 'a:0:{}', 1, 1),
(1, 18, 'en', 1, 1719769312, '1', 'node', 'field_bnr_buttons', 'a:0:{}', 1, NULL),
(2, 19, 'en', 1, 1719769319, '1', 'node', 'field_bnr_buttons', 'a:0:{}', 1, NULL),
(3, 20, 'en', 1, 1719769312, '1', 'node', 'field_bnr_callout', 'a:0:{}', 1, NULL),
(4, 21, 'en', 1, 1719783798, '6', 'paragraph', 'field_hero_style_1_cards', 'a:0:{}', 1, NULL),
(5, 22, 'en', 1, 1719783798, '6', 'paragraph', 'field_hero_style_1_cards', 'a:0:{}', 1, NULL),
(6, 23, 'en', 1, 1719783798, '1', 'node', 'field_hs1', 'a:0:{}', 1, NULL),
(7, 24, 'en', 1, 1719847608, '8', 'paragraph', 'field_icon_button', 'a:0:{}', 1, NULL),
(8, 25, 'en', 1, 1719847608, '1', 'node', 'field_hs2', 'a:0:{}', 1, NULL),
(9, 26, 'en', 1, 1719853289, '14', 'paragraph', 'field_p', 'a:0:{}', 1, 1),
(10, 27, 'en', 1, 1719853289, '14', 'paragraph', 'field_p', 'a:0:{}', 1, 1),
(11, 28, 'en', 1, 1719853289, '14', 'paragraph', 'field_p', 'a:0:{}', 1, 1),
(12, 29, 'en', 1, 1719853289, '14', 'paragraph', 'field_p', 'a:0:{}', 1, 1),
(13, 30, 'en', 1, 1719853289, '14', 'paragraph', 'field_p', 'a:0:{}', 1, 1),
(14, 31, 'en', 1, 1719853289, '1', 'node', 'field_hs3', 'a:0:{}', 1, 1),
(15, 32, 'en', 1, 1719855264, '1', 'block_content', 'field_p', 'a:0:{}', 1, 1),
(16, 33, 'en', 1, 1719855264, '1', 'block_content', 'field_p', 'a:0:{}', 1, 1),
(17, 34, 'en', 1, 1719855264, '1', 'block_content', 'field_p', 'a:0:{}', 1, 1),
(18, 35, 'en', 1, 1719855264, '1', 'block_content', 'field_p', 'a:0:{}', 1, 1),
(19, 36, 'en', 1, 1719855264, '1', 'block_content', 'field_p', 'a:0:{}', 1, 1),
(20, 37, 'en', 1, 1719855264, '1', 'block_content', 'field_p', 'a:0:{}', 1, 1),
(21, 38, 'en', 1, 1719855264, '1', 'block_content', 'field_p', 'a:0:{}', 1, 1),
(22, 39, 'en', 1, 1719857891, '2', 'block_content', 'field_buttons', 'a:0:{}', 1, 1),
(23, 40, 'en', 1, 1719857891, '2', 'block_content', 'field_buttons', 'a:0:{}', 1, 1),
(24, 41, 'en', 1, 1719932876, '10', 'node', 'field_bnr_callout', 'a:0:{}', 1, 1),
(24, 42, 'en', 1, 1719932876, '10', 'node', 'field_bnr_callout', 'a:0:{}', 1, NULL),
(25, 43, 'en', 1, 1719932980, '30', 'paragraph', 'field_pt1_s1', 'a:0:{}', 1, 1),
(26, 44, 'en', 1, 1719932980, '30', 'paragraph', 'field_pt1_s2', 'a:0:{}', 1, 1),
(27, 45, 'en', 1, 1719932980, '30', 'paragraph', 'field_pt1_s3', 'a:0:{}', 1, 1),
(28, 46, 'en', 1, 1719932980, '30', 'paragraph', 'field_pt1_s4', 'a:0:{}', 1, 1),
(29, 47, 'en', 1, 1719932980, '30', 'paragraph', 'field_pt1_s5', 'a:0:{}', 1, 1),
(30, 48, 'en', 1, 1719932980, '10', 'node', 'field_page_content', 'a:0:{}', 1, 1),
(24, 49, 'en', 1, 1719932876, '10', 'node', 'field_bnr_callout', 'a:0:{}', 1, NULL),
(25, 50, 'en', 1, 1719932980, '30', 'paragraph', 'field_pt1_s1', 'a:0:{}', 1, NULL),
(26, 51, 'en', 1, 1719932980, '30', 'paragraph', 'field_pt1_s2', 'a:0:{}', 1, NULL),
(27, 52, 'en', 1, 1719932980, '30', 'paragraph', 'field_pt1_s3', 'a:0:{}', 1, NULL),
(28, 53, 'en', 1, 1719932980, '30', 'paragraph', 'field_pt1_s4', 'a:0:{}', 1, NULL),
(29, 54, 'en', 1, 1719932980, '30', 'paragraph', 'field_pt1_s5', 'a:0:{}', 1, NULL),
(30, 55, 'en', 1, 1719932980, '10', 'node', 'field_page_content', 'a:0:{}', 1, NULL),
(24, 56, 'en', 1, 1719932876, '10', 'node', 'field_bnr_callout', 'a:0:{}', 1, NULL),
(25, 57, 'en', 1, 1719932980, '30', 'paragraph', 'field_pt1_s1', 'a:0:{}', 1, NULL),
(26, 58, 'en', 1, 1719932980, '30', 'paragraph', 'field_pt1_s2', 'a:0:{}', 1, 1),
(27, 59, 'en', 1, 1719932980, '30', 'paragraph', 'field_pt1_s3', 'a:0:{}', 1, NULL),
(28, 60, 'en', 1, 1719932980, '30', 'paragraph', 'field_pt1_s4', 'a:0:{}', 1, NULL),
(29, 61, 'en', 1, 1719932980, '30', 'paragraph', 'field_pt1_s5', 'a:0:{}', 1, NULL),
(30, 62, 'en', 1, 1719932980, '10', 'node', 'field_page_content', 'a:0:{}', 1, 1),
(31, 63, 'en', 1, 1719936593, '11', 'node', 'field_bnr_callout', 'a:0:{}', 1, 1),
(31, 64, 'en', 1, 1719936593, '11', 'node', 'field_bnr_callout', 'a:0:{}', 1, NULL),
(32, 65, 'en', 1, 1719938057, '35', 'paragraph', 'field_p_3', 'a:0:{}', 1, 1),
(33, 66, 'en', 1, 1719938110, '35', 'paragraph', 'field_p_3', 'a:0:{}', 1, 1),
(34, 67, 'en', 1, 1719938131, '35', 'paragraph', 'field_p_3', 'a:0:{}', 1, 1),
(35, 68, 'en', 1, 1719938057, '11', 'node', 'field_page_content', 'a:0:{}', 1, 1),
(36, 69, 'en', 1, 1719947477, '12', 'node', 'field_bnr_callout', 'a:0:{}', 1, 1),
(37, 70, 'en', 1, 1719947514, '12', 'node', 'field_page_content', 'a:0:{}', 1, 1),
(38, 71, 'en', 1, 1719947477, '17', 'node', 'field_bnr_callout', 'a:0:{}', 1, 1),
(39, 72, 'en', 1, 1719950868, '17', 'node', 'field_page_content', 'a:0:{}', 1, 1),
(40, 73, 'en', 1, 1719947477, '18', 'node', 'field_bnr_callout', 'a:0:{}', 1, 1),
(41, 74, 'en', 1, 1719957122, '48', 'paragraph', 'field_pt2_s1', 'a:0:{}', 1, 1),
(42, 75, 'en', 1, 1719957122, '43', 'paragraph', 'field_icon_button', 'a:0:{}', 1, 1),
(43, 76, 'en', 1, 1719957122, '48', 'paragraph', 'field_pt2_s2', 'a:0:{}', 1, 1),
(44, 77, 'en', 1, 1719957122, '48', 'paragraph', 'field_pt2_s3', 'a:0:{}', 1, 1),
(45, 78, 'en', 1, 1719957122, '48', 'paragraph', 'field_pt2_s3', 'a:0:{}', 1, 1),
(46, 79, 'en', 1, 1719957122, '48', 'paragraph', 'field_pt2_s3', 'a:0:{}', 1, 1),
(47, 80, 'en', 1, 1719957122, '48', 'paragraph', 'field_pt2_s3', 'a:0:{}', 1, 1),
(48, 81, 'en', 1, 1719957122, '18', 'node', 'field_page_content', 'a:0:{}', 1, 1),
(49, 82, 'en', 1, 1719947477, '25', 'node', 'field_bnr_callout', 'a:0:{}', 1, 1),
(50, 83, 'en', 1, 1719960150, '25', 'node', 'field_page_content', 'a:0:{}', 1, 1),
(49, 84, 'en', 1, 1719947477, '25', 'node', 'field_bnr_callout', 'a:0:{}', 1, NULL),
(51, 85, 'en', 1, 1719961877, '25', 'node', 'field_page_content', 'a:0:{}', 1, 1),
(50, 86, 'en', 1, 1719960150, '25', 'node', 'field_page_content', 'a:0:{}', 1, NULL),
(52, 87, 'en', 1, 1719965666, '16', 'node', 'field_page_content', 'a:0:{}', 1, 1),
(52, 88, 'en', 1, 1719965666, '16', 'node', 'field_page_content', 'a:0:{}', 1, NULL),
(53, 89, 'en', 1, 1719965666, '16', 'node', 'field_page_content', 'a:0:{}', 1, 1),
(52, 90, 'en', 1, 1719965666, '16', 'node', 'field_page_content', 'a:0:{}', 1, 1),
(53, 91, 'en', 1, 1719965666, '16', 'node', 'field_page_content', 'a:0:{}', 1, 1),
(54, 92, 'en', 1, 1719965814, '16', 'node', 'field_page_content', 'a:0:{}', 1, 1),
(55, 93, 'en', 1, 1719965826, '16', 'node', 'field_page_content', 'a:0:{}', 1, 1),
(56, 94, 'en', 1, 1719965844, '16', 'node', 'field_page_content', 'a:0:{}', 1, 1),
(52, 95, 'en', 1, 1719965666, '16', 'node', 'field_page_content', 'a:0:{}', 1, NULL),
(53, 96, 'en', 1, 1719965666, '16', 'node', 'field_page_content', 'a:0:{}', 1, NULL),
(54, 97, 'en', 1, 1719965814, '16', 'node', 'field_page_content', 'a:0:{}', 1, NULL),
(55, 98, 'en', 1, 1719965826, '16', 'node', 'field_page_content', 'a:0:{}', 1, NULL),
(57, 99, 'en', 1, 1719965900, '16', 'node', 'field_page_content', 'a:0:{}', 1, 1),
(56, 100, 'en', 1, 1719965844, '16', 'node', 'field_page_content', 'a:0:{}', 1, 1),
(58, 101, 'en', 1, 1719965916, '16', 'node', 'field_page_content', 'a:0:{}', 1, 1),
(59, 102, 'en', 1, 1719965926, '16', 'node', 'field_page_content', 'a:0:{}', 1, 1),
(52, 103, 'en', 1, 1719965666, '16', 'node', 'field_page_content', 'a:0:{}', 1, NULL),
(53, 104, 'en', 1, 1719965666, '16', 'node', 'field_page_content', 'a:0:{}', 1, NULL),
(54, 105, 'en', 1, 1719965814, '16', 'node', 'field_page_content', 'a:0:{}', 1, NULL),
(55, 106, 'en', 1, 1719965826, '16', 'node', 'field_page_content', 'a:0:{}', 1, NULL),
(57, 107, 'en', 1, 1719965900, '16', 'node', 'field_page_content', 'a:0:{}', 1, NULL),
(56, 108, 'en', 1, 1719965844, '16', 'node', 'field_page_content', 'a:0:{}', 1, NULL),
(58, 109, 'en', 1, 1719965916, '16', 'node', 'field_page_content', 'a:0:{}', 1, NULL),
(59, 110, 'en', 1, 1719965926, '16', 'node', 'field_page_content', 'a:0:{}', 1, NULL),
(60, 111, 'en', 1, 1719965984, '16', 'node', 'field_page_content', 'a:0:{}', 1, 1),
(61, 112, 'en', 1, 1719965991, '16', 'node', 'field_page_content', 'a:0:{}', 1, 1),
(62, 113, 'en', 1, 1719966002, '16', 'node', 'field_page_content', 'a:0:{}', 1, 1),
(63, 114, 'en', 1, 1719966010, '16', 'node', 'field_page_content', 'a:0:{}', 1, 1),
(52, 115, 'en', 1, 1719965666, '16', 'node', 'field_page_content', 'a:0:{}', 1, NULL),
(53, 116, 'en', 1, 1719965666, '16', 'node', 'field_page_content', 'a:0:{}', 1, NULL),
(54, 117, 'en', 1, 1719965814, '16', 'node', 'field_page_content', 'a:0:{}', 1, NULL),
(55, 118, 'en', 1, 1719965826, '16', 'node', 'field_page_content', 'a:0:{}', 1, NULL),
(57, 119, 'en', 1, 1719965900, '16', 'node', 'field_page_content', 'a:0:{}', 1, NULL),
(56, 120, 'en', 1, 1719965844, '16', 'node', 'field_page_content', 'a:0:{}', 1, NULL),
(58, 121, 'en', 1, 1719965916, '16', 'node', 'field_page_content', 'a:0:{}', 1, NULL),
(59, 122, 'en', 1, 1719965926, '16', 'node', 'field_page_content', 'a:0:{}', 1, NULL),
(60, 123, 'en', 1, 1719965984, '16', 'node', 'field_page_content', 'a:0:{}', 1, NULL),
(61, 124, 'en', 1, 1719965991, '16', 'node', 'field_page_content', 'a:0:{}', 1, NULL),
(62, 125, 'en', 1, 1719966002, '16', 'node', 'field_page_content', 'a:0:{}', 1, NULL),
(63, 126, 'en', 1, 1719966010, '16', 'node', 'field_page_content', 'a:0:{}', 1, NULL),
(64, 127, 'en', 1, 1719966032, '16', 'node', 'field_page_content', 'a:0:{}', 1, 1),
(52, 128, 'en', 1, 1719965666, '16', 'node', 'field_page_content', 'a:0:{}', 1, NULL),
(53, 129, 'en', 1, 1719965666, '16', 'node', 'field_page_content', 'a:0:{}', 1, NULL),
(54, 130, 'en', 1, 1719965814, '16', 'node', 'field_page_content', 'a:0:{}', 1, NULL),
(55, 131, 'en', 1, 1719965826, '16', 'node', 'field_page_content', 'a:0:{}', 1, NULL),
(57, 132, 'en', 1, 1719965900, '16', 'node', 'field_page_content', 'a:0:{}', 1, NULL),
(56, 133, 'en', 1, 1719965844, '16', 'node', 'field_page_content', 'a:0:{}', 1, NULL),
(58, 134, 'en', 1, 1719965916, '16', 'node', 'field_page_content', 'a:0:{}', 1, NULL),
(59, 135, 'en', 1, 1719965926, '16', 'node', 'field_page_content', 'a:0:{}', 1, NULL),
(60, 136, 'en', 1, 1719965984, '16', 'node', 'field_page_content', 'a:0:{}', 1, NULL),
(61, 137, 'en', 1, 1719965991, '16', 'node', 'field_page_content', 'a:0:{}', 1, NULL),
(62, 138, 'en', 1, 1719966002, '16', 'node', 'field_page_content', 'a:0:{}', 1, NULL),
(63, 139, 'en', 1, 1719966010, '16', 'node', 'field_page_content', 'a:0:{}', 1, NULL),
(64, 140, 'en', 1, 1719966032, '16', 'node', 'field_page_content', 'a:0:{}', 1, NULL),
(65, 141, 'en', 1, 1719966053, '16', 'node', 'field_page_content', 'a:0:{}', 1, 1),
(66, 142, 'en', 1, 1719966062, '69', 'paragraph', 'field_p', 'a:0:{}', 1, 1),
(67, 143, 'en', 1, 1719966062, '69', 'paragraph', 'field_p', 'a:0:{}', 1, 1),
(68, 144, 'en', 1, 1719966075, '69', 'paragraph', 'field_p', 'a:0:{}', 1, 1),
(69, 145, 'en', 1, 1719966061, '16', 'node', 'field_page_content', 'a:0:{}', 1, 1),
(70, 146, 'en', 1, 1719966162, '16', 'node', 'field_page_content', 'a:0:{}', 1, 1),
(71, 147, 'en', 1, 1719968396, '9', 'node', 'field_page_content', 'a:0:{}', 1, 1),
(72, 148, 'en', 1, 1719968396, '9', 'node', 'field_page_content', 'a:0:{}', 1, 1),
(71, 149, 'en', 1, 1719968396, '9', 'node', 'field_page_content', 'a:0:{}', 1, NULL),
(72, 150, 'en', 1, 1719968396, '9', 'node', 'field_page_content', 'a:0:{}', 1, NULL),
(73, 151, 'en', 1, 1719968439, '9', 'node', 'field_page_content', 'a:0:{}', 1, 1),
(74, 152, 'en', 1, 1719968448, '9', 'node', 'field_page_content', 'a:0:{}', 1, 1),
(75, 153, 'en', 1, 1719968472, '9', 'node', 'field_page_content', 'a:0:{}', 1, 1),
(76, 154, 'en', 1, 1719968481, '9', 'node', 'field_page_content', 'a:0:{}', 1, 1),
(77, 155, 'en', 1, 1719968495, '9', 'node', 'field_page_content', 'a:0:{}', 1, 1),
(78, 156, 'en', 1, 1719968503, '9', 'node', 'field_page_content', 'a:0:{}', 1, 1),
(79, 157, 'en', 1, 1719968525, '9', 'node', 'field_page_content', 'a:0:{}', 1, 1),
(80, 158, 'en', 1, 1719968532, '9', 'node', 'field_page_content', 'a:0:{}', 1, 1),
(81, 159, 'en', 1, 1719968551, '9', 'node', 'field_page_content', 'a:0:{}', 1, 1),
(82, 160, 'en', 1, 1719968558, '9', 'node', 'field_page_content', 'a:0:{}', 1, 1),
(83, 161, 'en', 1, 1719968577, '9', 'node', 'field_page_content', 'a:0:{}', 1, 1),
(84, 162, 'en', 1, 1719968610, '9', 'node', 'field_page_content', 'a:0:{}', 1, 1),
(85, 163, 'en', 1, 1719968587, '87', 'paragraph', 'field_p', 'a:0:{}', 1, 1),
(86, 164, 'en', 1, 1719968587, '87', 'paragraph', 'field_p', 'a:0:{}', 1, 1),
(87, 165, 'en', 1, 1719968584, '9', 'node', 'field_page_content', 'a:0:{}', 1, 1),
(88, 166, 'en', 1, 1719968604, '9', 'node', 'field_page_content', 'a:0:{}', 1, 1),
(71, 167, 'en', 1, 1719968396, '9', 'node', 'field_page_content', 'a:0:{}', 1, NULL),
(72, 168, 'en', 1, 1719968396, '9', 'node', 'field_page_content', 'a:0:{}', 1, NULL),
(73, 169, 'en', 1, 1719968439, '9', 'node', 'field_page_content', 'a:0:{}', 1, NULL),
(74, 170, 'en', 1, 1719968448, '9', 'node', 'field_page_content', 'a:0:{}', 1, NULL),
(75, 171, 'en', 1, 1719968472, '9', 'node', 'field_page_content', 'a:0:{}', 1, NULL),
(76, 172, 'en', 1, 1719968481, '9', 'node', 'field_page_content', 'a:0:{}', 1, NULL),
(77, 173, 'en', 1, 1719968495, '9', 'node', 'field_page_content', 'a:0:{}', 1, NULL),
(78, 174, 'en', 1, 1719968503, '9', 'node', 'field_page_content', 'a:0:{}', 1, NULL),
(79, 175, 'en', 1, 1719968525, '9', 'node', 'field_page_content', 'a:0:{}', 1, NULL),
(80, 176, 'en', 1, 1719968532, '9', 'node', 'field_page_content', 'a:0:{}', 1, NULL),
(81, 177, 'en', 1, 1719968551, '9', 'node', 'field_page_content', 'a:0:{}', 1, NULL),
(82, 178, 'en', 1, 1719968558, '9', 'node', 'field_page_content', 'a:0:{}', 1, NULL),
(83, 179, 'en', 1, 1719968577, '9', 'node', 'field_page_content', 'a:0:{}', 1, NULL),
(84, 180, 'en', 1, 1719968610, '9', 'node', 'field_page_content', 'a:0:{}', 1, NULL),
(85, 181, 'en', 1, 1719968587, '87', 'paragraph', 'field_p', 'a:0:{}', 1, NULL),
(86, 182, 'en', 1, 1719968587, '87', 'paragraph', 'field_p', 'a:0:{}', 1, NULL),
(87, 183, 'en', 1, 1719968584, '9', 'node', 'field_page_content', 'a:0:{}', 1, NULL),
(88, 184, 'en', 1, 1719968604, '9', 'node', 'field_page_content', 'a:0:{}', 1, NULL),
(89, 185, 'en', 1, 1719970865, '92', 'paragraph', 'field_p', 'a:0:{}', 1, 1),
(90, 186, 'en', 1, 1719970865, '92', 'paragraph', 'field_p', 'a:0:{}', 1, 1),
(91, 187, 'en', 1, 1719970865, '92', 'paragraph', 'field_p', 'a:0:{}', 1, 1),
(92, 188, 'en', 1, 1719970858, '101', 'paragraph', 'field_p', 'a:0:{}', 1, 1),
(93, 189, 'en', 1, 1719970865, '96', 'paragraph', 'field_p', 'a:0:{}', 1, 1),
(94, 190, 'en', 1, 1719970865, '96', 'paragraph', 'field_p', 'a:0:{}', 1, 1),
(95, 191, 'en', 1, 1719970865, '96', 'paragraph', 'field_p', 'a:0:{}', 1, 1),
(96, 192, 'en', 1, 1719970858, '101', 'paragraph', 'field_p', 'a:0:{}', 1, 1),
(97, 193, 'en', 1, 1719970865, '100', 'paragraph', 'field_p', 'a:0:{}', 1, 1),
(98, 194, 'en', 1, 1719970865, '100', 'paragraph', 'field_p', 'a:0:{}', 1, 1),
(99, 195, 'en', 1, 1719970865, '100', 'paragraph', 'field_p', 'a:0:{}', 1, 1),
(100, 196, 'en', 1, 1719970858, '101', 'paragraph', 'field_p', 'a:0:{}', 1, 1),
(101, 197, 'en', 1, 1719970858, '24', 'node', 'field_page_content', 'a:0:{}', 1, 1),
(102, 198, 'en', 1, 1720133911, '26', 'node', 'field_bnr_callout', 'a:0:{}', 1, 1),
(102, 199, 'en', 1, 1720133911, '26', 'node', 'field_bnr_callout', 'a:0:{}', 1, NULL),
(103, 200, 'en', 1, 1720134561, '26', 'node', 'field_page_content', 'a:0:{}', 1, 1),
(102, 201, 'en', 1, 1720133911, '26', 'node', 'field_bnr_callout', 'a:0:{}', 1, NULL),
(103, 202, 'en', 1, 1720134561, '26', 'node', 'field_page_content', 'a:0:{}', 1, 1);

-- --------------------------------------------------------

--
